{"id":15074,"date":"2025-03-17T11:18:20","date_gmt":"2025-03-17T11:18:20","guid":{"rendered":"https:\/\/www.sunkaraoke.hu\/?post_type=product&#038;p=15074"},"modified":"2025-03-17T11:19:27","modified_gmt":"2025-03-17T11:19:27","slug":"zambo-jimmy-szomoru-almodozo-2025-new","status":"publish","type":"product","link":"https:\/\/www.sunkaraoke.hu\/index.php\/termek\/zambo-jimmy-szomoru-almodozo-2025-new\/","title":{"rendered":"<div class=\"wcmp-player-container product-15074\"><audio controlslist=\"nodownload\" data-product=\"15074\"  volume=\"1\"  preload=\"none\" data-lazyloading=\"none\" class=\"wcmp-player track mejs-classic\" data-duration=\"0:31\" data-estimated_duration=\"4\"><source src=\"https:\/\/www.sunkaraoke.hu\/wp-content\/uploads\/2025\/03\/Szomoru-almodozo-TrSz-2025.-New_demo.mp3\" type=\"audio\/mp3\" \/><\/audio><\/div>Z\u00e1mb\u00f3 Jimmy &#8211; Szomor\u00fa \u00e1lmodoz\u00f3 2025. NEW"},"content":{"rendered":"<p><strong>03:07<\/strong>\u00a0| <strong><img loading=\"lazy\" decoding=\"async\" class=\"alignnone size-full wp-image-467\" src=\"https:\/\/www.sunkaraoke.hu\/wp-content\/uploads\/2022\/07\/choir_2-copy.webp\" alt=\"\" width=\"30\" height=\"30\" \/> <strong> | <img loading=\"lazy\" decoding=\"async\" class=\"alignnone size-full wp-image-613\" src=\"https:\/\/www.sunkaraoke.hu\/wp-content\/uploads\/2022\/07\/transzponalas.webp\" alt=\"\" width=\"30\" height=\"30\" \/> <\/strong><strong>-4<\/strong><\/strong><\/p>\n","protected":false},"excerpt":{"rendered":"<h6><strong>Bits\u0171r\u0171s\u00e9g: 320kb\/s<\/strong><br \/>\n<strong>Hossz: 03:07<\/strong><br \/>\n<strong>Vok\u00e1lt tartalmaz: Nem <img loading=\"lazy\" decoding=\"async\" class=\"alignnone size-full wp-image-467\" src=\"http:\/\/www.sunkaraoke.hu\/wp-content\/uploads\/2022\/07\/choir_2-copy.png\" alt=\"\" width=\"30\" height=\"30\" \/><\/strong><br \/>\n<strong>Transzpon\u00e1l\u00e1s: <img loading=\"lazy\" decoding=\"async\" class=\"alignnone size-full wp-image-613\" src=\"http:\/\/www.sunkaraoke.hu\/wp-content\/uploads\/2022\/07\/transzponalas.png\" alt=\"\" width=\"30\" height=\"30\" \/> -4<\/strong><\/h6>\n<p>Sunkaraoke mp3 st\u00fadi\u00f3 \/ www.sunkaraoke.hu \/ Inf: Tel: 06 20 4275001<\/p>\n<p>&#8212;Intr\u00f3&#8212;<br \/>\nAzt hittem m\u00falnak az \u00e1lmok, hogy elj\u00f6tt\u00e9l,<br \/>\nazt hittem m\u00falik a b\u00e1nat, \u00e9s v\u00e9get \u00e9r.<br \/>\nM\u00e9rt van hogy \u00fajra meg \u00fajra, \u00e9rzem m\u00e9g,<br \/>\nazt hittem nem n\u00e9zek vissza, de nincs mi\u00e9rt.<br \/>\nEgy szomor\u00fa \u00e1lmodoz\u00f3, az vagyok \u00e9n, melletted,<br \/>\negy szomor\u00fa \u00e1lmodoz\u00f3, az lettem \u00e9n, csak \u00e9rezn\u00e9d.<br \/>\nItt vagy \u00e9s m\u00e9gis oly t\u00e1vol a sz\u00edvemt\u0151l,<br \/>\nezt \u00e9rzem \u00e9s \u00fajra meg \u00fajra, meggy\u00f6t\u00f6r.<br \/>\nAzt hittem m\u00falik a b\u00e1nat, ha elj\u00f6ssz majd,<br \/>\n\u00e9s \u00e1lmodom \u00fajra meg \u00fajra, ez r\u00e9gen tart.<br \/>\nEgy szomor\u00fa \u00e1lmodoz\u00f3, az vagyok \u00e9n, melletted,<br \/>\negy szomor\u00fa \u00e1lmodoz\u00f3, az lettem \u00e9n, csak \u00e9rezn\u00e9d.<br \/>\n&#8212;Sz\u00f3l\u00f3&#8212;<br \/>\nMit\u0151l is m\u00falik a b\u00e1nat, tudnod kell,<br \/>\n\u00f6lelj \u00fagy n\u00e9ha mint r\u00e9gen, \u00e9s kergess el.<br \/>\nMit\u0151l is sz\u00e9p ez az \u0151r\u00fclt \u00e9letem,<br \/>\nmeg\u00e9rted egyszer, nem f\u00e1j semmi sem!<br \/>\nEgy szomor\u00fa \u00e1lmodoz\u00f3, az vagyok \u00e9n, melletted,<br \/>\negy szomor\u00fa \u00e1lmodoz\u00f3, az lettem \u00e9n, csak \u00e9rezn\u00e9d.<br \/>\nEgy szomor\u00fa \u00e1lmodoz\u00f3, az vagyok \u00e9n, melletted,<br \/>\negy szomor\u00fa \u00e1lmodoz\u00f3, az lettem \u00e9n, csak \u00e9rezn\u00e9d.<br \/>\n&#8212;V\u00e9ge&#8212;<\/p>\n","protected":false},"featured_media":9274,"template":"","meta":{"site-sidebar-layout":"default","site-content-layout":"default","ast-site-content-layout":"default","site-content-style":"default","site-sidebar-style":"default","ast-global-header-display":"","ast-banner-title-visibility":"","ast-main-header-display":"","ast-hfb-above-header-display":"","ast-hfb-below-header-display":"","ast-hfb-mobile-header-display":"","site-post-title":"","ast-breadcrumbs-content":"","ast-featured-img":"","footer-sml-layout":"","theme-transparent-header-meta":"default","adv-header-id-meta":"","stick-header-meta":"","header-above-stick-meta":"","header-main-stick-meta":"","header-below-stick-meta":"","astra-migrate-meta-layouts":"set","ast-page-background-enabled":"default","ast-page-background-meta":{"desktop":{"background-color":"var(--ast-global-color-4)","background-image":"","background-repeat":"repeat","background-position":"center center","background-size":"auto","background-attachment":"scroll","background-type":"","background-media":"","overlay-type":"","overlay-color":"","overlay-opacity":"","overlay-gradient":""},"tablet":{"background-color":"","background-image":"","background-repeat":"repeat","background-position":"center center","background-size":"auto","background-attachment":"scroll","background-type":"","background-media":"","overlay-type":"","overlay-color":"","overlay-opacity":"","overlay-gradient":""},"mobile":{"background-color":"","background-image":"","background-repeat":"repeat","background-position":"center center","background-size":"auto","background-attachment":"scroll","background-type":"","background-media":"","overlay-type":"","overlay-color":"","overlay-opacity":"","overlay-gradient":""}},"ast-content-background-meta":{"desktop":{"background-color":"var(--ast-global-color-5)","background-image":"","background-repeat":"repeat","background-position":"center center","background-size":"auto","background-attachment":"scroll","background-type":"","background-media":"","overlay-type":"","overlay-color":"","overlay-opacity":"","overlay-gradient":""},"tablet":{"background-color":"var(--ast-global-color-5)","background-image":"","background-repeat":"repeat","background-position":"center center","background-size":"auto","background-attachment":"scroll","background-type":"","background-media":"","overlay-type":"","overlay-color":"","overlay-opacity":"","overlay-gradient":""},"mobile":{"background-color":"var(--ast-global-color-5)","background-image":"","background-repeat":"repeat","background-position":"center center","background-size":"auto","background-attachment":"scroll","background-type":"","background-media":"","overlay-type":"","overlay-color":"","overlay-opacity":"","overlay-gradient":""}}},"product_cat":[48],"product_tag":[],"class_list":["post-15074","product","type-product","status-publish","has-post-thumbnail","hentry","product_cat-sunkaraoke-dalok","desktop-align-left","tablet-align-left","mobile-align-left"],"_links":{"self":[{"href":"https:\/\/www.sunkaraoke.hu\/index.php\/wp-json\/wp\/v2\/product\/15074","targetHints":{"allow":["GET"]}}],"collection":[{"href":"https:\/\/www.sunkaraoke.hu\/index.php\/wp-json\/wp\/v2\/product"}],"about":[{"href":"https:\/\/www.sunkaraoke.hu\/index.php\/wp-json\/wp\/v2\/types\/product"}],"wp:featuredmedia":[{"embeddable":true,"href":"https:\/\/www.sunkaraoke.hu\/index.php\/wp-json\/wp\/v2\/media\/9274"}],"wp:attachment":[{"href":"https:\/\/www.sunkaraoke.hu\/index.php\/wp-json\/wp\/v2\/media?parent=15074"}],"wp:term":[{"taxonomy":"product_cat","embeddable":true,"href":"https:\/\/www.sunkaraoke.hu\/index.php\/wp-json\/wp\/v2\/product_cat?post=15074"},{"taxonomy":"product_tag","embeddable":true,"href":"https:\/\/www.sunkaraoke.hu\/index.php\/wp-json\/wp\/v2\/product_tag?post=15074"}],"curies":[{"name":"wp","href":"https:\/\/api.w.org\/{rel}","templated":true}]}}