{"id":15027,"date":"2025-03-05T16:34:55","date_gmt":"2025-03-05T16:34:55","guid":{"rendered":"https:\/\/www.sunkaraoke.hu\/?post_type=product&#038;p=15027"},"modified":"2025-03-05T16:36:33","modified_gmt":"2025-03-05T16:36:33","slug":"jerzsele-zoltan-jerzsele-mulatos-mix-16","status":"publish","type":"product","link":"https:\/\/www.sunkaraoke.hu\/index.php\/termek\/jerzsele-zoltan-jerzsele-mulatos-mix-16\/","title":{"rendered":"<div class=\"wcmp-player-container product-15027\"><audio controlslist=\"nodownload\" data-product=\"15027\"  volume=\"1\"  preload=\"none\" data-lazyloading=\"none\" class=\"wcmp-player track mejs-classic\" data-duration=\"0:34\" data-estimated_duration=\"4\"><source src=\"https:\/\/www.sunkaraoke.hu\/wp-content\/uploads\/2025\/03\/A-dabasi-Cudar_demo.mp3\" type=\"audio\/mp3\" \/><\/audio><\/div>Jerzsele Zolt\u00e1n- Jerzsele Mulat\u00f3s Mix 16."},"content":{"rendered":"<p><b>06:55<\/b>\u00a0<strong><img loading=\"lazy\" decoding=\"async\" class=\"alignnone size-full wp-image-467\" src=\"https:\/\/www.sunkaraoke.hu\/wp-content\/uploads\/2022\/07\/choir_2-copy.webp\" alt=\"\" width=\"30\" height=\"30\" \/> <\/strong><\/p>\n","protected":false},"excerpt":{"rendered":"<h6><strong>Bits\u0171r\u0171s\u00e9g: 320 kb\/s<\/strong><br \/>\n<strong>Hossz: 06:55<\/strong><\/h6>\n<h6><strong>Vok\u00e1lt tartalmaz: Nem<\/strong> <img loading=\"lazy\" decoding=\"async\" class=\"alignnone size-full wp-image-467\" src=\"http:\/\/www.sunkaraoke.hu\/wp-content\/uploads\/2022\/07\/choir_2-copy.png\" alt=\"\" width=\"30\" height=\"30\" \/><strong style=\"font-size: 16px;\"><br \/>\n<\/strong><\/h6>\n<p>Sunkaraoke mp3 st\u00fadi\u00f3 \/ www.sunkaraoke.hu \/ Inf: Tel: 06 20 4275001<\/p>\n<p>&#8212;Intr\u00f3&#8212;<br \/>\nA dabasi, a dabasi templom tetej\u00e9re,<br \/>\nr\u00e1sz\u00e1llott egy holl\u00f3 tiszta feket\u00e9be.<br \/>\nSz\u00e1rnya alatt jaj de aranyos a tolla,<br \/>\nmost vagyok a, most vagyok a legszebb leg\u00e9ny sorba.<br \/>\nSz\u00e1rnya alatt jaj de aranyos a tolla,<br \/>\nmost vagyok a, most vagyok a legszebb leg\u00e9ny sorba.<br \/>\nA dabasi falu v\u00e9gin \u00e1ll egy cserepes h\u00e1z,<br \/>\narra j\u00e1rok m\u00e9g a sz\u00edvem is f\u00e1j.<br \/>\nValah\u00e1nyszor arra megyek el el\u0151tte,<br \/>\nmindannyiszor kisangyalom, csak te j\u00e1rsz az eszembe.<br \/>\nValah\u00e1nyszor arra megyek el el\u0151tte,<br \/>\nmindannyiszor kisangyalom, csak te j\u00e1rsz az eszembe.<br \/>\n&#8212;Sz\u00f3l\u00f3&#8212;<br \/>\nA dabasi, a dabasi templom tetej\u00e9re,<br \/>\nr\u00e1sz\u00e1llott egy holl\u00f3 tiszta feket\u00e9be.<br \/>\nSz\u00e1rnya alatt jaj de aranyos a tolla,<br \/>\nmost vagyok a, most vagyok a legszebb leg\u00e9ny sorba.<br \/>\nSz\u00e1rnya alatt jaj de aranyos a tolla,<br \/>\nmost vagyok a, most vagyok a legszebb leg\u00e9ny sorba.<br \/>\nA dabasi falu v\u00e9gin \u00e1ll egy cserepes h\u00e1z,<br \/>\narra j\u00e1rok m\u00e9g a sz\u00edvem is f\u00e1j.<br \/>\nValah\u00e1nyszor arra megyek el el\u0151tte,<br \/>\nmindannyiszor kisangyalom, csak te j\u00e1rsz az eszembe.<br \/>\nValah\u00e1nyszor arra megyek el el\u0151tte,<br \/>\nmindannyiszor kisangyalom, csak te j\u00e1rsz az eszembe!<br \/>\n&#8212;Sz\u00f3l\u00f3&#8212;<br \/>\nCudar ez a vil\u00e1g mindig keres hib\u00e1t, azt a ragyog\u00f3j\u00e1t!<br \/>\nBesz\u00e9lik, hogy iszom \u00e9s gyakran h\u00fazatom hajnalig a n\u00f3t\u00e1t.<br \/>\nSzememnek is van egy v\u00e9tke, r\u00e1kacsint a menyecsk\u00e9re.<br \/>\nNincsen egy\u00e9b hib\u00e1m, szeret is a bab\u00e1m, azt a ragyog\u00f3j\u00e1t!<br \/>\nSzememnek is van egy v\u00e9tke, r\u00e1kacsint a menyecsk\u00e9re.<br \/>\nNincsen egy\u00e9b hib\u00e1m, szeret is a bab\u00e1m, azt a ragyog\u00f3j\u00e1t!<br \/>\n&#8212;Sz\u00f3l\u00f3&#8212;<br \/>\nEddig minden bab\u00e1m az els\u0151 cs\u00f3k ut\u00e1n m\u00e1r a sz\u00edvem k\u00e9rte.<br \/>\nDe most a tizedik nem \u00e1d cs\u00f3kot, pedig f\u00e1j a sz\u00edvem \u00e9rte.<br \/>\nAzt mondja, a sz\u00edve f\u00e1zik, mer&#8217; a torkom bort\u00f3l \u00e1zik.<br \/>\nMegjavulok teh\u00e1t, vizet iszok bab\u00e1m, azt a ragyog\u00f3j\u00e1t!<br \/>\nAzt mondja, a sz\u00edve f\u00e1zik, mer&#8217; a torkom bort\u00f3l \u00e1zik.<br \/>\nMegjavulok teh\u00e1t, vizet iszok bab\u00e1m, azt a ragyog\u00f3j\u00e1t!<br \/>\n&#8212;Sz\u00f3l\u00f3&#8212;<br \/>\nCudar ez a vil\u00e1g mindig keres hib\u00e1t, azt a ragyog\u00f3j\u00e1t!<br \/>\nBesz\u00e9lik, hogy iszom \u00e9s gyakran h\u00fazatom hajnalig a n\u00f3t\u00e1t.<br \/>\nSzememnek is van egy v\u00e9tke, r\u00e1kacsint a menyecsk\u00e9re.<br \/>\nNincsen egy\u00e9b hib\u00e1m, szeret is a bab\u00e1m, azt a ragyog\u00f3j\u00e1t!<br \/>\nSzememnek is van egy v\u00e9tke, r\u00e1kacsint a menyecsk\u00e9re.<br \/>\nNincsen egy\u00e9b hib\u00e1m, szeret is a bab\u00e1m, azt a ragyog\u00f3j\u00e1t!<br \/>\n-V\u00e9ge!<\/p>\n","protected":false},"featured_media":9772,"template":"","meta":{"site-sidebar-layout":"default","site-content-layout":"default","ast-site-content-layout":"default","site-content-style":"default","site-sidebar-style":"default","ast-global-header-display":"","ast-banner-title-visibility":"","ast-main-header-display":"","ast-hfb-above-header-display":"","ast-hfb-below-header-display":"","ast-hfb-mobile-header-display":"","site-post-title":"","ast-breadcrumbs-content":"","ast-featured-img":"","footer-sml-layout":"","theme-transparent-header-meta":"default","adv-header-id-meta":"","stick-header-meta":"","header-above-stick-meta":"","header-main-stick-meta":"","header-below-stick-meta":"","astra-migrate-meta-layouts":"set","ast-page-background-enabled":"default","ast-page-background-meta":{"desktop":{"background-color":"var(--ast-global-color-4)","background-image":"","background-repeat":"repeat","background-position":"center center","background-size":"auto","background-attachment":"scroll","background-type":"","background-media":"","overlay-type":"","overlay-color":"","overlay-opacity":"","overlay-gradient":""},"tablet":{"background-color":"","background-image":"","background-repeat":"repeat","background-position":"center center","background-size":"auto","background-attachment":"scroll","background-type":"","background-media":"","overlay-type":"","overlay-color":"","overlay-opacity":"","overlay-gradient":""},"mobile":{"background-color":"","background-image":"","background-repeat":"repeat","background-position":"center center","background-size":"auto","background-attachment":"scroll","background-type":"","background-media":"","overlay-type":"","overlay-color":"","overlay-opacity":"","overlay-gradient":""}},"ast-content-background-meta":{"desktop":{"background-color":"var(--ast-global-color-5)","background-image":"","background-repeat":"repeat","background-position":"center center","background-size":"auto","background-attachment":"scroll","background-type":"","background-media":"","overlay-type":"","overlay-color":"","overlay-opacity":"","overlay-gradient":""},"tablet":{"background-color":"var(--ast-global-color-5)","background-image":"","background-repeat":"repeat","background-position":"center center","background-size":"auto","background-attachment":"scroll","background-type":"","background-media":"","overlay-type":"","overlay-color":"","overlay-opacity":"","overlay-gradient":""},"mobile":{"background-color":"var(--ast-global-color-5)","background-image":"","background-repeat":"repeat","background-position":"center center","background-size":"auto","background-attachment":"scroll","background-type":"","background-media":"","overlay-type":"","overlay-color":"","overlay-opacity":"","overlay-gradient":""}}},"product_cat":[75],"product_tag":[],"class_list":["post-15027","product","type-product","status-publish","has-post-thumbnail","hentry","product_cat-jerzsele-zoltan","desktop-align-left","tablet-align-left","mobile-align-left"],"_links":{"self":[{"href":"https:\/\/www.sunkaraoke.hu\/index.php\/wp-json\/wp\/v2\/product\/15027","targetHints":{"allow":["GET"]}}],"collection":[{"href":"https:\/\/www.sunkaraoke.hu\/index.php\/wp-json\/wp\/v2\/product"}],"about":[{"href":"https:\/\/www.sunkaraoke.hu\/index.php\/wp-json\/wp\/v2\/types\/product"}],"wp:featuredmedia":[{"embeddable":true,"href":"https:\/\/www.sunkaraoke.hu\/index.php\/wp-json\/wp\/v2\/media\/9772"}],"wp:attachment":[{"href":"https:\/\/www.sunkaraoke.hu\/index.php\/wp-json\/wp\/v2\/media?parent=15027"}],"wp:term":[{"taxonomy":"product_cat","embeddable":true,"href":"https:\/\/www.sunkaraoke.hu\/index.php\/wp-json\/wp\/v2\/product_cat?post=15027"},{"taxonomy":"product_tag","embeddable":true,"href":"https:\/\/www.sunkaraoke.hu\/index.php\/wp-json\/wp\/v2\/product_tag?post=15027"}],"curies":[{"name":"wp","href":"https:\/\/api.w.org\/{rel}","templated":true}]}}