{"id":14942,"date":"2025-02-18T13:53:22","date_gmt":"2025-02-18T13:53:22","guid":{"rendered":"https:\/\/www.sunkaraoke.hu\/?post_type=product&#038;p=14942"},"modified":"2025-02-18T13:55:53","modified_gmt":"2025-02-18T13:55:53","slug":"piros-bela-a-koldus-2025-new","status":"publish","type":"product","link":"https:\/\/www.sunkaraoke.hu\/index.php\/termek\/piros-bela-a-koldus-2025-new\/","title":{"rendered":"<div class=\"wcmp-player-container product-14942\"><audio controlslist=\"nodownload\" data-product=\"14942\"  volume=\"1\"  preload=\"none\" data-lazyloading=\"none\" class=\"wcmp-player track mejs-classic\" data-duration=\"0:31\" data-estimated_duration=\"4\"><source src=\"https:\/\/www.sunkaraoke.hu\/wp-content\/uploads\/2025\/02\/A-koldus-2025.-New-PB._demo.mp3\" type=\"audio\/mp3\" \/><\/audio><\/div>Piros B\u00e9la &#8211; A koldus 2025. NEW"},"content":{"rendered":"<p><b>03:06<\/b>| <strong><img loading=\"lazy\" decoding=\"async\" class=\"alignnone size-full wp-image-467\" src=\"https:\/\/www.sunkaraoke.hu\/wp-content\/uploads\/2022\/07\/choir_2-copy.webp\" alt=\"\" width=\"30\" height=\"30\" \/> <\/strong><\/p>\n","protected":false},"excerpt":{"rendered":"<h6><strong>Bits\u0171r\u0171s\u00e9g: 320kb\/s<\/strong><br \/>\n<strong>Hossz: 03:06<\/strong><br \/>\n<strong>Vok\u00e1lt tartalmaz: Nem <img loading=\"lazy\" decoding=\"async\" class=\"alignnone size-full wp-image-467\" src=\"http:\/\/www.sunkaraoke.hu\/wp-content\/uploads\/2022\/07\/choir_2-copy.png\" alt=\"\" width=\"30\" height=\"30\" \/><\/strong><strong style=\"font-size: 16px;\"><br \/>\n<\/strong><\/h6>\n<p>Sunkaraoke mp3 st\u00fadi\u00f3 \/ www.sunkaraoke.hu \/ Inf: Tel: 06 20 4275001<\/p>\n<p>&#8212;Intr\u00f3&#8212;<br \/>\nEgy koldus az utc\u00e1n a kezemhez \u00e9rt,<br \/>\nremeg\u0151 kez\u00e9vel valamit k\u00e9rt.<br \/>\nL\u00e1ttam hogy csal\u00f3dott, s boldogtalan!<br \/>\nNem volt egy fill\u00e9rem,sem sz\u00e9gyeltem magam!<br \/>\nL\u00e1ttam hogy csal\u00f3dott, s boldogtalan!<br \/>\nNem volt egy fill\u00e9rem,sem sz\u00e9gyeltem magam!<br \/>\nCsak \u00e1lltam \u00e9s n\u00e9ztem a k\u00f6nnyes szem\u00e9t,<br \/>\nmegfogtam remeg\u0151 \u00f6reg kez\u00e9t!<br \/>\nB\u00e1csik\u00e1m \u00e9n is majd ide jutok,<br \/>\nhisz sz\u00edvemben \u00e9n is csak,egy koldus vagyok!<br \/>\nB\u00e1csik\u00e1m \u00e9n is majd ide jutok,<br \/>\nhisz sz\u00edvemben \u00e9n is csak, egy koldus vagyok!<br \/>\n&#8212;Sz\u00f3l\u00f3&#8212;<br \/>\nSzerelm\u00fcnk z\u00e1loga volt egy gy\u0171r\u0171,<br \/>\nugye hogy milyen sz\u00e9p, milyen gy\u00f6ny\u00f6r\u0171!<br \/>\nDe engem m\u00e1r sajnos ez nem boldog\u00edt!<br \/>\nOda adom mag\u00e1nak hogy vegyen valamit!<br \/>\nDe engem m\u00e1r sajnos ez nem boldog\u00edt!<br \/>\nOda adom mag\u00e1nak hogy vegyen valamit!<br \/>\nCsak \u00e1lltam \u00e9s n\u00e9ztem a k\u00f6nnyes szem\u00e9t,<br \/>\nmegfogtam remeg\u0151 \u00f6reg kez\u00e9t!<br \/>\nB\u00e1csik\u00e1m \u00e9n is majd ide jutok,<br \/>\nhisz sz\u00edvemben \u00e9n is csak,egy koldus vagyok!<br \/>\nB\u00e1csik\u00e1m \u00e9n is majd ide jutok,<br \/>\nhisz sz\u00edvemben \u00e9n is csak,egy koldus vagyok!<br \/>\n&#8212;Sz\u00f3l\u00f3&#8212;<br \/>\nValaha s\u00e9t\u00e1ltam, holdas \u00e9jszak\u00e1n,<br \/>\nvalaha cs\u00f3kod\u00e9rt, didergett a sz\u00e1m!<br \/>\nEgyetlen cs\u00f3kom\u00e9rt, j\u00f6nne csak el!<br \/>\nAzt\u00e1n m\u00e1r elmehetne ak\u00e1rkivel!<br \/>\nEgyetlen cs\u00f3kom\u00e9rt, j\u00f6nne csak el!<br \/>\nAzt\u00e1n m\u00e1r elmehetne ak\u00e1rkivel!<br \/>\nCsak \u00e1lltam \u00e9s n\u00e9ztem a k\u00f6nnyes szem\u00e9t,<br \/>\nmegfogtam remeg\u0151 \u00f6reg kez\u00e9t!<br \/>\nB\u00e1csik\u00e1m \u00e9n is majd ide jutok,<br \/>\nhisz sz\u00edvemben \u00e9n is csak,egy koldus vagyok!<br \/>\nB\u00e1csik\u00e1m \u00e9n is majd ide jutok,<br \/>\nhisz sz\u00edvemben \u00e9n is csak,egy koldus vagyok!<br \/>\n&#8212;V\u00e9ge&#8212;<\/p>\n","protected":false},"featured_media":12989,"template":"","meta":{"site-sidebar-layout":"default","site-content-layout":"default","ast-site-content-layout":"default","site-content-style":"default","site-sidebar-style":"default","ast-global-header-display":"","ast-banner-title-visibility":"","ast-main-header-display":"","ast-hfb-above-header-display":"","ast-hfb-below-header-display":"","ast-hfb-mobile-header-display":"","site-post-title":"","ast-breadcrumbs-content":"","ast-featured-img":"","footer-sml-layout":"","theme-transparent-header-meta":"default","adv-header-id-meta":"","stick-header-meta":"","header-above-stick-meta":"","header-main-stick-meta":"","header-below-stick-meta":"","astra-migrate-meta-layouts":"set","ast-page-background-enabled":"default","ast-page-background-meta":{"desktop":{"background-color":"var(--ast-global-color-4)","background-image":"","background-repeat":"repeat","background-position":"center center","background-size":"auto","background-attachment":"scroll","background-type":"","background-media":"","overlay-type":"","overlay-color":"","overlay-opacity":"","overlay-gradient":""},"tablet":{"background-color":"","background-image":"","background-repeat":"repeat","background-position":"center center","background-size":"auto","background-attachment":"scroll","background-type":"","background-media":"","overlay-type":"","overlay-color":"","overlay-opacity":"","overlay-gradient":""},"mobile":{"background-color":"","background-image":"","background-repeat":"repeat","background-position":"center center","background-size":"auto","background-attachment":"scroll","background-type":"","background-media":"","overlay-type":"","overlay-color":"","overlay-opacity":"","overlay-gradient":""}},"ast-content-background-meta":{"desktop":{"background-color":"var(--ast-global-color-5)","background-image":"","background-repeat":"repeat","background-position":"center center","background-size":"auto","background-attachment":"scroll","background-type":"","background-media":"","overlay-type":"","overlay-color":"","overlay-opacity":"","overlay-gradient":""},"tablet":{"background-color":"var(--ast-global-color-5)","background-image":"","background-repeat":"repeat","background-position":"center center","background-size":"auto","background-attachment":"scroll","background-type":"","background-media":"","overlay-type":"","overlay-color":"","overlay-opacity":"","overlay-gradient":""},"mobile":{"background-color":"var(--ast-global-color-5)","background-image":"","background-repeat":"repeat","background-position":"center center","background-size":"auto","background-attachment":"scroll","background-type":"","background-media":"","overlay-type":"","overlay-color":"","overlay-opacity":"","overlay-gradient":""}}},"product_cat":[48],"product_tag":[],"class_list":["post-14942","product","type-product","status-publish","has-post-thumbnail","hentry","product_cat-sunkaraoke-dalok","desktop-align-left","tablet-align-left","mobile-align-left"],"_links":{"self":[{"href":"https:\/\/www.sunkaraoke.hu\/index.php\/wp-json\/wp\/v2\/product\/14942","targetHints":{"allow":["GET"]}}],"collection":[{"href":"https:\/\/www.sunkaraoke.hu\/index.php\/wp-json\/wp\/v2\/product"}],"about":[{"href":"https:\/\/www.sunkaraoke.hu\/index.php\/wp-json\/wp\/v2\/types\/product"}],"wp:featuredmedia":[{"embeddable":true,"href":"https:\/\/www.sunkaraoke.hu\/index.php\/wp-json\/wp\/v2\/media\/12989"}],"wp:attachment":[{"href":"https:\/\/www.sunkaraoke.hu\/index.php\/wp-json\/wp\/v2\/media?parent=14942"}],"wp:term":[{"taxonomy":"product_cat","embeddable":true,"href":"https:\/\/www.sunkaraoke.hu\/index.php\/wp-json\/wp\/v2\/product_cat?post=14942"},{"taxonomy":"product_tag","embeddable":true,"href":"https:\/\/www.sunkaraoke.hu\/index.php\/wp-json\/wp\/v2\/product_tag?post=14942"}],"curies":[{"name":"wp","href":"https:\/\/api.w.org\/{rel}","templated":true}]}}