{"id":14513,"date":"2024-12-05T15:08:22","date_gmt":"2024-12-05T15:08:22","guid":{"rendered":"https:\/\/www.sunkaraoke.hu\/?post_type=product&#038;p=14513"},"modified":"2025-04-04T20:02:37","modified_gmt":"2025-04-04T20:02:37","slug":"didi-lamour-jaj-istenem-adjal-csodat","status":"publish","type":"product","link":"https:\/\/www.sunkaraoke.hu\/index.php\/termek\/didi-lamour-jaj-istenem-adjal-csodat\/","title":{"rendered":"<div class=\"wcmp-player-container product-14513\"><audio controlslist=\"nodownload\" data-product=\"14513\"  volume=\"1\"  preload=\"none\" data-lazyloading=\"none\" class=\"wcmp-player track mejs-classic\" data-duration=\"0:33\" data-estimated_duration=\"4\"><source src=\"https:\/\/www.sunkaraoke.hu\/wp-content\/uploads\/2024\/12\/Jaj-Istenem-adjal-csodat_demo.mp3\" type=\"audio\/mp3\" \/><\/audio><\/div>Didi Lamour -Jaj Istenem adj\u00e1l csod\u00e1t (Original)"},"content":{"rendered":"<p><strong>03:24 <\/strong>\/\u00a0<strong>\u00a0<\/strong><\/p>\n","protected":false},"excerpt":{"rendered":"<h6><strong>Bits\u0171r\u0171s\u00e9g: 320 kb\/s<\/strong><br \/>\n<strong>Hossz: 03:24<\/strong><br \/>\n<strong>Vok\u00e1lt tartalmaz: Igen \u00a0<\/strong><strong style=\"font-size: 16px;\"><br \/>\n<\/strong><\/h6>\n<p>Sunkaraoke mp3 st\u00fadi\u00f3 \/ www.sunkaraoke.hu \/ Inf: Tel: 06 20 4275001<\/p>\n<p>&#8212;Intr\u00f3&#8212;<br \/>\nT\u00e1ncolj velem, \u00e9des kedves bab\u00e1m,<br \/>\na sz\u00edvem is meggy\u00f3gyul majd tal\u00e1n.<br \/>\nPengesd testv\u00e9r hadd sz\u00f3ljon a git\u00e1r,<br \/>\nmulasson velem az eg\u00e9sz vil\u00e1g.<br \/>\nJaj Istenem adj\u00e1l csod\u00e1t,<br \/>\nsz\u00e9p asszonyt meg j\u00f3 sok puj\u00e1t,<br \/>\nsz\u00e9p asszony ki cs\u00f3koljon, mellettem ne horkoljon,<br \/>\n\u00e1j, tin\u00e1, t\u00e1,r\u00e1,r\u00e1,r\u00e1,r\u00e1&#8230;<br \/>\nJaj Istenem adj\u00e1l csod\u00e1t,<br \/>\nsz\u00e9p asszonyt meg j\u00f3 sok puj\u00e1t,<br \/>\nsz\u00e9p asszony ki cs\u00f3koljon, mellettem ne horkoljon,<br \/>\n\u00e1j, tin\u00e1, t\u00e1,r\u00e1,r\u00e1,r\u00e1,r\u00e1&#8230;<br \/>\nH\u00fazzad Sanyi, gyant\u00e1zd meg a von\u00f3t,<br \/>\nh\u00fazunk bele n\u00e9h\u00e1ny sz\u00e1z eur\u00f3t.<br \/>\nJ\u00f3 p\u00e1link\u00e1t whiskyit az asztalra,<br \/>\nbulizzon velem az eg\u00e9sz banda.<br \/>\nJaj Istenem adj\u00e1l csod\u00e1t,<br \/>\nsz\u00e9p asszonyt meg j\u00f3 sok puj\u00e1t,<br \/>\nsz\u00e9p asszony ki cs\u00f3koljon, mellettem ne horkoljon,<br \/>\n\u00e1j, tin\u00e1, t\u00e1,r\u00e1,r\u00e1,r\u00e1,r\u00e1&#8230;<br \/>\nJaj Istenem adj\u00e1l csod\u00e1t,<br \/>\nsz\u00e9p asszonyt meg j\u00f3 sok puj\u00e1t,<br \/>\nsz\u00e9p asszony ki cs\u00f3koljon, mellettem ne horkoljon,<br \/>\n\u00e1j, tin\u00e1, t\u00e1,r\u00e1,r\u00e1,r\u00e1,r\u00e1&#8230;<br \/>\n&#8212;Sz\u00f3l\u00f3&#8212;<br \/>\nSz\u00e9p asszonyom te is r\u00e1zd a ruh\u00e1t,<br \/>\nnem kell \u00e1taludni az \u00e9jszak\u00e1t.<br \/>\n\u00d6lelj\u00e9l magadhoz, cs\u00f3kold a sz\u00e1m,<br \/>\ngy\u00f6ny\u00f6r\u0171 vagy mint egy sz\u00e9p r\u00f3zsasz\u00e1l.<br \/>\nJaj Istenem adj\u00e1l csod\u00e1t,<br \/>\nsz\u00e9p asszonyt meg j\u00f3 sok puj\u00e1t,<br \/>\nsz\u00e9p asszony ki cs\u00f3koljon, mellettem ne horkoljon,<br \/>\n\u00e1j, tin\u00e1, t\u00e1,r\u00e1,r\u00e1,r\u00e1,r\u00e1&#8230;<br \/>\nJaj Istenem adj\u00e1l csod\u00e1t,<br \/>\nsz\u00e9p asszonyt meg j\u00f3 sok puj\u00e1t,<br \/>\nsz\u00e9p asszony ki cs\u00f3koljon, mellettem ne horkoljon,<br \/>\n\u00e1j, tin\u00e1, t\u00e1,r\u00e1,r\u00e1,r\u00e1,r\u00e1&#8230;<br \/>\nH\u00fazzad Sanyi, gyant\u00e1zd meg a von\u00f3t,<br \/>\nh\u00fazunk bele n\u00e9h\u00e1ny sz\u00e1z eur\u00f3t.<br \/>\nJ\u00f3 p\u00e1link\u00e1t whiskyit az asztalra,<br \/>\nbulizzon velem az eg\u00e9sz banda.<br \/>\nJaj Istenem adj\u00e1l csod\u00e1t,<br \/>\nsz\u00e9p asszonyt meg j\u00f3 sok puj\u00e1t,<br \/>\nsz\u00e9p asszony ki cs\u00f3koljon, mellettem ne horkoljon,<br \/>\n\u00e1j, tin\u00e1, t\u00e1,r\u00e1,r\u00e1,r\u00e1,r\u00e1&#8230;<br \/>\nJaj Istenem adj\u00e1l csod\u00e1t,<br \/>\nsz\u00e9p asszonyt meg j\u00f3 sok puj\u00e1t,<br \/>\nsz\u00e9p asszony ki cs\u00f3koljon, mellettem ne horkoljon,<br \/>\n\u00e1j, tin\u00e1,t\u00e1,r\u00e1,r\u00e1,r\u00e1,r\u00e1&#8230;<br \/>\n&#8212;V\u00e9ge&#8212;<\/p>\n","protected":false},"featured_media":721,"template":"","meta":{"site-sidebar-layout":"default","site-content-layout":"default","ast-site-content-layout":"default","site-content-style":"default","site-sidebar-style":"default","ast-global-header-display":"","ast-banner-title-visibility":"","ast-main-header-display":"","ast-hfb-above-header-display":"","ast-hfb-below-header-display":"","ast-hfb-mobile-header-display":"","site-post-title":"","ast-breadcrumbs-content":"","ast-featured-img":"","footer-sml-layout":"","theme-transparent-header-meta":"default","adv-header-id-meta":"","stick-header-meta":"","header-above-stick-meta":"","header-main-stick-meta":"","header-below-stick-meta":"","astra-migrate-meta-layouts":"set","ast-page-background-enabled":"default","ast-page-background-meta":{"desktop":{"background-color":"var(--ast-global-color-4)","background-image":"","background-repeat":"repeat","background-position":"center center","background-size":"auto","background-attachment":"scroll","background-type":"","background-media":"","overlay-type":"","overlay-color":"","overlay-opacity":"","overlay-gradient":""},"tablet":{"background-color":"","background-image":"","background-repeat":"repeat","background-position":"center center","background-size":"auto","background-attachment":"scroll","background-type":"","background-media":"","overlay-type":"","overlay-color":"","overlay-opacity":"","overlay-gradient":""},"mobile":{"background-color":"","background-image":"","background-repeat":"repeat","background-position":"center center","background-size":"auto","background-attachment":"scroll","background-type":"","background-media":"","overlay-type":"","overlay-color":"","overlay-opacity":"","overlay-gradient":""}},"ast-content-background-meta":{"desktop":{"background-color":"var(--ast-global-color-5)","background-image":"","background-repeat":"repeat","background-position":"center center","background-size":"auto","background-attachment":"scroll","background-type":"","background-media":"","overlay-type":"","overlay-color":"","overlay-opacity":"","overlay-gradient":""},"tablet":{"background-color":"var(--ast-global-color-5)","background-image":"","background-repeat":"repeat","background-position":"center center","background-size":"auto","background-attachment":"scroll","background-type":"","background-media":"","overlay-type":"","overlay-color":"","overlay-opacity":"","overlay-gradient":""},"mobile":{"background-color":"var(--ast-global-color-5)","background-image":"","background-repeat":"repeat","background-position":"center center","background-size":"auto","background-attachment":"scroll","background-type":"","background-media":"","overlay-type":"","overlay-color":"","overlay-opacity":"","overlay-gradient":""}}},"product_cat":[46],"product_tag":[],"class_list":["post-14513","product","type-product","status-publish","has-post-thumbnail","hentry","product_cat-eredeti-karaoke-dalok","desktop-align-left","tablet-align-left","mobile-align-left"],"_links":{"self":[{"href":"https:\/\/www.sunkaraoke.hu\/index.php\/wp-json\/wp\/v2\/product\/14513","targetHints":{"allow":["GET"]}}],"collection":[{"href":"https:\/\/www.sunkaraoke.hu\/index.php\/wp-json\/wp\/v2\/product"}],"about":[{"href":"https:\/\/www.sunkaraoke.hu\/index.php\/wp-json\/wp\/v2\/types\/product"}],"wp:featuredmedia":[{"embeddable":true,"href":"https:\/\/www.sunkaraoke.hu\/index.php\/wp-json\/wp\/v2\/media\/721"}],"wp:attachment":[{"href":"https:\/\/www.sunkaraoke.hu\/index.php\/wp-json\/wp\/v2\/media?parent=14513"}],"wp:term":[{"taxonomy":"product_cat","embeddable":true,"href":"https:\/\/www.sunkaraoke.hu\/index.php\/wp-json\/wp\/v2\/product_cat?post=14513"},{"taxonomy":"product_tag","embeddable":true,"href":"https:\/\/www.sunkaraoke.hu\/index.php\/wp-json\/wp\/v2\/product_tag?post=14513"}],"curies":[{"name":"wp","href":"https:\/\/api.w.org\/{rel}","templated":true}]}}