{"id":14503,"date":"2024-12-04T13:31:00","date_gmt":"2024-12-04T13:31:00","guid":{"rendered":"https:\/\/www.sunkaraoke.hu\/?post_type=product&#038;p=14503"},"modified":"2025-04-04T20:03:11","modified_gmt":"2025-04-04T20:03:11","slug":"didi-lamour-hozzam-tartozol","status":"publish","type":"product","link":"https:\/\/www.sunkaraoke.hu\/index.php\/termek\/didi-lamour-hozzam-tartozol\/","title":{"rendered":"<div class=\"wcmp-player-container product-14503\"><audio controlslist=\"nodownload\" data-product=\"14503\"  volume=\"1\"  preload=\"none\" data-lazyloading=\"none\" class=\"wcmp-player track mejs-classic\" data-duration=\"0:31\" data-estimated_duration=\"4\"><source src=\"https:\/\/www.sunkaraoke.hu\/wp-content\/uploads\/2024\/12\/Hozzam-tartozol_demo.mp3\" type=\"audio\/mp3\" \/><\/audio><\/div>Didi Lamour -Hozz\u00e1m tartozol  (Original)"},"content":{"rendered":"<p><strong>03:23 <\/strong>\/\u00a0<strong>\u00a0<\/strong><\/p>\n","protected":false},"excerpt":{"rendered":"<h6><strong>Bits\u0171r\u0171s\u00e9g: 320 kb\/s<\/strong><br \/>\n<strong>Hossz: 03:23<\/strong><br \/>\n<strong>Vok\u00e1lt tartalmaz: Igen \u00a0<\/strong><strong style=\"font-size: 16px;\"><br \/>\n<\/strong><\/h6>\n<p>Sunkaraoke mp3 st\u00fadi\u00f3 \/ www.sunkaraoke.hu \/ Inf: Tel: 06 20 4275001<\/p>\n<p>&#8212;Intr\u00f3&#8212;<br \/>\nVeled sz\u00e9p, hidd el hogy hozz\u00e1m tartozol,<br \/>\nkeresem mindig az arcodon,<br \/>\na boldogs\u00e1gr\u00f3l \u00e1lmodom.<br \/>\nVeled j\u00f3, hiszen \u00e9n nem felejtem el,<br \/>\nhogy egyszer \u0151 az \u00e9letem,<br \/>\nhiszen m\u00e9g nem b\u00facs\u00faztam el.<br \/>\n\u00c1tvirrasztottam sok \u00e9jszak\u00e1t,<br \/>\nminden nap gondolok r\u00e1d,<br \/>\negy kis titkot \u0151rz\u00f6k a sz\u00edvemben,<br \/>\nne menj el ha h\u00edv a vil\u00e1g.<br \/>\nNem szerettem \u00edgy \u00e9n m\u00e9g senki m\u00e1st,<br \/>\n\u0150 kell nekem nem vit\u00e1s.<br \/>\nVeled sz\u00e9p, hidd el hogy hozz\u00e1m tartozol,<br \/>\nkeresem mindig az arcodon,<br \/>\na boldogs\u00e1gr\u00f3l \u00e1lmodom.<br \/>\nVeled j\u00f3, hiszen \u00e9n nem felejtem el,<br \/>\nhogy egyszer \u0151 az \u00e9letem,<br \/>\nhiszen m\u00e9g nem b\u00facs\u00faztam el.<br \/>\n\u00c1tvirrasztottam sok \u00e9jszak\u00e1t,<br \/>\nminden nap gondolok r\u00e1d,<br \/>\negy kis titkot \u0151rz\u00f6k a sz\u00edvemben,<br \/>\nne menj el ha h\u00edv a vil\u00e1g.<br \/>\nNem szerettem \u00edgy \u00e9n m\u00e9g senki m\u00e1st,<br \/>\n\u0150 kell nekem nem vit\u00e1s.<br \/>\nVeled sz\u00e9p, hidd el hogy hozz\u00e1m tartozol,<br \/>\nkeresem mindig az arcodon,<br \/>\na boldogs\u00e1gr\u00f3l \u00e1lmodom.<br \/>\nVeled j\u00f3, hiszen \u00e9n nem felejtem el,<br \/>\nhogy egyszer \u0151 az \u00e9letem,<br \/>\nhiszen m\u00e9g nem b\u00facs\u00faztam el.<br \/>\n&#8212;Sz\u00f3l\u00f3&#8212;<br \/>\nVeled sz\u00e9p, hidd el hogy hozz\u00e1m tartozol,<br \/>\nkeresem mindig az arcodon,<br \/>\na boldogs\u00e1gr\u00f3l \u00e1lmodom.<br \/>\nVeled j\u00f3, hiszen \u00e9n nem felejtem el,<br \/>\nhogy egyszer \u0151 az \u00e9letem,<br \/>\nhiszen m\u00e9g nem b\u00facs\u00faztam el.<br \/>\nVeled sz\u00e9p, hidd el hogy hozz\u00e1m tartozol,<br \/>\nkeresem mindig az arcodon,<br \/>\na boldogs\u00e1gr\u00f3l \u00e1lmodom.<br \/>\nVeled j\u00f3, hiszen \u00e9n nem felejtem el,<br \/>\nhogy egyszer \u0151 az \u00e9letem,<br \/>\nhiszen m\u00e9g nem b\u00facs\u00faztam el.<br \/>\n&#8212;V\u00e9ge&#8212;<\/p>\n","protected":false},"featured_media":721,"template":"","meta":{"site-sidebar-layout":"default","site-content-layout":"default","ast-site-content-layout":"default","site-content-style":"default","site-sidebar-style":"default","ast-global-header-display":"","ast-banner-title-visibility":"","ast-main-header-display":"","ast-hfb-above-header-display":"","ast-hfb-below-header-display":"","ast-hfb-mobile-header-display":"","site-post-title":"","ast-breadcrumbs-content":"","ast-featured-img":"","footer-sml-layout":"","theme-transparent-header-meta":"default","adv-header-id-meta":"","stick-header-meta":"","header-above-stick-meta":"","header-main-stick-meta":"","header-below-stick-meta":"","astra-migrate-meta-layouts":"set","ast-page-background-enabled":"default","ast-page-background-meta":{"desktop":{"background-color":"var(--ast-global-color-4)","background-image":"","background-repeat":"repeat","background-position":"center center","background-size":"auto","background-attachment":"scroll","background-type":"","background-media":"","overlay-type":"","overlay-color":"","overlay-opacity":"","overlay-gradient":""},"tablet":{"background-color":"","background-image":"","background-repeat":"repeat","background-position":"center center","background-size":"auto","background-attachment":"scroll","background-type":"","background-media":"","overlay-type":"","overlay-color":"","overlay-opacity":"","overlay-gradient":""},"mobile":{"background-color":"","background-image":"","background-repeat":"repeat","background-position":"center center","background-size":"auto","background-attachment":"scroll","background-type":"","background-media":"","overlay-type":"","overlay-color":"","overlay-opacity":"","overlay-gradient":""}},"ast-content-background-meta":{"desktop":{"background-color":"var(--ast-global-color-5)","background-image":"","background-repeat":"repeat","background-position":"center center","background-size":"auto","background-attachment":"scroll","background-type":"","background-media":"","overlay-type":"","overlay-color":"","overlay-opacity":"","overlay-gradient":""},"tablet":{"background-color":"var(--ast-global-color-5)","background-image":"","background-repeat":"repeat","background-position":"center center","background-size":"auto","background-attachment":"scroll","background-type":"","background-media":"","overlay-type":"","overlay-color":"","overlay-opacity":"","overlay-gradient":""},"mobile":{"background-color":"var(--ast-global-color-5)","background-image":"","background-repeat":"repeat","background-position":"center center","background-size":"auto","background-attachment":"scroll","background-type":"","background-media":"","overlay-type":"","overlay-color":"","overlay-opacity":"","overlay-gradient":""}}},"product_cat":[46],"product_tag":[],"class_list":["post-14503","product","type-product","status-publish","has-post-thumbnail","hentry","product_cat-eredeti-karaoke-dalok","desktop-align-left","tablet-align-left","mobile-align-left"],"_links":{"self":[{"href":"https:\/\/www.sunkaraoke.hu\/index.php\/wp-json\/wp\/v2\/product\/14503","targetHints":{"allow":["GET"]}}],"collection":[{"href":"https:\/\/www.sunkaraoke.hu\/index.php\/wp-json\/wp\/v2\/product"}],"about":[{"href":"https:\/\/www.sunkaraoke.hu\/index.php\/wp-json\/wp\/v2\/types\/product"}],"wp:featuredmedia":[{"embeddable":true,"href":"https:\/\/www.sunkaraoke.hu\/index.php\/wp-json\/wp\/v2\/media\/721"}],"wp:attachment":[{"href":"https:\/\/www.sunkaraoke.hu\/index.php\/wp-json\/wp\/v2\/media?parent=14503"}],"wp:term":[{"taxonomy":"product_cat","embeddable":true,"href":"https:\/\/www.sunkaraoke.hu\/index.php\/wp-json\/wp\/v2\/product_cat?post=14503"},{"taxonomy":"product_tag","embeddable":true,"href":"https:\/\/www.sunkaraoke.hu\/index.php\/wp-json\/wp\/v2\/product_tag?post=14503"}],"curies":[{"name":"wp","href":"https:\/\/api.w.org\/{rel}","templated":true}]}}