{"id":14481,"date":"2024-12-03T09:12:42","date_gmt":"2024-12-03T09:12:42","guid":{"rendered":"https:\/\/www.sunkaraoke.hu\/?post_type=product&#038;p=14481"},"modified":"2024-12-03T09:14:55","modified_gmt":"2024-12-03T09:14:55","slug":"marta-joco-egy-asszonynak-mix-2024","status":"publish","type":"product","link":"https:\/\/www.sunkaraoke.hu\/index.php\/termek\/marta-joco-egy-asszonynak-mix-2024\/","title":{"rendered":"<div class=\"wcmp-player-container product-14481\"><audio controlslist=\"nodownload\" data-product=\"14481\"  volume=\"1\"  preload=\"none\" data-lazyloading=\"none\" class=\"wcmp-player track mejs-classic\" data-duration=\"0:31\" data-estimated_duration=\"4\"><source src=\"https:\/\/www.sunkaraoke.hu\/wp-content\/uploads\/2024\/12\/Egy-asszonynak-Mix-2024.-Marta_demo.mp3\" type=\"audio\/mp3\" \/><\/audio><\/div>M\u00e1rta Joc\u00f3 &#8211; Egy asszonynak Mix. 2024."},"content":{"rendered":"<p><strong>05:45<\/strong>\u00a0| <strong><img loading=\"lazy\" decoding=\"async\" class=\"alignnone size-full wp-image-467\" src=\"https:\/\/www.sunkaraoke.hu\/wp-content\/uploads\/2022\/07\/choir_2-copy.webp\" alt=\"\" width=\"30\" height=\"30\" \/> <\/strong><\/p>\n","protected":false},"excerpt":{"rendered":"<h5>Bits\u0171r\u0171s\u00e9g: 320 kb\/s<br \/>\nHossz: 05:45<br \/>\nVok\u00e1lt tartalmaz: Nem <img loading=\"lazy\" decoding=\"async\" class=\"alignnone size-full wp-image-467\" src=\"http:\/\/www.sunkaraoke.hu\/wp-content\/uploads\/2022\/07\/choir_2-copy.png\" alt=\"\" width=\"30\" height=\"30\" \/><strong style=\"font-size: 16px;\"><br \/>\n<\/strong><\/h5>\n<p>Sunkaraoke mp3 st\u00fadi\u00f3 \/ www.sunkaraoke.hu \/ Inf: Tel: 06 20 4275001<\/p>\n<p>&#8212;Intro&#8212;\/\/00:12\/\/<br \/>\nEgy asszonynak kilenc a le\u00e1nya,<br \/>\nde nem gy\u0151zi sz\u00e1ml\u00e1lni.<br \/>\nDe minden este ki\u00e1ll a kapuba,<br \/>\ns elkezd kiab\u00e1lni.<br \/>\nErzsi, Piri, S\u00e1ri, Mariska, Roz\u00e1li,<br \/>\nElla, Bella, Juci, Karolina,<br \/>\nGyertek vacsor\u00e1zni.<br \/>\nErzsi, Piri, S\u00e1ri, Mariska, Roz\u00e1li,<br \/>\nElla, Bella, Juci, Karolina,<br \/>\nGyertek vacsor\u00e1zni.<br \/>\n&#8212;Sz\u00f3l\u00f3&#8212;\/\/01:23\/\/<br \/>\nHa v\u00e9gig megyek a budapesti utc\u00e1n,<br \/>\nkacagnak a l\u00e1nyok.<br \/>\nAzt kacagj\u00e1k, hogy \u00e9n mind\u00edg,<br \/>\ncsak egyed\u00fcl j\u00e1rok.<br \/>\nKacagjatok l\u00e1nyok budapesti l\u00e1nyok,<br \/>\nha megl\u00e1tn\u00e1tok a szabolcsi bab\u00e1m,<br \/>\nS\u00edrva fakadn\u00e1tok.<br \/>\nKacagjatok l\u00e1nyok budapesti l\u00e1nyok,<br \/>\nha megl\u00e1tn\u00e1tok a szabolcsi bab\u00e1m,<br \/>\nS\u00edrva fakadn\u00e1tok.<br \/>\n&#8212;Sz\u00f3l\u00f3&#8212;\/\/02:11\/\/<br \/>\nA szegedi csik\u00f3s, lent itat a Tisz\u00e1n.<br \/>\nTizenh\u00e1rom cseng\u0151 cseng a csik\u00f3ja nyak\u00e1n.<br \/>\nA bab\u00e1ja a Kati lenn lakik a tany\u00e1n.<br \/>\nTizenh\u00e1rom fodros szoknya, ring a derek\u00e1n.<br \/>\nTizenh\u00e1rom fodros szoknya, kerek ak\u00e1r a k\u00e1poszta.<br \/>\nA szegedi csik\u00f3s lent itat a Tisz\u00e1n.<br \/>\nTizenh\u00e1rom cseng\u0151 cseng a csik\u00f3ja nyak\u00e1n.<br \/>\nTizenh\u00e1rom fodros szoknya, kerek ak\u00e1r a k\u00e1poszta.<br \/>\nA szegedi csik\u00f3s lent itat a Tisz\u00e1n.<br \/>\nTizenh\u00e1rom cseng\u0151 cseng a csik\u00f3ja nyak\u00e1n.<br \/>\n&#8212;Sz\u00f3l\u00f3&#8212;\/\/03:23\/\/<br \/>\nA szegedi csik\u00f3s, lent itat a Tisz\u00e1n.<br \/>\nTizenh\u00e1rom cseng\u0151 cseng a csik\u00f3ja nyak\u00e1n.<br \/>\nA bab\u00e1ja a Kati lenn lakik a tany\u00e1n.<br \/>\nTizenh\u00e1rom fodros szoknya, ring a derek\u00e1n.<br \/>\nTizenh\u00e1rom fodros szoknya, kerek ak\u00e1r a k\u00e1poszta.<br \/>\nA szegedi csik\u00f3s lent itat a Tisz\u00e1n.<br \/>\nTizenh\u00e1rom cseng\u0151 cseng a csik\u00f3ja nyak\u00e1n.<br \/>\nTizenh\u00e1rom fodros szoknya, kerek ak\u00e1r a k\u00e1poszta.<br \/>\nA szegedi csik\u00f3s lent itat a Tisz\u00e1n.<br \/>\nTizenh\u00e1rom cseng\u0151 cseng a csik\u00f3ja nyak\u00e1n.<br \/>\nMinek a sz\u0151ke \u00e9nn\u00e9kem,<br \/>\nmikor a barn\u00e1t szeretem.<br \/>\nNeki a f\u00f6ld\u00f6n p\u00e1rja nincs,<br \/>\nde m\u00e9g a mennyorsz\u00e1gban sincs.<br \/>\nEszem a szemed mindenit,<br \/>\nde ne n\u00e9zz re\u00e1m mert megvak\u00edt:<br \/>\nHa pici sz\u00e1dat cs\u00f3kolom,<br \/>\naz \u00e9gbe sz\u00e1llok angyalom.<br \/>\nEszem a szemed mindenit,<br \/>\nde ne n\u00e9zz re\u00e1m mert megvak\u00edt:<br \/>\nHa pici sz\u00e1dat cs\u00f3kolom,<br \/>\naz \u00e9gbe sz\u00e1llok angyalom.<br \/>\n&#8212;Sz\u00f3l\u00f3&#8212;\/\/05:09\/\/<br \/>\nTavasszal nyit az ibolya,<br \/>\nk\u00e9s\u0151n hervad el a r\u00f3zsa.<br \/>\nNem hervad el a barna l\u00e1ny,<br \/>\nnem hervad el ilyen kor\u00e1n!<br \/>\nNe mondj\u00e1k, hogy a sz\u0151ke sz\u00e9p,<br \/>\ntagadom azt \u00e9n mindenk\u00e9pp,<br \/>\nMert a barn\u00e1nak p\u00e1rja nincs,<br \/>\nde m\u00e9g a mennyorsz\u00e1gban sincs!<br \/>\nNe mondj\u00e1k, hogy a sz\u0151ke sz\u00e9p,<br \/>\ntagadom azt \u00e9n mindenk\u00e9pp,<br \/>\nMert a barn\u00e1nak p\u00e1rja nincs,<br \/>\nde m\u00e9g a mennyorsz\u00e1gban sincs!<br \/>\n&#8212;V\u00e9ge&#8212;<\/p>\n<p>&nbsp;<\/p>\n","protected":false},"featured_media":8752,"template":"","meta":{"site-sidebar-layout":"default","site-content-layout":"default","ast-site-content-layout":"default","site-content-style":"default","site-sidebar-style":"default","ast-global-header-display":"","ast-banner-title-visibility":"","ast-main-header-display":"","ast-hfb-above-header-display":"","ast-hfb-below-header-display":"","ast-hfb-mobile-header-display":"","site-post-title":"","ast-breadcrumbs-content":"","ast-featured-img":"","footer-sml-layout":"","theme-transparent-header-meta":"default","adv-header-id-meta":"","stick-header-meta":"","header-above-stick-meta":"","header-main-stick-meta":"","header-below-stick-meta":"","astra-migrate-meta-layouts":"set","ast-page-background-enabled":"default","ast-page-background-meta":{"desktop":{"background-color":"var(--ast-global-color-4)","background-image":"","background-repeat":"repeat","background-position":"center center","background-size":"auto","background-attachment":"scroll","background-type":"","background-media":"","overlay-type":"","overlay-color":"","overlay-opacity":"","overlay-gradient":""},"tablet":{"background-color":"","background-image":"","background-repeat":"repeat","background-position":"center center","background-size":"auto","background-attachment":"scroll","background-type":"","background-media":"","overlay-type":"","overlay-color":"","overlay-opacity":"","overlay-gradient":""},"mobile":{"background-color":"","background-image":"","background-repeat":"repeat","background-position":"center center","background-size":"auto","background-attachment":"scroll","background-type":"","background-media":"","overlay-type":"","overlay-color":"","overlay-opacity":"","overlay-gradient":""}},"ast-content-background-meta":{"desktop":{"background-color":"var(--ast-global-color-5)","background-image":"","background-repeat":"repeat","background-position":"center center","background-size":"auto","background-attachment":"scroll","background-type":"","background-media":"","overlay-type":"","overlay-color":"","overlay-opacity":"","overlay-gradient":""},"tablet":{"background-color":"var(--ast-global-color-5)","background-image":"","background-repeat":"repeat","background-position":"center center","background-size":"auto","background-attachment":"scroll","background-type":"","background-media":"","overlay-type":"","overlay-color":"","overlay-opacity":"","overlay-gradient":""},"mobile":{"background-color":"var(--ast-global-color-5)","background-image":"","background-repeat":"repeat","background-position":"center center","background-size":"auto","background-attachment":"scroll","background-type":"","background-media":"","overlay-type":"","overlay-color":"","overlay-opacity":"","overlay-gradient":""}}},"product_cat":[46],"product_tag":[],"class_list":["post-14481","product","type-product","status-publish","has-post-thumbnail","hentry","product_cat-eredeti-karaoke-dalok","desktop-align-left","tablet-align-left","mobile-align-left"],"_links":{"self":[{"href":"https:\/\/www.sunkaraoke.hu\/index.php\/wp-json\/wp\/v2\/product\/14481","targetHints":{"allow":["GET"]}}],"collection":[{"href":"https:\/\/www.sunkaraoke.hu\/index.php\/wp-json\/wp\/v2\/product"}],"about":[{"href":"https:\/\/www.sunkaraoke.hu\/index.php\/wp-json\/wp\/v2\/types\/product"}],"wp:featuredmedia":[{"embeddable":true,"href":"https:\/\/www.sunkaraoke.hu\/index.php\/wp-json\/wp\/v2\/media\/8752"}],"wp:attachment":[{"href":"https:\/\/www.sunkaraoke.hu\/index.php\/wp-json\/wp\/v2\/media?parent=14481"}],"wp:term":[{"taxonomy":"product_cat","embeddable":true,"href":"https:\/\/www.sunkaraoke.hu\/index.php\/wp-json\/wp\/v2\/product_cat?post=14481"},{"taxonomy":"product_tag","embeddable":true,"href":"https:\/\/www.sunkaraoke.hu\/index.php\/wp-json\/wp\/v2\/product_tag?post=14481"}],"curies":[{"name":"wp","href":"https:\/\/api.w.org\/{rel}","templated":true}]}}