{"id":14218,"date":"2024-10-30T13:48:10","date_gmt":"2024-10-30T13:48:10","guid":{"rendered":"https:\/\/www.sunkaraoke.hu\/?post_type=product&#038;p=14218"},"modified":"2025-10-13T16:28:04","modified_gmt":"2025-10-13T14:28:04","slug":"bonanza-bonzai-a-jel-2024-new","status":"publish","type":"product","link":"https:\/\/www.sunkaraoke.hu\/index.php\/termek\/bonanza-bonzai-a-jel-2024-new\/","title":{"rendered":"<div class=\"wcmp-player-container product-14218\"><audio controlslist=\"nodownload\" data-product=\"14218\"  volume=\"1\"  preload=\"none\" data-lazyloading=\"none\" class=\"wcmp-player track mejs-classic\" data-duration=\"0:33\" data-estimated_duration=\"4\"><source src=\"https:\/\/www.sunkaraoke.hu\/wp-content\/uploads\/2024\/10\/A-jel-2024.-New_demo.mp3\" type=\"audio\/mp3\" \/><\/audio><\/div>Bonanza Bonzai : A jel 2024. NEW"},"content":{"rendered":"<p><strong>03:24<\/strong>| <strong><img loading=\"lazy\" decoding=\"async\" class=\"alignnone size-full wp-image-467\" src=\"https:\/\/www.sunkaraoke.hu\/wp-content\/uploads\/2022\/07\/choir_2-copy.webp\" alt=\"\" width=\"30\" height=\"30\" \/> <\/strong><\/p>\n","protected":false},"excerpt":{"rendered":"<h6><strong>Bits\u0171r\u0171s\u00e9g: 320kb\/s<\/strong><\/h6>\n<h6><strong>Hossz: 03:24<\/strong><\/h6>\n<h6><strong>Vok\u00e1l: Nem <img loading=\"lazy\" decoding=\"async\" class=\"alignnone size-full wp-image-467\" src=\"http:\/\/www.sunkaraoke.hu\/wp-content\/uploads\/2022\/07\/choir_2-copy.png\" alt=\"\" width=\"30\" height=\"30\" \/><\/strong><\/h6>\n<p>Sunkaraoke mp3 st\u00fadi\u00f3 \/ www.sunkaraoke.hu \/ Inf: Tel: 06 20 4275001<\/p>\n<p>&#8212;Intr\u00f3&#8212;<br \/>\nHogyha t\u00fal sok a baj,\u00e9s ha \u0151rj\u00edt a zaj,<br \/>\n\u00e9s ha nem maradt semmid,akkor engem akarj.<br \/>\nAki hozz\u00e1d hajol,aki csak hozz\u00e1d sz\u00f3l,<br \/>\nneked hinned kell benne,h\u00e1t jegyezz meg j\u00f3l.<br \/>\nHogyha mindent\u0151l f\u00e9lsz,hogyha egyed\u00fcl \u00e9lsz,<br \/>\nengem nem is kell h\u00edvnod,mert mindig el\u00e9rsz.<br \/>\nHogyha t\u00fal sok a baj,\u00e9s ha \u0151rj\u00edt a zaj,<br \/>\n\u00e9s ha nem maradt semmid,akkor engem akarj.<br \/>\nNekem te vagy a testem,bel\u00e9d magamat rejtem,<br \/>\n\u00e9s nem tehetsz semmit,te is itt \u00e9lsz m\u00e1r bennem.<br \/>\n\u00c9s ha nem hiszed el,\u00e9s ha nem \u00e9rdekel,<br \/>\n\u00e9s ha megv\u00e1lt\u00e1st nem v\u00e1rsz,akkor id\u00e9zz majd fel.<br \/>\n\u00c9n vagyok a jel,nem hagylak el,<br \/>\nhidd el, sz\u00e1m\u00edthatsz r\u00e1m.<br \/>\n\u00c9n vagyok a jel,amit \u00e9rteni kell,<br \/>\nmindenkinek hidd el, sz\u00e1m\u00edthatsz r\u00e1m.<br \/>\n\u00c9n vagyok a jel,nem hagylak el,<br \/>\n\u00e9n benned \u00e9lek,h\u00e1t fedezz fel.<br \/>\n\u00c9n vagyok a jel, nem hagylak el,<br \/>\nhidd el sz\u00e1m\u00edthatsz r\u00e1m.<br \/>\n&#8212;Sz\u00f3l\u00f3&#8212;<br \/>\nHogyha t\u00fal sok a baj,\u00e9s ha \u0151rj\u00edt a zaj,<br \/>\n\u00e9s ha nem maradt semmid,akkor engem akarj.<br \/>\nHogyha k\u00f6nny n\u00e9lk\u00fcl s\u00edrsz,hogyha enni sem b\u00edrsz,<br \/>\nvagy ha boldog vagy \u00e9ppen,\u00e9s verseket \u00edrsz.<br \/>\n\u00c9s ha nem hiszel m\u00e1r,\u00e9s ha senki sem v\u00e1r,<br \/>\n\u00e9s ha megb\u00e1nt\u00e1l mindent,\u00e9s ha k\u00e9sik a ny\u00e1r.<br \/>\n\u00c9s ha nem hiszed el,\u00e9s ha nem \u00e9rdekel,<br \/>\n\u00e9s ha megv\u00e1lt\u00e1st nem v\u00e1rsz,akkor id\u00e9zz majd fel.<br \/>\n\u00c9n vagyok a jel,nem hagylak el,<br \/>\nhidd el, sz\u00e1m\u00edthatsz r\u00e1m.<br \/>\n\u00c9n vagyok a jel,amit \u00e9rteni kell,m<br \/>\nmindenkinek,hidd el, sz\u00e1m\u00edthatsz r\u00e1m.<br \/>\n\u00c9n vagyok a jel,nem hagylak el,<br \/>\n\u00e9n benned \u00e9lek,h\u00e1t fedezz fel.<br \/>\n\u00c9n vagyok a jel,nem hagylak el,<br \/>\nhidd el sz\u00e1m\u00edthatsz r\u00e1m<br \/>\n&#8212;V\u00e9ge&#8212;<\/p>\n","protected":false},"featured_media":14221,"template":"","meta":{"site-sidebar-layout":"default","site-content-layout":"default","ast-site-content-layout":"default","site-content-style":"default","site-sidebar-style":"default","ast-global-header-display":"","ast-banner-title-visibility":"","ast-main-header-display":"","ast-hfb-above-header-display":"","ast-hfb-below-header-display":"","ast-hfb-mobile-header-display":"","site-post-title":"","ast-breadcrumbs-content":"","ast-featured-img":"","footer-sml-layout":"","theme-transparent-header-meta":"default","adv-header-id-meta":"","stick-header-meta":"","header-above-stick-meta":"","header-main-stick-meta":"","header-below-stick-meta":"","astra-migrate-meta-layouts":"set","ast-page-background-enabled":"default","ast-page-background-meta":{"desktop":{"background-color":"var(--ast-global-color-4)","background-image":"","background-repeat":"repeat","background-position":"center center","background-size":"auto","background-attachment":"scroll","background-type":"","background-media":"","overlay-type":"","overlay-color":"","overlay-opacity":"","overlay-gradient":""},"tablet":{"background-color":"","background-image":"","background-repeat":"repeat","background-position":"center center","background-size":"auto","background-attachment":"scroll","background-type":"","background-media":"","overlay-type":"","overlay-color":"","overlay-opacity":"","overlay-gradient":""},"mobile":{"background-color":"","background-image":"","background-repeat":"repeat","background-position":"center center","background-size":"auto","background-attachment":"scroll","background-type":"","background-media":"","overlay-type":"","overlay-color":"","overlay-opacity":"","overlay-gradient":""}},"ast-content-background-meta":{"desktop":{"background-color":"var(--ast-global-color-5)","background-image":"","background-repeat":"repeat","background-position":"center center","background-size":"auto","background-attachment":"scroll","background-type":"","background-media":"","overlay-type":"","overlay-color":"","overlay-opacity":"","overlay-gradient":""},"tablet":{"background-color":"var(--ast-global-color-5)","background-image":"","background-repeat":"repeat","background-position":"center center","background-size":"auto","background-attachment":"scroll","background-type":"","background-media":"","overlay-type":"","overlay-color":"","overlay-opacity":"","overlay-gradient":""},"mobile":{"background-color":"var(--ast-global-color-5)","background-image":"","background-repeat":"repeat","background-position":"center center","background-size":"auto","background-attachment":"scroll","background-type":"","background-media":"","overlay-type":"","overlay-color":"","overlay-opacity":"","overlay-gradient":""}}},"product_cat":[48],"product_tag":[],"class_list":["post-14218","product","type-product","status-publish","has-post-thumbnail","hentry","product_cat-sunkaraoke-dalok","desktop-align-left","tablet-align-left","mobile-align-left"],"_links":{"self":[{"href":"https:\/\/www.sunkaraoke.hu\/index.php\/wp-json\/wp\/v2\/product\/14218","targetHints":{"allow":["GET"]}}],"collection":[{"href":"https:\/\/www.sunkaraoke.hu\/index.php\/wp-json\/wp\/v2\/product"}],"about":[{"href":"https:\/\/www.sunkaraoke.hu\/index.php\/wp-json\/wp\/v2\/types\/product"}],"wp:featuredmedia":[{"embeddable":true,"href":"https:\/\/www.sunkaraoke.hu\/index.php\/wp-json\/wp\/v2\/media\/14221"}],"wp:attachment":[{"href":"https:\/\/www.sunkaraoke.hu\/index.php\/wp-json\/wp\/v2\/media?parent=14218"}],"wp:term":[{"taxonomy":"product_cat","embeddable":true,"href":"https:\/\/www.sunkaraoke.hu\/index.php\/wp-json\/wp\/v2\/product_cat?post=14218"},{"taxonomy":"product_tag","embeddable":true,"href":"https:\/\/www.sunkaraoke.hu\/index.php\/wp-json\/wp\/v2\/product_tag?post=14218"}],"curies":[{"name":"wp","href":"https:\/\/api.w.org\/{rel}","templated":true}]}}