{"id":13986,"date":"2024-09-27T07:28:37","date_gmt":"2024-09-27T07:28:37","guid":{"rendered":"https:\/\/www.sunkaraoke.hu\/?post_type=product&#038;p=13986"},"modified":"2024-09-27T07:30:17","modified_gmt":"2024-09-27T07:30:17","slug":"piros-bela-zold-erdoben-de-magas-2024-new","status":"publish","type":"product","link":"https:\/\/www.sunkaraoke.hu\/index.php\/termek\/piros-bela-zold-erdoben-de-magas-2024-new\/","title":{"rendered":"<div class=\"wcmp-player-container product-13986\"><audio controlslist=\"nodownload\" data-product=\"13986\"  volume=\"1\"  preload=\"none\" data-lazyloading=\"none\" class=\"wcmp-player track mejs-classic\" data-duration=\"0:32\" data-estimated_duration=\"4\"><source src=\"https:\/\/www.sunkaraoke.hu\/wp-content\/uploads\/2024\/09\/Zold-erdoben-de-magas-2024.New_demo.mp3\" type=\"audio\/mp3\" \/><\/audio><\/div>Piros B\u00e9la &#8211; Z\u00f6ld erd\u0151ben de magas 2024. NEW"},"content":{"rendered":"<p><b>03:04<\/b>| <strong><img loading=\"lazy\" decoding=\"async\" class=\"alignnone size-full wp-image-467\" src=\"https:\/\/www.sunkaraoke.hu\/wp-content\/uploads\/2022\/07\/choir_2-copy.webp\" alt=\"\" width=\"30\" height=\"30\" \/> <\/strong><\/p>\n","protected":false},"excerpt":{"rendered":"<h6><strong>Bits\u0171r\u0171s\u00e9g: 320kb\/s<\/strong><br \/>\n<strong>Hossz: 03:04<\/strong><br \/>\n<strong>Vok\u00e1lt tartalmaz: Nem <img loading=\"lazy\" decoding=\"async\" class=\"alignnone size-full wp-image-467\" src=\"http:\/\/www.sunkaraoke.hu\/wp-content\/uploads\/2022\/07\/choir_2-copy.png\" alt=\"\" width=\"30\" height=\"30\" \/><\/strong><strong style=\"font-size: 16px;\"><br \/>\n<\/strong><\/h6>\n<p>Sunkaraoke mp3 st\u00fadi\u00f3 \/ www.sunkaraoke.hu \/ Inf: Tel: 06 20 4275001<\/p>\n<p>&#8212;Intr\u00f3&#8212;<br \/>\nZ\u00f6ld erd\u0151ben de magas,<br \/>\nz\u00f6ld erd\u0151ben de magas a juharfa.<br \/>\nKicsiny mad\u00e1r sejehaj<br \/>\nkicsiny mad\u00e1r, a f\u00e9szk\u00e9t odarakja.<br \/>\nAz erdei a dalos mad\u00e1rnak is van p\u00e1rja,<br \/>\ncsak \u00e9n magam egyed\u00fcl,<br \/>\ncsak \u00e9n magam egyed\u00fcl vagyok \u00e1rva!<br \/>\nAz erdei a dalos mad\u00e1rnak is van p\u00e1rja,<br \/>\ncsak \u00e9n magam egyed\u00fcl,<br \/>\ncsak \u00e9n magam egyed\u00fcl vagyok \u00e1rva!<br \/>\n&#8212;Sz\u00f3l\u00f3&#8212;<br \/>\nR\u00f3zsa r\u00f3zsa r\u00f3zsa fa,<br \/>\nr\u00f3zsa r\u00f3zsa labda, r\u00f3zsa levele,<br \/>\nnem besz\u00e9ltem sejehaj,<br \/>\nnem besz\u00e9ltem a r\u00f3zs\u00e1mmal az este.<br \/>\nA zsebkend\u0151m is n\u00e1la van a zseb\u00e9be,<br \/>\nvissza hozza sejehaj,<br \/>\nvissza hozza ha akarja az este.<br \/>\nA zsebkend\u0151m is n\u00e1la van a zseb\u00e9be,<br \/>\nvissza hozza sejehaj,<br \/>\nvissza hozza ha akarja az este.<br \/>\n&#8212;Sz\u00f3l\u00f3&#8212;<br \/>\nPiros alma kigurult,<br \/>\npiros alma kigurult a kos\u00e1rb\u00f3l,<br \/>\nnincsen aki felvegye,<br \/>\nnincsen aki megt\u00f6r\u00f6lje a s\u00e1rt\u00f3l,<br \/>\n\u00c9n felvettem, megt\u00f6r\u00f6ltem a s\u00e1rt\u00f3l,<br \/>\nk\u00e9rek cs\u00f3kot, kapok is,<br \/>\nak\u00e1r hatvanhatot is a bab\u00e1mt\u00f3l.<br \/>\n\u00c9n felvettem, megt\u00f6r\u00f6ltem a s\u00e1rt\u00f3l,<br \/>\nk\u00e9rek cs\u00f3kot, kapok is,<br \/>\nak\u00e1r hatvanhatot is a bab\u00e1mt\u00f3l.<br \/>\n&#8212;V\u00e9ge&#8212;<\/p>\n","protected":false},"featured_media":12989,"template":"","meta":{"site-sidebar-layout":"default","site-content-layout":"default","ast-site-content-layout":"default","site-content-style":"default","site-sidebar-style":"default","ast-global-header-display":"","ast-banner-title-visibility":"","ast-main-header-display":"","ast-hfb-above-header-display":"","ast-hfb-below-header-display":"","ast-hfb-mobile-header-display":"","site-post-title":"","ast-breadcrumbs-content":"","ast-featured-img":"","footer-sml-layout":"","theme-transparent-header-meta":"default","adv-header-id-meta":"","stick-header-meta":"","header-above-stick-meta":"","header-main-stick-meta":"","header-below-stick-meta":"","astra-migrate-meta-layouts":"set","ast-page-background-enabled":"default","ast-page-background-meta":{"desktop":{"background-color":"var(--ast-global-color-4)","background-image":"","background-repeat":"repeat","background-position":"center center","background-size":"auto","background-attachment":"scroll","background-type":"","background-media":"","overlay-type":"","overlay-color":"","overlay-opacity":"","overlay-gradient":""},"tablet":{"background-color":"","background-image":"","background-repeat":"repeat","background-position":"center center","background-size":"auto","background-attachment":"scroll","background-type":"","background-media":"","overlay-type":"","overlay-color":"","overlay-opacity":"","overlay-gradient":""},"mobile":{"background-color":"","background-image":"","background-repeat":"repeat","background-position":"center center","background-size":"auto","background-attachment":"scroll","background-type":"","background-media":"","overlay-type":"","overlay-color":"","overlay-opacity":"","overlay-gradient":""}},"ast-content-background-meta":{"desktop":{"background-color":"var(--ast-global-color-5)","background-image":"","background-repeat":"repeat","background-position":"center center","background-size":"auto","background-attachment":"scroll","background-type":"","background-media":"","overlay-type":"","overlay-color":"","overlay-opacity":"","overlay-gradient":""},"tablet":{"background-color":"var(--ast-global-color-5)","background-image":"","background-repeat":"repeat","background-position":"center center","background-size":"auto","background-attachment":"scroll","background-type":"","background-media":"","overlay-type":"","overlay-color":"","overlay-opacity":"","overlay-gradient":""},"mobile":{"background-color":"var(--ast-global-color-5)","background-image":"","background-repeat":"repeat","background-position":"center center","background-size":"auto","background-attachment":"scroll","background-type":"","background-media":"","overlay-type":"","overlay-color":"","overlay-opacity":"","overlay-gradient":""}}},"product_cat":[48],"product_tag":[],"class_list":["post-13986","product","type-product","status-publish","has-post-thumbnail","hentry","product_cat-sunkaraoke-dalok","desktop-align-left","tablet-align-left","mobile-align-left"],"_links":{"self":[{"href":"https:\/\/www.sunkaraoke.hu\/index.php\/wp-json\/wp\/v2\/product\/13986","targetHints":{"allow":["GET"]}}],"collection":[{"href":"https:\/\/www.sunkaraoke.hu\/index.php\/wp-json\/wp\/v2\/product"}],"about":[{"href":"https:\/\/www.sunkaraoke.hu\/index.php\/wp-json\/wp\/v2\/types\/product"}],"wp:featuredmedia":[{"embeddable":true,"href":"https:\/\/www.sunkaraoke.hu\/index.php\/wp-json\/wp\/v2\/media\/12989"}],"wp:attachment":[{"href":"https:\/\/www.sunkaraoke.hu\/index.php\/wp-json\/wp\/v2\/media?parent=13986"}],"wp:term":[{"taxonomy":"product_cat","embeddable":true,"href":"https:\/\/www.sunkaraoke.hu\/index.php\/wp-json\/wp\/v2\/product_cat?post=13986"},{"taxonomy":"product_tag","embeddable":true,"href":"https:\/\/www.sunkaraoke.hu\/index.php\/wp-json\/wp\/v2\/product_tag?post=13986"}],"curies":[{"name":"wp","href":"https:\/\/api.w.org\/{rel}","templated":true}]}}