{"id":13972,"date":"2024-09-25T05:53:11","date_gmt":"2024-09-25T05:53:11","guid":{"rendered":"https:\/\/www.sunkaraoke.hu\/?post_type=product&#038;p=13972"},"modified":"2024-09-25T05:56:37","modified_gmt":"2024-09-25T05:56:37","slug":"dolly-roll-elpattant-egy-hur-2024-new","status":"publish","type":"product","link":"https:\/\/www.sunkaraoke.hu\/index.php\/termek\/dolly-roll-elpattant-egy-hur-2024-new\/","title":{"rendered":"<div class=\"wcmp-player-container product-13972\"><audio controlslist=\"nodownload\" data-product=\"13972\"  volume=\"1\"  preload=\"none\" data-lazyloading=\"none\" class=\"wcmp-player track mejs-classic\" data-duration=\"0:33\" data-estimated_duration=\"4\"><source src=\"https:\/\/www.sunkaraoke.hu\/wp-content\/uploads\/2024\/09\/Elpattant-egy-hur-2024._demo.mp3\" type=\"audio\/mp3\" \/><\/audio><\/div>Dolly Roll: Elpattant egy h\u00far 2024. NEW"},"content":{"rendered":"<p><strong>03:23 \/<\/strong>\u00a0<strong><img loading=\"lazy\" decoding=\"async\" class=\"alignnone size-full wp-image-467\" src=\"https:\/\/www.sunkaraoke.hu\/wp-content\/uploads\/2022\/07\/choir_2-copy.webp\" alt=\"\" width=\"30\" height=\"30\" \/> \/ +5<\/strong><\/p>\n","protected":false},"excerpt":{"rendered":"<h6><strong>Bits\u0171r\u0171s\u00e9g: 320kb\/s<\/strong><br \/>\n<strong>Hossz: 03:23<\/strong><br \/>\n<strong>Vok\u00e1lt tartalmaz: Nem <img loading=\"lazy\" decoding=\"async\" class=\"alignnone size-full wp-image-467\" src=\"http:\/\/www.sunkaraoke.hu\/wp-content\/uploads\/2022\/07\/choir_2-copy.png\" alt=\"\" width=\"30\" height=\"30\" \/><\/strong><br \/>\n<strong>Transzpon\u00e1l\u00e1s: +5<\/strong><\/h6>\n<p>Sunkaraoke mp3 st\u00fadi\u00f3 \/ www.sunkaraoke.hu \/ Inf: Tel: 06 20 4275001<\/p>\n<p>&#8212;Intr\u00f3&#8212;<br \/>\nElpattant egy h\u00far,<br \/>\nsz\u00edvembe v\u00e1gott oly v\u00e1ratlanul.<br \/>\nElpattant egy h\u00far,<br \/>\nel se hittem, csak \u00e1lltam sz\u00f3tlanul.<br \/>\n\u00dagy gondoltam, \u00f6sszetartozunk.<br \/>\nHirtelen elpattant egy h\u00far,<br \/>\n\u00edgy kezd\u0151d\u00f6tt, minden b\u00e1natom.<br \/>\nMa m\u00e9g f\u00e1j de egyszer minden megfakul.<br \/>\nHirtelen elpattant egy h\u00far,<br \/>\nmerengek a t\u0171n\u0151 tegnapon,<br \/>\ns egy hajnalon, kezem fel\u00e9d hi\u00e1ba ny\u00fajtom.<br \/>\n&#8212;Sz\u00f3l\u00f3&#8212;<br \/>\nElpattant egy h\u00far, v\u00e9gtelennek t\u0171n\u0151 pillanat.<br \/>\nElpattant egy h\u00far, csak egy halv\u00e1ny mosoly maradt.<br \/>\nSzertefoszl\u00f3 \u00e1lomk\u00e9p csup\u00e1n.<br \/>\nHirtelen elpattant egy h\u00far,<br \/>\n\u00edgy kezd\u0151d\u00f6tt, minden b\u00e1natom.<br \/>\nMa m\u00e9g f\u00e1j,de egyszer minden megfakul.<br \/>\nHirtelen elpattant egy h\u00far,<br \/>\nmerengek a t\u0171n\u0151 tegnapon.<br \/>\nS egy hajnalon, kezem fel\u00e9d hi\u00e1ba ny\u00fajtom.<br \/>\n&#8212;Sz\u00f3l\u00f3&#8212;<br \/>\nHirtelen elpattant egy h\u00far,<br \/>\n\u00edgy kezd\u0151d\u00f6tt, minden b\u00e1natom.<br \/>\nMa m\u00e9g f\u00e1j,de egyszer minden megfakul.<br \/>\nHirtelen elpattant egy h\u00far,<br \/>\nmerengek a t\u0171n\u0151 tegnapon.<br \/>\nS egy hajnalon, kezem fel\u00e9d hi\u00e1ba ny\u00fajtom.<br \/>\n&#8212;V\u00e9ge&#8212;<\/p>\n","protected":false},"featured_media":13932,"template":"","meta":{"site-sidebar-layout":"default","site-content-layout":"default","ast-site-content-layout":"default","site-content-style":"default","site-sidebar-style":"default","ast-global-header-display":"","ast-banner-title-visibility":"","ast-main-header-display":"","ast-hfb-above-header-display":"","ast-hfb-below-header-display":"","ast-hfb-mobile-header-display":"","site-post-title":"","ast-breadcrumbs-content":"","ast-featured-img":"","footer-sml-layout":"","theme-transparent-header-meta":"default","adv-header-id-meta":"","stick-header-meta":"","header-above-stick-meta":"","header-main-stick-meta":"","header-below-stick-meta":"","astra-migrate-meta-layouts":"set","ast-page-background-enabled":"default","ast-page-background-meta":{"desktop":{"background-color":"var(--ast-global-color-4)","background-image":"","background-repeat":"repeat","background-position":"center center","background-size":"auto","background-attachment":"scroll","background-type":"","background-media":"","overlay-type":"","overlay-color":"","overlay-opacity":"","overlay-gradient":""},"tablet":{"background-color":"","background-image":"","background-repeat":"repeat","background-position":"center center","background-size":"auto","background-attachment":"scroll","background-type":"","background-media":"","overlay-type":"","overlay-color":"","overlay-opacity":"","overlay-gradient":""},"mobile":{"background-color":"","background-image":"","background-repeat":"repeat","background-position":"center center","background-size":"auto","background-attachment":"scroll","background-type":"","background-media":"","overlay-type":"","overlay-color":"","overlay-opacity":"","overlay-gradient":""}},"ast-content-background-meta":{"desktop":{"background-color":"var(--ast-global-color-5)","background-image":"","background-repeat":"repeat","background-position":"center center","background-size":"auto","background-attachment":"scroll","background-type":"","background-media":"","overlay-type":"","overlay-color":"","overlay-opacity":"","overlay-gradient":""},"tablet":{"background-color":"var(--ast-global-color-5)","background-image":"","background-repeat":"repeat","background-position":"center center","background-size":"auto","background-attachment":"scroll","background-type":"","background-media":"","overlay-type":"","overlay-color":"","overlay-opacity":"","overlay-gradient":""},"mobile":{"background-color":"var(--ast-global-color-5)","background-image":"","background-repeat":"repeat","background-position":"center center","background-size":"auto","background-attachment":"scroll","background-type":"","background-media":"","overlay-type":"","overlay-color":"","overlay-opacity":"","overlay-gradient":""}}},"product_cat":[48],"product_tag":[],"class_list":["post-13972","product","type-product","status-publish","has-post-thumbnail","hentry","product_cat-sunkaraoke-dalok","desktop-align-left","tablet-align-left","mobile-align-left"],"_links":{"self":[{"href":"https:\/\/www.sunkaraoke.hu\/index.php\/wp-json\/wp\/v2\/product\/13972","targetHints":{"allow":["GET"]}}],"collection":[{"href":"https:\/\/www.sunkaraoke.hu\/index.php\/wp-json\/wp\/v2\/product"}],"about":[{"href":"https:\/\/www.sunkaraoke.hu\/index.php\/wp-json\/wp\/v2\/types\/product"}],"wp:featuredmedia":[{"embeddable":true,"href":"https:\/\/www.sunkaraoke.hu\/index.php\/wp-json\/wp\/v2\/media\/13932"}],"wp:attachment":[{"href":"https:\/\/www.sunkaraoke.hu\/index.php\/wp-json\/wp\/v2\/media?parent=13972"}],"wp:term":[{"taxonomy":"product_cat","embeddable":true,"href":"https:\/\/www.sunkaraoke.hu\/index.php\/wp-json\/wp\/v2\/product_cat?post=13972"},{"taxonomy":"product_tag","embeddable":true,"href":"https:\/\/www.sunkaraoke.hu\/index.php\/wp-json\/wp\/v2\/product_tag?post=13972"}],"curies":[{"name":"wp","href":"https:\/\/api.w.org\/{rel}","templated":true}]}}