{"id":13695,"date":"2024-08-24T12:11:53","date_gmt":"2024-08-24T12:11:53","guid":{"rendered":"https:\/\/www.sunkaraoke.hu\/?post_type=product&#038;p=13695"},"modified":"2025-11-14T19:21:55","modified_gmt":"2025-11-14T17:21:55","slug":"bitto-duo-osztriga-2024-new","status":"publish","type":"product","link":"https:\/\/www.sunkaraoke.hu\/index.php\/termek\/bitto-duo-osztriga-2024-new\/","title":{"rendered":"<div class=\"wcmp-player-container product-13695\"><audio controlslist=\"nodownload\" data-product=\"13695\"  volume=\"1\"  preload=\"none\" data-lazyloading=\"none\" class=\"wcmp-player track mejs-classic\" data-duration=\"0:31\" data-estimated_duration=\"4\"><source src=\"https:\/\/www.sunkaraoke.hu\/wp-content\/uploads\/2024\/08\/Osztriga-2024.-mast_demo.mp3\" type=\"audio\/mp3\" \/><\/audio><\/div>Bitt\u00f3 Du\u00f3 &#8211; Osztriga 2024. NEW"},"content":{"rendered":"<p><strong>03:24<\/strong>\u00a0| <strong><img loading=\"lazy\" decoding=\"async\" class=\"alignnone size-full wp-image-467\" src=\"https:\/\/www.sunkaraoke.hu\/wp-content\/uploads\/2022\/07\/choir_2-copy.webp\" alt=\"\" width=\"30\" height=\"30\" \/> <\/strong><\/p>\n","protected":false},"excerpt":{"rendered":"<h6><strong>Bits\u0171r\u0171s\u00e9g: 320kb\/s<\/strong><\/h6>\n<h6><strong>Hossz: 03:24<\/strong><\/h6>\n<h6><strong>Vok\u00e1l: Nem <img loading=\"lazy\" decoding=\"async\" class=\"alignnone size-full wp-image-467\" src=\"http:\/\/www.sunkaraoke.hu\/wp-content\/uploads\/2022\/07\/choir_2-copy.png\" alt=\"\" width=\"30\" height=\"30\" \/><\/strong><\/h6>\n<p>Sunkaraoke mp3 st\u00fadi\u00f3 \/ www.sunkaraoke.hu \/ Inf: Tel: 06 20 4275001<\/p>\n<p>&#8212;Intr\u00f3&#8212;<br \/>\nOh, Lady M, te vagy a f\u00e9tisem,<br \/>\nminden \u00e9jjel hozz\u00e1d b\u00fajn\u00e9k, kedvesem,<br \/>\nde \u00e9n a szeg\u00e9nys\u00e9gben n\u0151ttem fel,<br \/>\nhi\u00e1ba s\u00fagta a sz\u00edv, hogy \u0151t vedd el m\u00e1r.<br \/>\n\u00dcres zsebek \u00e9s egy b\u0151r tarisznya,<br \/>\ns\u00edrva \u00e9nekel egy b\u00fas barista,<br \/>\nelmenek\u00fcln\u00e9k innen messzire m\u00e1r!<br \/>\nTelth\u00e1z kavi\u00e1r \u00e9s osztriga,<br \/>\nott mindenkinek fullos a romnyija,<br \/>\ntudom, benn\u00fck is megvan a sok hiba,<br \/>\nde nek\u00fcnk nem jutott csak kotyog\u00f3s omnia.<br \/>\nItt messze f\u00fajt a sz\u00e9l, a b\u00fa, a b\u00e1nat,<br \/>\n\u00e9s senki nem seg\u00edt m\u00e1r.<br \/>\nAz \u00e9letet v\u00e1dolj\u00e1k, feladj\u00e1k,<br \/>\n\u00e9s a k\u00f6nnyebb utat v\u00e1lasztj\u00e1k.<br \/>\n&#8212;Sz\u00f3l\u00f3&#8212;<br \/>\nKarakol, piano, negro, ugyan\u00fagy kotyog\u00f3s pressz\u00f3,<br \/>\nFame ain\u2019t stuffin\u2019 me, kicsi baba,<br \/>\ntudod, meg kell p\u00f6rgetni,a szokny\u00e1t!<br \/>\nDe kiszakad az ingem a forr\u00f3 t\u00e1nct\u00f3l,<br \/>\n\u00fagy kopog a cip\u0151, hogy a parkett l\u00e1ngol,<br \/>\nde te, hajadon amazon, \u00e9gk\u0151 a nyakadon,<br \/>\nszerelem a szemembe, de nem lehetsz eny\u00e9m.<br \/>\nMondd el, minek ig\u00e9zt\u00e9l meg,<br \/>\n\u00e9s a kicsi sz\u00edvedet kinek \u00edg\u00e9rt\u00e9k,<br \/>\nam\u00edg odabent egy latt\u00e9t kik\u00e9rt\u00e9l,<br \/>\nminden l\u00e9p\u00e9sed az angyalok k\u00eds\u00e9rj\u00e9k.<br \/>\n\u00dcres zsebek \u00e9s egy b\u0151r tarisznya,<br \/>\ns\u00edrva \u00e9nekel egy b\u00fas barista,<br \/>\nelmenek\u00fcln\u00e9k innen messzire m\u00e1r.<br \/>\nTelth\u00e1z kavi\u00e1r \u00e9s osztriga,<br \/>\nott mindenkinek fullos a romnyija,<br \/>\ntudom, benn\u00fck is megvan a sok hiba,<br \/>\nde nek\u00fcnk nem jutott csak kotyog\u00f3s omnia.<br \/>\nItt messze f\u00faj a sz\u00e9l, a b\u00fa, a b\u00e1nat,<br \/>\n\u00e9s senki nem seg\u00edt m\u00e1r.<br \/>\naz \u00e9letet v\u00e1dolj\u00e1k, feladj\u00e1k,<br \/>\n\u00e9s a k\u00f6nnyebb utat v\u00e1lasztj\u00e1k.<br \/>\n&#8212;Sz\u00f3l\u00f3&#8212;<br \/>\nTelth\u00e1z kavi\u00e1r, \u00e9s osztriga,<br \/>\nott mindenkinek fullos a romnyija,<br \/>\ntudom, benn\u00fck is megvan a sok hiba,<br \/>\nde nek\u00fcnk nem jutott csak kotyog\u00f3s omnia.<br \/>\nItt messze f\u00fajt a sz\u00e9l, a b\u00fa, a b\u00e1nat,<br \/>\n\u00e9s senki nem seg\u00edt m\u00e1r.<br \/>\nAz \u00e9letet v\u00e1dolj\u00e1k, feladj\u00e1k,<br \/>\n\u00e9s a k\u00f6nnyebb utat v\u00e1lasztj\u00e1k.<br \/>\n&#8212;V\u00e9ge&#8212;<\/p>\n","protected":false},"featured_media":11406,"template":"","meta":{"site-sidebar-layout":"default","site-content-layout":"default","ast-site-content-layout":"","site-content-style":"default","site-sidebar-style":"default","ast-global-header-display":"","ast-banner-title-visibility":"","ast-main-header-display":"","ast-hfb-above-header-display":"","ast-hfb-below-header-display":"","ast-hfb-mobile-header-display":"","site-post-title":"","ast-breadcrumbs-content":"","ast-featured-img":"","footer-sml-layout":"","theme-transparent-header-meta":"default","adv-header-id-meta":"","stick-header-meta":"","header-above-stick-meta":"","header-main-stick-meta":"","header-below-stick-meta":"","astra-migrate-meta-layouts":"default","ast-page-background-enabled":"default","ast-page-background-meta":{"desktop":{"background-color":"var(--ast-global-color-4)","background-image":"","background-repeat":"repeat","background-position":"center center","background-size":"auto","background-attachment":"scroll","background-type":"","background-media":"","overlay-type":"","overlay-color":"","overlay-opacity":"","overlay-gradient":""},"tablet":{"background-color":"","background-image":"","background-repeat":"repeat","background-position":"center center","background-size":"auto","background-attachment":"scroll","background-type":"","background-media":"","overlay-type":"","overlay-color":"","overlay-opacity":"","overlay-gradient":""},"mobile":{"background-color":"","background-image":"","background-repeat":"repeat","background-position":"center center","background-size":"auto","background-attachment":"scroll","background-type":"","background-media":"","overlay-type":"","overlay-color":"","overlay-opacity":"","overlay-gradient":""}},"ast-content-background-meta":{"desktop":{"background-color":"var(--ast-global-color-5)","background-image":"","background-repeat":"repeat","background-position":"center center","background-size":"auto","background-attachment":"scroll","background-type":"","background-media":"","overlay-type":"","overlay-color":"","overlay-opacity":"","overlay-gradient":""},"tablet":{"background-color":"var(--ast-global-color-5)","background-image":"","background-repeat":"repeat","background-position":"center center","background-size":"auto","background-attachment":"scroll","background-type":"","background-media":"","overlay-type":"","overlay-color":"","overlay-opacity":"","overlay-gradient":""},"mobile":{"background-color":"var(--ast-global-color-5)","background-image":"","background-repeat":"repeat","background-position":"center center","background-size":"auto","background-attachment":"scroll","background-type":"","background-media":"","overlay-type":"","overlay-color":"","overlay-opacity":"","overlay-gradient":""}}},"product_cat":[48],"product_tag":[],"class_list":["post-13695","product","type-product","status-publish","has-post-thumbnail","hentry","product_cat-sunkaraoke-dalok","desktop-align-left","tablet-align-left","mobile-align-left"],"_links":{"self":[{"href":"https:\/\/www.sunkaraoke.hu\/index.php\/wp-json\/wp\/v2\/product\/13695","targetHints":{"allow":["GET"]}}],"collection":[{"href":"https:\/\/www.sunkaraoke.hu\/index.php\/wp-json\/wp\/v2\/product"}],"about":[{"href":"https:\/\/www.sunkaraoke.hu\/index.php\/wp-json\/wp\/v2\/types\/product"}],"wp:featuredmedia":[{"embeddable":true,"href":"https:\/\/www.sunkaraoke.hu\/index.php\/wp-json\/wp\/v2\/media\/11406"}],"wp:attachment":[{"href":"https:\/\/www.sunkaraoke.hu\/index.php\/wp-json\/wp\/v2\/media?parent=13695"}],"wp:term":[{"taxonomy":"product_cat","embeddable":true,"href":"https:\/\/www.sunkaraoke.hu\/index.php\/wp-json\/wp\/v2\/product_cat?post=13695"},{"taxonomy":"product_tag","embeddable":true,"href":"https:\/\/www.sunkaraoke.hu\/index.php\/wp-json\/wp\/v2\/product_tag?post=13695"}],"curies":[{"name":"wp","href":"https:\/\/api.w.org\/{rel}","templated":true}]}}