{"id":13424,"date":"2024-07-09T12:42:31","date_gmt":"2024-07-09T12:42:31","guid":{"rendered":"https:\/\/www.sunkaraoke.hu\/?post_type=product&#038;p=13424"},"modified":"2026-03-27T07:06:38","modified_gmt":"2026-03-27T05:06:38","slug":"piros-bela-nem-csalodsz-bennem-2024","status":"publish","type":"product","link":"https:\/\/www.sunkaraoke.hu\/index.php\/termek\/piros-bela-nem-csalodsz-bennem-2024\/","title":{"rendered":"<div class=\"wcmp-player-container product-13424\"><audio controlslist=\"nodownload\" data-product=\"13424\"  volume=\"1\"  preload=\"none\" data-lazyloading=\"none\" class=\"wcmp-player track mejs-classic\" data-duration=\"0:31\" data-estimated_duration=\"4\"><source src=\"https:\/\/www.sunkaraoke.hu\/wp-content\/uploads\/2024\/07\/Nem-csalodsz-bennem-2024_demo.mp3\" type=\"audio\/mp3\" \/><\/audio><\/div>Piros B\u00e9la &#8211; Nem csal\u00f3dsz bennem 2024."},"content":{"rendered":"<p><b>03:17<\/b>| <strong><img loading=\"lazy\" decoding=\"async\" class=\"alignnone size-full wp-image-467\" src=\"https:\/\/www.sunkaraoke.hu\/wp-content\/uploads\/2022\/07\/choir_2-copy.webp\" alt=\"\" width=\"30\" height=\"30\" \/> <\/strong><\/p>\n","protected":false},"excerpt":{"rendered":"<h5><strong>Bits\u0171r\u0171s\u00e9g: 320kb\/s<\/strong><br \/>\n<strong>Hossz: 03:17<\/strong><br \/>\n<strong>Vok\u00e1lt tartalmaz: Nem <img loading=\"lazy\" decoding=\"async\" class=\"alignnone size-full wp-image-467\" src=\"http:\/\/www.sunkaraoke.hu\/wp-content\/uploads\/2022\/07\/choir_2-copy.png\" alt=\"\" width=\"30\" height=\"30\" \/><\/strong><strong style=\"font-size: 16px;\"><br \/>\n<\/strong><\/h5>\n<p>Sunkaraoke mp3 st\u00fadi\u00f3 \/ www.sunkaraoke.hu \/ Inf: Tel: 06 20 4275001<\/p>\n<p>&#8212;Intr\u00f3&#8212;<br \/>\nNe legyek elfeledett sz\u00e9p eml\u00e9ked neked,<br \/>\n\u00e9n legyek aki\u00e9rt \u00fagy dobog most a sz\u00edved,<br \/>\nha kell a csillagokat lehozom \u00e9n neked,<br \/>\ncsak hogy kifejezzem a h\u0171 szerelmemet.<br \/>\nSz\u00e9p szerelmem k\u00e9rlek ne mondj nekem nemet,<br \/>\nsz\u00edvem k\u00f6zep\u00e9be bev\u00e9stem a neved,<br \/>\ns nagyon f\u00e1jni fog, ha m\u00e9gsem leszel eny\u00e9m,<br \/>\nhallgasd h\u00e1t sz\u00e9p szerelemem, sz\u00edvb\u0151l sz\u00f3l a zen\u00e9m.<br \/>\nEg\u00e9sz \u00e9letemben hidd el csak r\u00e1d v\u00e1rtam,<br \/>\nm\u00e1s l\u00e1nyok el\u0151l a sz\u00edvem kulcsra z\u00e1rtam,<br \/>\nbebizony\u00edtom, nem kell az \u00edg\u00e9ret,<br \/>\nnem csal\u00f3dsz majd bennem, dr\u00e1ga feles\u00e9gem,<br \/>\ndr\u00e1ga feles\u00e9gem!<br \/>\n&#8212;Sz\u00f3l\u00f3&#8212;<br \/>\nNe legyek elfeledett sz\u00e9p eml\u00e9ked neked,<br \/>\n\u00e9n legyek aki\u00e9rt \u00fagy dobog most a sz\u00edved,<br \/>\nha kell a csillagokat lehozom \u00e9n neked,<br \/>\ncsak hogy kifejezzem a h\u0171 szerelmemet.<br \/>\nSz\u00e9p szerelmem, k\u00e9rlek ne mondj nekem nemet,<br \/>\nsz\u00edvem k\u00f6zep\u00e9be, bev\u00e9stem a neved,<br \/>\ns nagyon f\u00e1jni fog, ha m\u00e9gsem leszel eny\u00e9m,<br \/>\nhallgasd h\u00e1t sz\u00e9p szerelemem, sz\u00edvb\u0151l sz\u00f3l a zen\u00e9m.<br \/>\nEg\u00e9sz \u00e9letemben hidd el csak r\u00e1d v\u00e1rtam,<br \/>\nm\u00e1s l\u00e1nyok el\u0151l a sz\u00edvem kulcsra z\u00e1rtam,<br \/>\nbebizony\u00edtom, nem kell az \u00edg\u00e9ret,<br \/>\nnem csal\u00f3dsz majd bennem, dr\u00e1ga feles\u00e9gem,<br \/>\ndr\u00e1ga feles\u00e9gem!<br \/>\n&#8211;Sz\u00f3l\u00f3&#8212;<br \/>\nEg\u00e9sz \u00e9letemben hidd el csak r\u00e1d v\u00e1rtam,<br \/>\nm\u00e1s l\u00e1nyok el\u0151l a sz\u00edvem kulcsra z\u00e1rtam,<br \/>\nbebizony\u00edtom, nem kell az \u00edg\u00e9ret,<br \/>\nnem csal\u00f3dsz majd bennem, dr\u00e1ga feles\u00e9gem,<br \/>\ndr\u00e1ga feles\u00e9gem!<br \/>\nNe legyek elfeledett sz\u00e9p eml\u00e9ked neked,<br \/>\n\u00e9n legyek aki\u00e9rt \u00fagy dobog most a sz\u00edved,<br \/>\nha kell a csillagokat lehozom \u00e9n neked,<br \/>\ncsak hogy kifejezzem a h\u0171 szerelmemet.<br \/>\nSz\u00e9p szerelmem k\u00e9rlek ne mondj nekem nemet,<br \/>\nsz\u00edvem k\u00f6zep\u00e9be bev\u00e9stem a neved,<br \/>\ns nagyon f\u00e1jni fog, ha m\u00e9gsem leszel eny\u00e9m,<br \/>\nhallgasd h\u00e1t sz\u00e9p szerelemem, sz\u00edvb\u0151l sz\u00f3l a zen\u00e9m.<br \/>\nEg\u00e9sz \u00e9letemben hidd el csak r\u00e1d v\u00e1rtam,<br \/>\nm\u00e1s l\u00e1nyok el\u0151l a sz\u00edvem kulcsra z\u00e1rtam,<br \/>\nbebizony\u00edtom, nem kell az \u00edg\u00e9ret,<br \/>\nnem csal\u00f3dsz majd bennem, dr\u00e1ga feles\u00e9gem,<br \/>\ndr\u00e1ga feles\u00e9gem!<br \/>\n&#8212;V\u00e9ge&#8212;<\/p>\n<p>&nbsp;<\/p>\n","protected":false},"featured_media":12989,"template":"","meta":{"site-sidebar-layout":"default","site-content-layout":"default","ast-site-content-layout":"","site-content-style":"default","site-sidebar-style":"default","ast-global-header-display":"","ast-banner-title-visibility":"","ast-main-header-display":"","ast-hfb-above-header-display":"","ast-hfb-below-header-display":"","ast-hfb-mobile-header-display":"","site-post-title":"","ast-breadcrumbs-content":"","ast-featured-img":"","footer-sml-layout":"","theme-transparent-header-meta":"default","adv-header-id-meta":"","stick-header-meta":"","header-above-stick-meta":"","header-main-stick-meta":"","header-below-stick-meta":"","astra-migrate-meta-layouts":"default","ast-page-background-enabled":"default","ast-page-background-meta":{"desktop":{"background-color":"var(--ast-global-color-4)","background-image":"","background-repeat":"repeat","background-position":"center center","background-size":"auto","background-attachment":"scroll","background-type":"","background-media":"","overlay-type":"","overlay-color":"","overlay-opacity":"","overlay-gradient":""},"tablet":{"background-color":"","background-image":"","background-repeat":"repeat","background-position":"center center","background-size":"auto","background-attachment":"scroll","background-type":"","background-media":"","overlay-type":"","overlay-color":"","overlay-opacity":"","overlay-gradient":""},"mobile":{"background-color":"","background-image":"","background-repeat":"repeat","background-position":"center center","background-size":"auto","background-attachment":"scroll","background-type":"","background-media":"","overlay-type":"","overlay-color":"","overlay-opacity":"","overlay-gradient":""}},"ast-content-background-meta":{"desktop":{"background-color":"var(--ast-global-color-5)","background-image":"","background-repeat":"repeat","background-position":"center center","background-size":"auto","background-attachment":"scroll","background-type":"","background-media":"","overlay-type":"","overlay-color":"","overlay-opacity":"","overlay-gradient":""},"tablet":{"background-color":"var(--ast-global-color-5)","background-image":"","background-repeat":"repeat","background-position":"center center","background-size":"auto","background-attachment":"scroll","background-type":"","background-media":"","overlay-type":"","overlay-color":"","overlay-opacity":"","overlay-gradient":""},"mobile":{"background-color":"var(--ast-global-color-5)","background-image":"","background-repeat":"repeat","background-position":"center center","background-size":"auto","background-attachment":"scroll","background-type":"","background-media":"","overlay-type":"","overlay-color":"","overlay-opacity":"","overlay-gradient":""}}},"product_cat":[48],"product_tag":[],"class_list":["post-13424","product","type-product","status-publish","has-post-thumbnail","hentry","product_cat-sunkaraoke-dalok","desktop-align-left","tablet-align-left","mobile-align-left"],"_links":{"self":[{"href":"https:\/\/www.sunkaraoke.hu\/index.php\/wp-json\/wp\/v2\/product\/13424","targetHints":{"allow":["GET"]}}],"collection":[{"href":"https:\/\/www.sunkaraoke.hu\/index.php\/wp-json\/wp\/v2\/product"}],"about":[{"href":"https:\/\/www.sunkaraoke.hu\/index.php\/wp-json\/wp\/v2\/types\/product"}],"wp:featuredmedia":[{"embeddable":true,"href":"https:\/\/www.sunkaraoke.hu\/index.php\/wp-json\/wp\/v2\/media\/12989"}],"wp:attachment":[{"href":"https:\/\/www.sunkaraoke.hu\/index.php\/wp-json\/wp\/v2\/media?parent=13424"}],"wp:term":[{"taxonomy":"product_cat","embeddable":true,"href":"https:\/\/www.sunkaraoke.hu\/index.php\/wp-json\/wp\/v2\/product_cat?post=13424"},{"taxonomy":"product_tag","embeddable":true,"href":"https:\/\/www.sunkaraoke.hu\/index.php\/wp-json\/wp\/v2\/product_tag?post=13424"}],"curies":[{"name":"wp","href":"https:\/\/api.w.org\/{rel}","templated":true}]}}