{"id":13400,"date":"2024-07-04T15:14:12","date_gmt":"2024-07-04T15:14:12","guid":{"rendered":"https:\/\/www.sunkaraoke.hu\/?post_type=product&#038;p=13400"},"modified":"2024-08-17T04:49:10","modified_gmt":"2024-08-17T04:49:10","slug":"zseller-jeno-fujt-a-szel-s-jott-a-vihar-2024","status":"publish","type":"product","link":"https:\/\/www.sunkaraoke.hu\/index.php\/termek\/zseller-jeno-fujt-a-szel-s-jott-a-vihar-2024\/","title":{"rendered":"<div class=\"wcmp-player-container product-13400\"><audio controlslist=\"nodownload\" data-product=\"13400\"  volume=\"1\"  preload=\"none\" data-lazyloading=\"none\" class=\"wcmp-player track mejs-classic\" data-duration=\"0:33\" data-estimated_duration=\"4\"><source src=\"https:\/\/www.sunkaraoke.hu\/wp-content\/uploads\/2024\/07\/Fujt-a-szel-s-jott-2024.Zselle_demo.mp3\" type=\"audio\/mp3\" \/><\/audio><\/div>Zsell\u00e9r Jen\u0151 : F\u00fajt a sz\u00e9l s j\u00f6tt a vihar 2024."},"content":{"rendered":"<p><strong>03:23<\/strong> | <strong><img loading=\"lazy\" decoding=\"async\" class=\"alignnone size-full wp-image-467\" src=\"https:\/\/www.sunkaraoke.hu\/wp-content\/uploads\/2022\/07\/choir_2-copy.webp\" alt=\"\" width=\"30\" height=\"30\" \/> <\/strong><\/p>\n","protected":false},"excerpt":{"rendered":"<h5><strong>Bits\u0171r\u0171s\u00e9g: 320kb\/s<\/strong><br \/>\n<strong>Hossz: 03:23<\/strong><br \/>\n<strong>Vok\u00e1lt tartalmaz: Nem <img loading=\"lazy\" decoding=\"async\" class=\"alignnone size-full wp-image-467\" src=\"http:\/\/www.sunkaraoke.hu\/wp-content\/uploads\/2022\/07\/choir_2-copy.png\" alt=\"\" width=\"30\" height=\"30\" \/><\/strong><strong style=\"font-size: 16px;\"><br \/>\n<\/strong><\/h5>\n<p>Sunkaraoke mp3 st\u00fadi\u00f3 \/ www.sunkaraoke.hu \/ Inf: Tel: 06 20 4275001<\/p>\n<p>&#8212;Intr\u00f3&#8212;<br \/>\nF\u00fajt a sz\u00e9l s j\u00f6tt a vihar,<br \/>\ncsendben \u00e1lltam \u00e9s v\u00e1rtalak \u00e9n,<br \/>\nk\u00e9t szemem k\u00f6nnybe borult, s te nem j\u00f6tt\u00e9l fel\u00e9m.<br \/>\nAzt\u00e1n elsz\u00e1llt a vihar, naps\u00fct\u00e9s j\u00f6tt \u00e9s el\u00e1llt a sz\u00e9l,<br \/>\nm\u00e9gis egyed\u00fcl vagyok, m\u00e9gsem j\u00f6ssz \u00e9nfel\u00e9m.<br \/>\nMindenem csak te volt\u00e1l nekem,<br \/>\nm\u00e9gis elhagyt\u00e1l, mondd mi\u00e9rt, ment\u00e9l el?<br \/>\nMindenem csak te volt\u00e1l nekem,<br \/>\nm\u00e9gis elhagyt\u00e1l, mondd mi\u00e9rt ment\u00e9l el?<br \/>\n&#8212;Sz\u00f3l\u00f3&#8212;<br \/>\nTudom elj\u00f6n majd egyszer,<br \/>\nhisz a vihar is r\u00e9g messze sz\u00e1llt,<br \/>\na hom\u00e1lyban feldereng, egy kev\u00e9s boldogs\u00e1g.<br \/>\nArr\u00f3l \u00e1lmodom n\u00e9ha,<br \/>\nitt vagy velem \u00e9s megsimogatsz,<br \/>\nm\u00fal\u00f3 l\u00e1tom\u00e1s csup\u00e1n, igaz sem volt tal\u00e1n!<br \/>\nMindenem csak te volt\u00e1l nekem,<br \/>\nm\u00e9gis elhagyt\u00e1l, mondd mi\u00e9rt ment\u00e9l el?<br \/>\nMindenem csak te volt\u00e1l nekem,<br \/>\nm\u00e9gis elhagyt\u00e1l, mondd mi\u00e9rt, ment\u00e9l el?<br \/>\n&#8212;Sz\u00f3l\u00f3&#8212;<br \/>\nMindenem csak te volt\u00e1l nekem,<br \/>\nm\u00e9gis elhagyt\u00e1l, mondd mi\u00e9rt, ment\u00e9l el?<br \/>\nMindenem csak te volt\u00e1l nekem,<br \/>\nm\u00e9gis elhagyt\u00e1l, mondd mi\u00e9rt, ment\u00e9l el?<br \/>\n&#8212;V\u00e9ge&#8212;<\/p>\n","protected":false},"featured_media":288,"template":"","meta":{"site-sidebar-layout":"default","site-content-layout":"default","ast-site-content-layout":"","site-content-style":"default","site-sidebar-style":"default","ast-global-header-display":"","ast-banner-title-visibility":"","ast-main-header-display":"","ast-hfb-above-header-display":"","ast-hfb-below-header-display":"","ast-hfb-mobile-header-display":"","site-post-title":"","ast-breadcrumbs-content":"","ast-featured-img":"","footer-sml-layout":"","theme-transparent-header-meta":"default","adv-header-id-meta":"","stick-header-meta":"","header-above-stick-meta":"","header-main-stick-meta":"","header-below-stick-meta":"","astra-migrate-meta-layouts":"default","ast-page-background-enabled":"default","ast-page-background-meta":{"desktop":{"background-color":"var(--ast-global-color-4)","background-image":"","background-repeat":"repeat","background-position":"center center","background-size":"auto","background-attachment":"scroll","background-type":"","background-media":"","overlay-type":"","overlay-color":"","overlay-opacity":"","overlay-gradient":""},"tablet":{"background-color":"","background-image":"","background-repeat":"repeat","background-position":"center center","background-size":"auto","background-attachment":"scroll","background-type":"","background-media":"","overlay-type":"","overlay-color":"","overlay-opacity":"","overlay-gradient":""},"mobile":{"background-color":"","background-image":"","background-repeat":"repeat","background-position":"center center","background-size":"auto","background-attachment":"scroll","background-type":"","background-media":"","overlay-type":"","overlay-color":"","overlay-opacity":"","overlay-gradient":""}},"ast-content-background-meta":{"desktop":{"background-color":"var(--ast-global-color-5)","background-image":"","background-repeat":"repeat","background-position":"center center","background-size":"auto","background-attachment":"scroll","background-type":"","background-media":"","overlay-type":"","overlay-color":"","overlay-opacity":"","overlay-gradient":""},"tablet":{"background-color":"var(--ast-global-color-5)","background-image":"","background-repeat":"repeat","background-position":"center center","background-size":"auto","background-attachment":"scroll","background-type":"","background-media":"","overlay-type":"","overlay-color":"","overlay-opacity":"","overlay-gradient":""},"mobile":{"background-color":"var(--ast-global-color-5)","background-image":"","background-repeat":"repeat","background-position":"center center","background-size":"auto","background-attachment":"scroll","background-type":"","background-media":"","overlay-type":"","overlay-color":"","overlay-opacity":"","overlay-gradient":""}}},"product_cat":[48],"product_tag":[],"class_list":["post-13400","product","type-product","status-publish","has-post-thumbnail","hentry","product_cat-sunkaraoke-dalok","desktop-align-left","tablet-align-left","mobile-align-left"],"_links":{"self":[{"href":"https:\/\/www.sunkaraoke.hu\/index.php\/wp-json\/wp\/v2\/product\/13400","targetHints":{"allow":["GET"]}}],"collection":[{"href":"https:\/\/www.sunkaraoke.hu\/index.php\/wp-json\/wp\/v2\/product"}],"about":[{"href":"https:\/\/www.sunkaraoke.hu\/index.php\/wp-json\/wp\/v2\/types\/product"}],"wp:featuredmedia":[{"embeddable":true,"href":"https:\/\/www.sunkaraoke.hu\/index.php\/wp-json\/wp\/v2\/media\/288"}],"wp:attachment":[{"href":"https:\/\/www.sunkaraoke.hu\/index.php\/wp-json\/wp\/v2\/media?parent=13400"}],"wp:term":[{"taxonomy":"product_cat","embeddable":true,"href":"https:\/\/www.sunkaraoke.hu\/index.php\/wp-json\/wp\/v2\/product_cat?post=13400"},{"taxonomy":"product_tag","embeddable":true,"href":"https:\/\/www.sunkaraoke.hu\/index.php\/wp-json\/wp\/v2\/product_tag?post=13400"}],"curies":[{"name":"wp","href":"https:\/\/api.w.org\/{rel}","templated":true}]}}