{"id":12741,"date":"2024-02-20T16:52:14","date_gmt":"2024-02-20T16:52:14","guid":{"rendered":"https:\/\/www.sunkaraoke.hu\/?post_type=product&#038;p=12741"},"modified":"2025-04-07T15:26:30","modified_gmt":"2025-04-07T15:26:30","slug":"piros-bela-piros-mulatos-78-mix","status":"publish","type":"product","link":"https:\/\/www.sunkaraoke.hu\/index.php\/termek\/piros-bela-piros-mulatos-78-mix\/","title":{"rendered":"<div class=\"wcmp-player-container product-12741\"><audio controlslist=\"nodownload\" data-product=\"12741\"  volume=\"1\"  preload=\"none\" data-lazyloading=\"none\" class=\"wcmp-player track mejs-classic\" data-duration=\"0:36\" data-estimated_duration=\"4\"><source src=\"https:\/\/www.sunkaraoke.hu\/wp-content\/uploads\/2024\/02\/Piros-mulatos-mix-78.PB_demo.mp3\" type=\"audio\/mp3\" \/><\/audio><\/div>Piros B\u00e9la -Piros Mulat\u00f3s 78. MIX. (Original)"},"content":{"rendered":"<p><b>12:19<\/b>| <strong><img loading=\"lazy\" decoding=\"async\" class=\"alignnone size-full wp-image-467\" src=\"https:\/\/www.sunkaraoke.hu\/wp-content\/uploads\/2022\/07\/choir_2-copy.webp\" alt=\"\" width=\"30\" height=\"30\" \/> <\/strong><\/p>\n","protected":false},"excerpt":{"rendered":"<h6><strong>Bits\u0171r\u0171s\u00e9g: 320kb\/s<\/strong><br \/>\n<strong>Hossz:12:19<\/strong><br \/>\n<strong>Vok\u00e1lt tartalmaz: Nem <img loading=\"lazy\" decoding=\"async\" class=\"alignnone size-full wp-image-467\" src=\"http:\/\/www.sunkaraoke.hu\/wp-content\/uploads\/2022\/07\/choir_2-copy.png\" alt=\"\" width=\"30\" height=\"30\" \/><\/strong><strong style=\"font-size: 16px;\"><br \/>\n<\/strong><\/h6>\n<p>Sunkaraoke mp3 st\u00fadi\u00f3 \/ www.sunkaraoke.hu \/ Inf: Tel: 06 20 4275001<\/p>\n<p>&#8212;Intr\u00f3&#8212;<br \/>\nNe irigykedj testv\u00e9r,azt a kutyaf\u00e1dat,<br \/>\nh\u00fazd fel a cip\u0151m, azt\u00e1n j\u00e1rd ut\u00e1nam.<br \/>\nG\u00f6r\u00f6ngy\u00f6s az \u00fat,,oszt,, jaj orra ne ess\u00e9l,<br \/>\nhogyha m\u00e9gis, h\u00e1t,engem ne keress\u00e9l.<br \/>\nTudom te vagy a mister t\u00f6k\u00e9letes,<br \/>\nsoha nem akartam hogy engem szeress.<br \/>\nHa letiltalak t\u0151led csak egy \u00fczenet marad,<br \/>\nde a sz\u00edvem nem f\u00e1j ut\u00e1nad.<br \/>\nTudom te vagy a mister t\u00f6k\u00e9letes,<br \/>\nsoha nem akartam hogy engem szeress.<br \/>\nHa letiltalak t\u0151led csak egy \u00fczenet marad,<br \/>\nde a sz\u00edvem nem f\u00e1j ut\u00e1nad.<br \/>\n&#8212;Sz\u00f3l\u00f3&#8212;<br \/>\nMegsz\u00f3lod az \u00e9letem,minden perc\u00e9t \u00e9lvezem,<br \/>\nposztom alatt l\u00e1tom,d\u00fch\u00edt\u0151 k\u00e9t szemed.<br \/>\n\u00c9p\u00edteni nem tudsz,h\u00e1t ne rombold a v\u00e1rat,<br \/>\nmutat\u00f3 \u00fajj el\u0151,,Oszt,,g\u00f6rgess od\u00e9bb p\u00e1rat.<br \/>\nTudom te vagy a mister t\u00f6k\u00e9letes,<br \/>\nsoha nem akartam hogy engem szeress.<br \/>\nHa letiltalak t\u0151led csak egy \u00fczenet marad,<br \/>\nde a sz\u00edvem nem f\u00e1j ut\u00e1nad.<br \/>\nTudom te vagy a mister t\u00f6k\u00e9letes,<br \/>\nsoha nem akartam hogy engem szeress.<br \/>\nHa letiltalak t\u0151led csak egy \u00fczenet marad,<br \/>\nde a sz\u00edvem nem f\u00e1j ut\u00e1nad.<br \/>\n&#8212;Sz\u00f3l\u00f3&#8212;<br \/>\nTudom te vagy a mister t\u00f6k\u00e9letes,<br \/>\nsoha nem akartam hogy engem szeress.<br \/>\nHa letiltalak t\u0151led csak egy \u00fczenet marad,<br \/>\nde a sz\u00edvem nem f\u00e1j ut\u00e1nad.<br \/>\nTudom bar\u00e1tom,k\u00f6z\u00f6mb\u00f6s a n\u00f3ta,<br \/>\npedig hozz\u00e1d sz\u00f3l,most minden egyes sora.<br \/>\nKinek nem inge ne vegye mag\u00e1ra,<br \/>\nt\u00f6lts\u00fck a poharat ,Azt,, igyunk egyet r\u00e1ja.<br \/>\nTudom te vagy a mister t\u00f6k\u00e9letes,<br \/>\nsoha nem akartam hogy engem szeress.<br \/>\nHa letiltalak t\u0151led csak egy \u00fczenet marad,<br \/>\nde a sz\u00edvem nem f\u00e1j ut\u00e1nad.<br \/>\nTudom te vagy a mister t\u00f6k\u00e9letes,<br \/>\nsoha nem akartam hogy engem szeress.<br \/>\nHa letiltalak t\u0151led csak egy \u00fczenet marad,<br \/>\nde a sz\u00edvem nem f\u00e1j ut\u00e1nad.<br \/>\n&#8212;V\u00e9ge&#8212;<\/p>\n","protected":false},"featured_media":12989,"template":"","meta":{"site-sidebar-layout":"default","site-content-layout":"default","ast-site-content-layout":"default","site-content-style":"default","site-sidebar-style":"default","ast-global-header-display":"","ast-banner-title-visibility":"","ast-main-header-display":"","ast-hfb-above-header-display":"","ast-hfb-below-header-display":"","ast-hfb-mobile-header-display":"","site-post-title":"","ast-breadcrumbs-content":"","ast-featured-img":"","footer-sml-layout":"","theme-transparent-header-meta":"default","adv-header-id-meta":"","stick-header-meta":"","header-above-stick-meta":"","header-main-stick-meta":"","header-below-stick-meta":"","astra-migrate-meta-layouts":"set","ast-page-background-enabled":"default","ast-page-background-meta":{"desktop":{"background-color":"var(--ast-global-color-4)","background-image":"","background-repeat":"repeat","background-position":"center center","background-size":"auto","background-attachment":"scroll","background-type":"","background-media":"","overlay-type":"","overlay-color":"","overlay-opacity":"","overlay-gradient":""},"tablet":{"background-color":"","background-image":"","background-repeat":"repeat","background-position":"center center","background-size":"auto","background-attachment":"scroll","background-type":"","background-media":"","overlay-type":"","overlay-color":"","overlay-opacity":"","overlay-gradient":""},"mobile":{"background-color":"","background-image":"","background-repeat":"repeat","background-position":"center center","background-size":"auto","background-attachment":"scroll","background-type":"","background-media":"","overlay-type":"","overlay-color":"","overlay-opacity":"","overlay-gradient":""}},"ast-content-background-meta":{"desktop":{"background-color":"var(--ast-global-color-5)","background-image":"","background-repeat":"repeat","background-position":"center center","background-size":"auto","background-attachment":"scroll","background-type":"","background-media":"","overlay-type":"","overlay-color":"","overlay-opacity":"","overlay-gradient":""},"tablet":{"background-color":"var(--ast-global-color-5)","background-image":"","background-repeat":"repeat","background-position":"center center","background-size":"auto","background-attachment":"scroll","background-type":"","background-media":"","overlay-type":"","overlay-color":"","overlay-opacity":"","overlay-gradient":""},"mobile":{"background-color":"var(--ast-global-color-5)","background-image":"","background-repeat":"repeat","background-position":"center center","background-size":"auto","background-attachment":"scroll","background-type":"","background-media":"","overlay-type":"","overlay-color":"","overlay-opacity":"","overlay-gradient":""}}},"product_cat":[48],"product_tag":[],"class_list":["post-12741","product","type-product","status-publish","has-post-thumbnail","hentry","product_cat-sunkaraoke-dalok","desktop-align-left","tablet-align-left","mobile-align-left"],"_links":{"self":[{"href":"https:\/\/www.sunkaraoke.hu\/index.php\/wp-json\/wp\/v2\/product\/12741","targetHints":{"allow":["GET"]}}],"collection":[{"href":"https:\/\/www.sunkaraoke.hu\/index.php\/wp-json\/wp\/v2\/product"}],"about":[{"href":"https:\/\/www.sunkaraoke.hu\/index.php\/wp-json\/wp\/v2\/types\/product"}],"wp:featuredmedia":[{"embeddable":true,"href":"https:\/\/www.sunkaraoke.hu\/index.php\/wp-json\/wp\/v2\/media\/12989"}],"wp:attachment":[{"href":"https:\/\/www.sunkaraoke.hu\/index.php\/wp-json\/wp\/v2\/media?parent=12741"}],"wp:term":[{"taxonomy":"product_cat","embeddable":true,"href":"https:\/\/www.sunkaraoke.hu\/index.php\/wp-json\/wp\/v2\/product_cat?post=12741"},{"taxonomy":"product_tag","embeddable":true,"href":"https:\/\/www.sunkaraoke.hu\/index.php\/wp-json\/wp\/v2\/product_tag?post=12741"}],"curies":[{"name":"wp","href":"https:\/\/api.w.org\/{rel}","templated":true}]}}