{"id":12443,"date":"2024-01-14T12:12:12","date_gmt":"2024-01-14T12:12:12","guid":{"rendered":"https:\/\/www.sunkaraoke.hu\/?post_type=product&#038;p=12443"},"modified":"2025-04-07T15:25:23","modified_gmt":"2025-04-07T15:25:23","slug":"piros-bela-piros-mulatos-75-mix","status":"publish","type":"product","link":"https:\/\/www.sunkaraoke.hu\/index.php\/termek\/piros-bela-piros-mulatos-75-mix\/","title":{"rendered":"<div class=\"wcmp-player-container product-12443\"><audio controlslist=\"nodownload\" data-product=\"12443\"  volume=\"1\"  preload=\"none\" data-lazyloading=\"none\" class=\"wcmp-player track mejs-classic\" data-duration=\"0:33\" data-estimated_duration=\"4\"><source src=\"https:\/\/www.sunkaraoke.hu\/wp-content\/uploads\/2024\/01\/Piros-mulatos-75-Mix_demo.mp3\" type=\"audio\/mp3\" \/><\/audio><\/div>Piros B\u00e9la -Piros Mulat\u00f3s 75. Mix. (Original)"},"content":{"rendered":"<p><b>06:54<\/b>| <strong><img loading=\"lazy\" decoding=\"async\" class=\"alignnone size-full wp-image-467\" src=\"https:\/\/www.sunkaraoke.hu\/wp-content\/uploads\/2022\/07\/choir_2-copy.webp\" alt=\"\" width=\"30\" height=\"30\" \/> <\/strong><\/p>\n","protected":false},"excerpt":{"rendered":"<h6><strong>Bits\u0171r\u0171s\u00e9g: 320kb\/s<\/strong><br \/>\n<strong>Hossz: 06:54<\/strong><br \/>\n<strong>Vok\u00e1lt tartalmaz: Nem <img loading=\"lazy\" decoding=\"async\" class=\"alignnone size-full wp-image-467\" src=\"http:\/\/www.sunkaraoke.hu\/wp-content\/uploads\/2022\/07\/choir_2-copy.png\" alt=\"\" width=\"30\" height=\"30\" \/><\/strong><strong style=\"font-size: 16px;\"><br \/>\n<\/strong><\/h6>\n<p>Sunkaraoke mp3 st\u00fadi\u00f3 \/ www.sunkaraoke.hu \/ Inf: Tel: 06 20 4275001<\/p>\n<p>&#8212;Intr\u00f3&#8212;<br \/>\nM\u00e1r min\u00e1lunk,bab\u00e1m,m\u00e1r min\u00e1lunk,bab\u00e1m,az j\u00f6tt a szok\u00e1sba,<br \/>\nNem szedik a meggyet,nem szedik a meggyet fedeles kos\u00e1rba.<br \/>\nFelmegy a leg\u00e9ny a f\u00e1ra,a meggyfa tetej\u00e9be,<br \/>\nLer\u00e1zza a meggyet,te meg,bab\u00e1m,szedjed a r\u00f3zs\u00e1s k\u00f6t\u00e9nyedbe!<br \/>\nFelmegy a leg\u00e9ny a f\u00e1ra,a meggyfa tetej\u00e9be,<br \/>\nLer\u00e1zza a meggyet,te meg,bab\u00e1m,szedjed a r\u00f3zs\u00e1s k\u00f6t\u00e9nyedbe!<br \/>\nM\u00e1r min\u00e1lunk,bab\u00e1m,m\u00e1r min\u00e1lunk,bab\u00e1m,az j\u00f6tt a szok\u00e1sba,<br \/>\nNem szedik a makkot,nem szedik a makkot fedeles kos\u00e1rba.<br \/>\nFelmegy a leg\u00e9ny a f\u00e1ra,a makkfa tetej\u00e9be,<br \/>\nLer\u00e1zza a makkot,te meg,bab\u00e1m,kapkodd a r\u00f3zs\u00e1s k\u00f6t\u00e9nyedbe!<br \/>\nFelmegy a leg\u00e9ny a f\u00e1ra,a makkfa tetej\u00e9be,<br \/>\nLer\u00e1zza a makkot,te meg,bab\u00e1m,kapkodd a r\u00f3zs\u00e1s k\u00f6t\u00e9nyedbe!<br \/>\n&#8212;Sz\u00f3l\u00f3&#8212;<br \/>\nM\u00e1r min\u00e1lunk,bab\u00e1m,m\u00e1r min\u00e1lunk,bab\u00e1m,az j\u00f6tt a szok\u00e1sba,<br \/>\nNem t\u00e1ncol a leg\u00e9ny,nem t\u00e1ncol a leg\u00e9ny alacsony cs\u00e1rd\u00e1ba.<br \/>\nAlacsony a cs\u00e1rda mestergerend\u00e1ja,<br \/>\nLet\u00f6rik a bab\u00e1m,let\u00f6rik a bab\u00e1m gy\u00f6ngy\u00f6s bokr\u00e9t\u00e1ja.<br \/>\nAlacsony a cs\u00e1rda mestergerend\u00e1ja,<br \/>\nLet\u00f6rik a bab\u00e1m,let\u00f6rik a bab\u00e1m gy\u00f6ngy\u00f6s bokr\u00e9t\u00e1ja.<br \/>\n&#8212;Sz\u00f3l\u00f3&#8212;<br \/>\nT\u00far a diszn\u00f3,t\u00far a mocs\u00e1rsz\u00e9len,tartottam szeret\u0151t,de m\u00e1r r\u00e9gen.<br \/>\nHa tartottam,megszenvedtem \u00e9rte,cudar vil\u00e1g,ne h\u00e1nyd a szememre!<br \/>\nHa tartottam,megszenvedtem \u00e9rte,cudar vil\u00e1g,ne h\u00e1nyd a szememre!<br \/>\nT\u00e9pett varj\u00fa sz\u00e1ll a faluv\u00e9gre,rossz id\u0151 j\u00e1r a szeg\u00e9nyleg\u00e9nyre.<br \/>\nKikacagj\u00e1k,g\u00fanyolj\u00e1k a l\u00e1nyok,a szerelem,jaj,de cudar \u00e1tok.<br \/>\nKikacagj\u00e1k,g\u00fanyolj\u00e1k a l\u00e1nyok,a szerelem,jaj,de cudar \u00e1tok.<br \/>\nKispej lovam fel van kant\u00e1rozva,jobban megy az \u00e9hen,mint j\u00f3llakva.<br \/>\nJ\u00f3magam is ehhez vagyok szokva,szeretem a m\u00e1s asszony\u00e1t lopva.<br \/>\nJ\u00f3magam is ehhez vagyok szokva,szeretem a m\u00e1s asszony\u00e1t lopva.<br \/>\n&#8212;Sz\u00f3l\u00f3&#8212;<br \/>\nHej,de kutya j\u00f3 kedvem van,az \u00e1ld\u00f3j\u00e1t n\u00e9ki!<br \/>\nM\u00e9g az \u00e9jjel \u00fagy ber\u00fagok,\u00f6r\u00f6m lesz azt n\u00e9zni.<br \/>\nSzombaton este azt mondta a bab\u00e1m,hogy ne j\u00e1rjak,bolonduljak ut\u00e1na!<br \/>\nK\u00f3cot tekert a haj\u00e1ba,m\u00e1snak lett a bab\u00e1ja.<br \/>\nSzombaton este azt mondta a bab\u00e1m,hogy ne j\u00e1rjak,bolonduljak ut\u00e1na!<br \/>\nK\u00f3cot tekert a haj\u00e1ba,m\u00e1snak lett a bab\u00e1ja.<br \/>\nHej,de kutya j\u00f3 kedvem van,az \u00e1ld\u00f3j\u00e1t n\u00e9ki!<br \/>\nM\u00e9g az \u00e9jjel \u00fagy ber\u00fagok,\u00f6r\u00f6m lesz azt n\u00e9zni.<br \/>\nDe \u00e9n arra azt feleltem n\u00e9ki:Hallod,r\u00f3zs\u00e1m,kellesz te a fen\u00e9nek.<br \/>\nNem vagyok \u00e9n bugyi,amit minden este cser\u00e9lnek.<br \/>\nDe \u00e9n arra azt feleltem n\u00e9ki:Hallod,r\u00f3zs\u00e1m,kellesz te a fen\u00e9nek.<br \/>\nNem vagyok \u00e9n bugyi,amit minden este cser\u00e9lnek.<br \/>\n&#8212;V\u00e9ge&#8212;<\/p>\n","protected":false},"featured_media":12989,"template":"","meta":{"site-sidebar-layout":"default","site-content-layout":"default","ast-site-content-layout":"default","site-content-style":"default","site-sidebar-style":"default","ast-global-header-display":"","ast-banner-title-visibility":"","ast-main-header-display":"","ast-hfb-above-header-display":"","ast-hfb-below-header-display":"","ast-hfb-mobile-header-display":"","site-post-title":"","ast-breadcrumbs-content":"","ast-featured-img":"","footer-sml-layout":"","theme-transparent-header-meta":"default","adv-header-id-meta":"","stick-header-meta":"","header-above-stick-meta":"","header-main-stick-meta":"","header-below-stick-meta":"","astra-migrate-meta-layouts":"set","ast-page-background-enabled":"default","ast-page-background-meta":{"desktop":{"background-color":"var(--ast-global-color-4)","background-image":"","background-repeat":"repeat","background-position":"center center","background-size":"auto","background-attachment":"scroll","background-type":"","background-media":"","overlay-type":"","overlay-color":"","overlay-opacity":"","overlay-gradient":""},"tablet":{"background-color":"","background-image":"","background-repeat":"repeat","background-position":"center center","background-size":"auto","background-attachment":"scroll","background-type":"","background-media":"","overlay-type":"","overlay-color":"","overlay-opacity":"","overlay-gradient":""},"mobile":{"background-color":"","background-image":"","background-repeat":"repeat","background-position":"center center","background-size":"auto","background-attachment":"scroll","background-type":"","background-media":"","overlay-type":"","overlay-color":"","overlay-opacity":"","overlay-gradient":""}},"ast-content-background-meta":{"desktop":{"background-color":"var(--ast-global-color-5)","background-image":"","background-repeat":"repeat","background-position":"center center","background-size":"auto","background-attachment":"scroll","background-type":"","background-media":"","overlay-type":"","overlay-color":"","overlay-opacity":"","overlay-gradient":""},"tablet":{"background-color":"var(--ast-global-color-5)","background-image":"","background-repeat":"repeat","background-position":"center center","background-size":"auto","background-attachment":"scroll","background-type":"","background-media":"","overlay-type":"","overlay-color":"","overlay-opacity":"","overlay-gradient":""},"mobile":{"background-color":"var(--ast-global-color-5)","background-image":"","background-repeat":"repeat","background-position":"center center","background-size":"auto","background-attachment":"scroll","background-type":"","background-media":"","overlay-type":"","overlay-color":"","overlay-opacity":"","overlay-gradient":""}}},"product_cat":[48],"product_tag":[],"class_list":["post-12443","product","type-product","status-publish","has-post-thumbnail","hentry","product_cat-sunkaraoke-dalok","desktop-align-left","tablet-align-left","mobile-align-left"],"_links":{"self":[{"href":"https:\/\/www.sunkaraoke.hu\/index.php\/wp-json\/wp\/v2\/product\/12443","targetHints":{"allow":["GET"]}}],"collection":[{"href":"https:\/\/www.sunkaraoke.hu\/index.php\/wp-json\/wp\/v2\/product"}],"about":[{"href":"https:\/\/www.sunkaraoke.hu\/index.php\/wp-json\/wp\/v2\/types\/product"}],"wp:featuredmedia":[{"embeddable":true,"href":"https:\/\/www.sunkaraoke.hu\/index.php\/wp-json\/wp\/v2\/media\/12989"}],"wp:attachment":[{"href":"https:\/\/www.sunkaraoke.hu\/index.php\/wp-json\/wp\/v2\/media?parent=12443"}],"wp:term":[{"taxonomy":"product_cat","embeddable":true,"href":"https:\/\/www.sunkaraoke.hu\/index.php\/wp-json\/wp\/v2\/product_cat?post=12443"},{"taxonomy":"product_tag","embeddable":true,"href":"https:\/\/www.sunkaraoke.hu\/index.php\/wp-json\/wp\/v2\/product_tag?post=12443"}],"curies":[{"name":"wp","href":"https:\/\/api.w.org\/{rel}","templated":true}]}}