{"id":12220,"date":"2023-12-09T15:13:20","date_gmt":"2023-12-09T15:13:20","guid":{"rendered":"https:\/\/www.sunkaraoke.hu\/?post_type=product&#038;p=12220"},"modified":"2026-03-27T07:06:40","modified_gmt":"2026-03-27T05:06:40","slug":"lakatos-endre-megjatzszottamn-magamat-2023-cover","status":"publish","type":"product","link":"https:\/\/www.sunkaraoke.hu\/index.php\/termek\/lakatos-endre-megjatzszottamn-magamat-2023-cover\/","title":{"rendered":"<div class=\"wcmp-player-container product-12220\"><audio controlslist=\"nodownload\" data-product=\"12220\"  volume=\"1\"  preload=\"none\" data-lazyloading=\"none\" class=\"wcmp-player track mejs-classic\" data-duration=\"0:32\" data-estimated_duration=\"4\"><source src=\"https:\/\/www.sunkaraoke.hu\/wp-content\/uploads\/wcmp\/6d54cc12264b1c052147ab8e7eaf5598.mp3\" type=\"audio\/mp3\" \/><\/audio><\/div>Lakatos Endre- Megj\u00e1tszottam magamat 2023. Cover"},"content":{"rendered":"<p><strong>03:23<\/strong>\u00a0| <strong><img loading=\"lazy\" decoding=\"async\" class=\"alignnone size-full wp-image-467\" src=\"https:\/\/www.sunkaraoke.hu\/wp-content\/uploads\/2022\/07\/choir_2-copy.webp\" alt=\"\" width=\"30\" height=\"30\" \/> <\/strong><\/p>\n","protected":false},"excerpt":{"rendered":"<h6>Bits\u0171r\u0171s\u00e9g:320 kb\/s<br \/>\nHossz: 03:23<br \/>\nVok\u00e1lt tartalmaz: Nem <img loading=\"lazy\" decoding=\"async\" class=\"alignnone size-full wp-image-467\" src=\"http:\/\/www.sunkaraoke.hu\/wp-content\/uploads\/2022\/07\/choir_2-copy.png\" alt=\"\" width=\"30\" height=\"30\" \/><strong style=\"font-size: 16px;\"><br \/>\n<\/strong><\/h6>\n<p>Sunkaraoke mp3 st\u00fadi\u00f3 \/ www.sunkaraoke.hu \/ Inf: Tel: 06 20 4275001<\/p>\n<p>&#8212;Intr\u00f3&#8212;<br \/>\nFelveszem a kalapom, el\u0171z\u00f6m a b\u00e1natom,<br \/>\nel\u0171z\u00f6m a b\u00e1natom.<br \/>\nEz \u00edgy tov\u00e1bb nem mehet, elegem lett bel\u0151led,<br \/>\nelegem lett bel\u0151led.<br \/>\nMegj\u00e1tszottam magamat, \u00e9rdekb\u0151l tartottalak,<br \/>\n\u00e9rdekb\u0151l tartottalak.<br \/>\nNem sokat jelentett\u00e9l, a p\u00e9nzed\u00e9rt kellett\u00e9l,<br \/>\na p\u00e9nzed\u00e9rt kellett\u00e9l.<br \/>\nNem sokat jelentett\u00e9l, a p\u00e9nzed\u00e9rt kellett\u00e9l,<br \/>\na p\u00e9nzed\u00e9rt kellett\u00e9l.<br \/>\nNekem ez m\u00e1r nem val\u00f3, tal\u00e1lj magadhoz val\u00f3t,<br \/>\nnem is volt\u00e1l olyan j\u00f3.<br \/>\nFullos Audit vezetek nem te kellett\u00e9l nekem,<br \/>\nnem te kellett\u00e9l nekem.<br \/>\nMegj\u00e1tszottam magamat, \u00e9rdekb\u0151l tartottalak,<br \/>\n\u00e9rdekb\u0151l tartottalak.<br \/>\nNem az\u00e9rt mert szerett\u00e9l, a p\u00e9nzed\u00e9rt kellett\u00e9l,<br \/>\na p\u00e9nzed\u00e9rt kellett\u00e9l.<br \/>\nNem az\u00e9rt mert szerett\u00e9l, a p\u00e9nzed\u00e9rt kellett\u00e9l,<br \/>\na p\u00e9nzed\u00e9rt kellett\u00e9l.<br \/>\n&#8212;Sz\u00f3l\u00f3&#8212;<br \/>\nFelveszem a kalapom, el\u0171z\u00f6m a b\u00e1natom,<br \/>\nel\u0171z\u00f6m a b\u00e1natom.<br \/>\nEz \u00edgy tov\u00e1bb nem mehet, elegem lett bel\u0151led,<br \/>\nelegem lett bel\u0151led.<br \/>\nMegj\u00e1tszottam magamat, \u00e9rdekb\u0151l tartottalak,<br \/>\n\u00e9rdekb\u0151l tartottalak.<br \/>\nNem sokat jelentett\u00e9l, a p\u00e9nzed\u00e9rt kellett\u00e9l,<br \/>\na p\u00e9nzed\u00e9rt kellett\u00e9l..<br \/>\nNem sokat jelentett\u00e9l, a p\u00e9nzed\u00e9rt kellett\u00e9l,<br \/>\na p\u00e9nzed\u00e9rt kellett\u00e9l.<br \/>\nNekem ez m\u00e1r nem val\u00f3, tal\u00e1lj magadhoz val\u00f3t,<br \/>\nnem is volt\u00e1l olyan j\u00f3.<br \/>\nFullos Audit vezetek nem te kellett\u00e9l nekem,<br \/>\nnem te kellett\u00e9l nekem.<br \/>\nMegj\u00e1tszottam magamat, \u00e9rdekb\u0151l tartottalak,<br \/>\n\u00e9rdekb\u0151l tartottalak.<br \/>\nNem az\u00e9rt mert szerett\u00e9l, a p\u00e9nzed\u00e9rt kellett\u00e9l,<br \/>\na p\u00e9nzed\u00e9rt kellett\u00e9l.<br \/>\nNem az\u00e9rt mert szerett\u00e9l, a p\u00e9nzed\u00e9rt kellett\u00e9l,<br \/>\na p\u00e9nzed\u00e9rt kellett\u00e9l.<br \/>\nMegj\u00e1tszottam magamat, \u00e9rdekb\u0151l tartottalak,<br \/>\n\u00e9rdekb\u0151l tartottalak.<br \/>\nNem az\u00e9rt mert szerett\u00e9l, a p\u00e9nzed\u00e9rt kellett\u00e9l,<br \/>\na p\u00e9nzed\u00e9rt kellett\u00e9l.<br \/>\nNem az\u00e9rt mert szerett\u00e9l, a p\u00e9nzed\u00e9rt kellett\u00e9l,<br \/>\na p\u00e9nzed\u00e9rt kellett\u00e9l.<br \/>\n&#8212;V\u00e9ge&#8212;<\/p>\n","protected":false},"featured_media":12223,"template":"","meta":{"site-sidebar-layout":"default","site-content-layout":"default","ast-site-content-layout":"","site-content-style":"default","site-sidebar-style":"default","ast-global-header-display":"","ast-banner-title-visibility":"","ast-main-header-display":"","ast-hfb-above-header-display":"","ast-hfb-below-header-display":"","ast-hfb-mobile-header-display":"","site-post-title":"","ast-breadcrumbs-content":"","ast-featured-img":"","footer-sml-layout":"","theme-transparent-header-meta":"default","adv-header-id-meta":"","stick-header-meta":"","header-above-stick-meta":"","header-main-stick-meta":"","header-below-stick-meta":"","astra-migrate-meta-layouts":"default","ast-page-background-enabled":"default","ast-page-background-meta":{"desktop":{"background-color":"var(--ast-global-color-4)","background-image":"","background-repeat":"repeat","background-position":"center center","background-size":"auto","background-attachment":"scroll","background-type":"","background-media":"","overlay-type":"","overlay-color":"","overlay-opacity":"","overlay-gradient":""},"tablet":{"background-color":"","background-image":"","background-repeat":"repeat","background-position":"center center","background-size":"auto","background-attachment":"scroll","background-type":"","background-media":"","overlay-type":"","overlay-color":"","overlay-opacity":"","overlay-gradient":""},"mobile":{"background-color":"","background-image":"","background-repeat":"repeat","background-position":"center center","background-size":"auto","background-attachment":"scroll","background-type":"","background-media":"","overlay-type":"","overlay-color":"","overlay-opacity":"","overlay-gradient":""}},"ast-content-background-meta":{"desktop":{"background-color":"var(--ast-global-color-5)","background-image":"","background-repeat":"repeat","background-position":"center center","background-size":"auto","background-attachment":"scroll","background-type":"","background-media":"","overlay-type":"","overlay-color":"","overlay-opacity":"","overlay-gradient":""},"tablet":{"background-color":"var(--ast-global-color-5)","background-image":"","background-repeat":"repeat","background-position":"center center","background-size":"auto","background-attachment":"scroll","background-type":"","background-media":"","overlay-type":"","overlay-color":"","overlay-opacity":"","overlay-gradient":""},"mobile":{"background-color":"var(--ast-global-color-5)","background-image":"","background-repeat":"repeat","background-position":"center center","background-size":"auto","background-attachment":"scroll","background-type":"","background-media":"","overlay-type":"","overlay-color":"","overlay-opacity":"","overlay-gradient":""}}},"product_cat":[48],"product_tag":[],"class_list":["post-12220","product","type-product","status-publish","has-post-thumbnail","hentry","product_cat-sunkaraoke-dalok","desktop-align-left","tablet-align-left","mobile-align-left"],"_links":{"self":[{"href":"https:\/\/www.sunkaraoke.hu\/index.php\/wp-json\/wp\/v2\/product\/12220","targetHints":{"allow":["GET"]}}],"collection":[{"href":"https:\/\/www.sunkaraoke.hu\/index.php\/wp-json\/wp\/v2\/product"}],"about":[{"href":"https:\/\/www.sunkaraoke.hu\/index.php\/wp-json\/wp\/v2\/types\/product"}],"wp:featuredmedia":[{"embeddable":true,"href":"https:\/\/www.sunkaraoke.hu\/index.php\/wp-json\/wp\/v2\/media\/12223"}],"wp:attachment":[{"href":"https:\/\/www.sunkaraoke.hu\/index.php\/wp-json\/wp\/v2\/media?parent=12220"}],"wp:term":[{"taxonomy":"product_cat","embeddable":true,"href":"https:\/\/www.sunkaraoke.hu\/index.php\/wp-json\/wp\/v2\/product_cat?post=12220"},{"taxonomy":"product_tag","embeddable":true,"href":"https:\/\/www.sunkaraoke.hu\/index.php\/wp-json\/wp\/v2\/product_tag?post=12220"}],"curies":[{"name":"wp","href":"https:\/\/api.w.org\/{rel}","templated":true}]}}