{"id":11869,"date":"2023-09-13T10:35:08","date_gmt":"2023-09-13T10:35:08","guid":{"rendered":"https:\/\/www.sunkaraoke.hu\/?post_type=product&#038;p=11869"},"modified":"2025-06-22T15:53:50","modified_gmt":"2025-06-22T13:53:50","slug":"express-rola-kellene-szolnia-2023","status":"publish","type":"product","link":"https:\/\/www.sunkaraoke.hu\/index.php\/termek\/express-rola-kellene-szolnia-2023\/","title":{"rendered":"<div class=\"wcmp-player-container product-11869\"><audio controlslist=\"nodownload\" data-product=\"11869\"  volume=\"1\"  preload=\"none\" data-lazyloading=\"none\" class=\"wcmp-player track mejs-classic\" data-duration=\"0:31\" data-estimated_duration=\"4\"><source src=\"https:\/\/www.sunkaraoke.hu\/wp-content\/uploads\/wcmp\/11fabb51fa611e8bf206f92ae016bf5d.mp3\" type=\"audio\/mp3\" \/><\/audio><\/div>Express : R\u00f3la kellene sz\u00f3lnia 2023."},"content":{"rendered":"<p><strong>03:53<\/strong>\/\u00a0\u00a0<img decoding=\"async\" src=\"https:\/\/www.sunkaraoke.hu\/wp-content\/uploads\/2022\/07\/choir_2-copy.webp\" \/> \/<\/p>\n","protected":false},"excerpt":{"rendered":"<h6><strong>Bits\u0171r\u0171s\u00e9g: 320kb\/s<\/strong><br \/>\n<strong>Hossz: 03:53<\/strong><br \/>\n<strong>Vok\u00e1lt tartalmaz: <img decoding=\"async\" src=\"https:\/\/www.sunkaraoke.hu\/wp-content\/uploads\/2022\/07\/choir_2-copy.png\" \/> Nem<\/strong><strong style=\"font-size: 16px;\"><br \/>\n<\/strong><\/h6>\n<p>Sunkaraoke mp3 st\u00fadi\u00f3 \/ www.sunkaraoke.hu \/ Inf: Tel: 06 20 4275001<\/p>\n<p>&#8212;Intr\u00f3&#8212;<br \/>\nR\u00f3la kellene sz\u00f3lni, akire \u00e9n most is gondolok,<br \/>\ntitokban, titokban.<br \/>\nR\u00f3la kellene sz\u00f3lni, akir\u0151l \u00e9n \u00fajb\u00f3l \u00e1lmodom,<br \/>\ntitokban, titokban.<br \/>\n\u00d3 \u00f3, nem, nem, nem,<br \/>\nnem sok\u00e1ig lesz ez titok, amit tudok,<br \/>\nhogy ki az, aki kell nekem.<br \/>\n\u00c9n is kedvelem \u00f6t nagyon, \u00e9s tudom,<br \/>\nhogy csak engem szeret.<br \/>\nMegpr\u00f3b\u00e1ltam m\u00e1st keresni, volt r\u00e1 alkalom,<br \/>\ngondoltam, hogy j\u00f6het jobb tal\u00e1n.<br \/>\nMegpr\u00f3b\u00e1ltam, nem siker\u00fclt, be kell vallanom,<br \/>\nnincsen n\u00e1la dr\u00e1g\u00e1bb kisle\u00e1ny.<br \/>\n&#8212;Sz\u00f3l\u00f3&#8212;<br \/>\nR\u00f3la kellene sz\u00f3lni, aki engem n\u00e9ha \u00e1t\u00f6lel,<br \/>\ntitokban, titokban.<br \/>\nR\u00f3la kellene sz\u00f3lni, akivel \u00e9n tal\u00e1lkozgatok,<br \/>\ntitokban, titokban.<br \/>\n\u00d3 \u00f3, nem, nem, nem,<br \/>\nnem sok\u00e1ig lesz ez titok, amit tudok,<br \/>\nhogy ki az, aki kell nekem.<br \/>\n\u00c9n is kedvelem \u00f6t nagyon, \u00e9s tudom,<br \/>\nhogy csak engem szeret.<br \/>\nMegpr\u00f3b\u00e1ltam m\u00e1st keresni, volt r\u00e1 alkalom,<br \/>\ngondoltam, hogy j\u00f6het jobb tal\u00e1n.<br \/>\nMegpr\u00f3b\u00e1ltam, nem siker\u00fclt, be kell vallanom,<br \/>\nnincsen n\u00e1la dr\u00e1g\u00e1bb kisle\u00e1ny.<br \/>\n&#8212;V\u00e9ge&#8212;<\/p>\n","protected":false},"featured_media":11872,"template":"","meta":{"site-sidebar-layout":"default","site-content-layout":"default","ast-site-content-layout":"","site-content-style":"default","site-sidebar-style":"default","ast-global-header-display":"","ast-banner-title-visibility":"","ast-main-header-display":"","ast-hfb-above-header-display":"","ast-hfb-below-header-display":"","ast-hfb-mobile-header-display":"","site-post-title":"","ast-breadcrumbs-content":"","ast-featured-img":"","footer-sml-layout":"","theme-transparent-header-meta":"default","adv-header-id-meta":"","stick-header-meta":"","header-above-stick-meta":"","header-main-stick-meta":"","header-below-stick-meta":"","astra-migrate-meta-layouts":"default","ast-page-background-enabled":"default","ast-page-background-meta":{"desktop":{"background-color":"var(--ast-global-color-4)","background-image":"","background-repeat":"repeat","background-position":"center center","background-size":"auto","background-attachment":"scroll","background-type":"","background-media":"","overlay-type":"","overlay-color":"","overlay-opacity":"","overlay-gradient":""},"tablet":{"background-color":"","background-image":"","background-repeat":"repeat","background-position":"center center","background-size":"auto","background-attachment":"scroll","background-type":"","background-media":"","overlay-type":"","overlay-color":"","overlay-opacity":"","overlay-gradient":""},"mobile":{"background-color":"","background-image":"","background-repeat":"repeat","background-position":"center center","background-size":"auto","background-attachment":"scroll","background-type":"","background-media":"","overlay-type":"","overlay-color":"","overlay-opacity":"","overlay-gradient":""}},"ast-content-background-meta":{"desktop":{"background-color":"var(--ast-global-color-5)","background-image":"","background-repeat":"repeat","background-position":"center center","background-size":"auto","background-attachment":"scroll","background-type":"","background-media":"","overlay-type":"","overlay-color":"","overlay-opacity":"","overlay-gradient":""},"tablet":{"background-color":"var(--ast-global-color-5)","background-image":"","background-repeat":"repeat","background-position":"center center","background-size":"auto","background-attachment":"scroll","background-type":"","background-media":"","overlay-type":"","overlay-color":"","overlay-opacity":"","overlay-gradient":""},"mobile":{"background-color":"var(--ast-global-color-5)","background-image":"","background-repeat":"repeat","background-position":"center center","background-size":"auto","background-attachment":"scroll","background-type":"","background-media":"","overlay-type":"","overlay-color":"","overlay-opacity":"","overlay-gradient":""}}},"product_cat":[48],"product_tag":[],"class_list":["post-11869","product","type-product","status-publish","has-post-thumbnail","hentry","product_cat-sunkaraoke-dalok","desktop-align-left","tablet-align-left","mobile-align-left"],"_links":{"self":[{"href":"https:\/\/www.sunkaraoke.hu\/index.php\/wp-json\/wp\/v2\/product\/11869","targetHints":{"allow":["GET"]}}],"collection":[{"href":"https:\/\/www.sunkaraoke.hu\/index.php\/wp-json\/wp\/v2\/product"}],"about":[{"href":"https:\/\/www.sunkaraoke.hu\/index.php\/wp-json\/wp\/v2\/types\/product"}],"wp:featuredmedia":[{"embeddable":true,"href":"https:\/\/www.sunkaraoke.hu\/index.php\/wp-json\/wp\/v2\/media\/11872"}],"wp:attachment":[{"href":"https:\/\/www.sunkaraoke.hu\/index.php\/wp-json\/wp\/v2\/media?parent=11869"}],"wp:term":[{"taxonomy":"product_cat","embeddable":true,"href":"https:\/\/www.sunkaraoke.hu\/index.php\/wp-json\/wp\/v2\/product_cat?post=11869"},{"taxonomy":"product_tag","embeddable":true,"href":"https:\/\/www.sunkaraoke.hu\/index.php\/wp-json\/wp\/v2\/product_tag?post=11869"}],"curies":[{"name":"wp","href":"https:\/\/api.w.org\/{rel}","templated":true}]}}