{"id":11753,"date":"2023-08-22T07:32:11","date_gmt":"2023-08-22T07:32:11","guid":{"rendered":"https:\/\/www.sunkaraoke.hu\/?post_type=product&#038;p=11753"},"modified":"2025-04-04T20:03:59","modified_gmt":"2025-04-04T20:03:59","slug":"didi-introvertalt-dal","status":"publish","type":"product","link":"https:\/\/www.sunkaraoke.hu\/index.php\/termek\/didi-introvertalt-dal\/","title":{"rendered":"<div class=\"wcmp-player-container product-11753\"><audio controlslist=\"nodownload\" data-product=\"11753\"  volume=\"1\"  preload=\"none\" data-lazyloading=\"none\" class=\"wcmp-player track mejs-classic\" data-duration=\"0:30\" data-estimated_duration=\"3\"><source src=\"https:\/\/www.sunkaraoke.hu\/wp-content\/uploads\/2023\/08\/Introvertalt-dal-_demo.mp3\" type=\"audio\/mp3\" \/><\/audio><\/div>Didi- Introvert\u00e1lt dal  (Original)"},"content":{"rendered":"<p><strong>02:55<\/strong>\u00a0| <strong><img loading=\"lazy\" decoding=\"async\" class=\"alignnone size-full wp-image-466\" src=\"https:\/\/www.sunkaraoke.hu\/wp-content\/uploads\/2022\/07\/choir_1-copy.webp\" alt=\"\" width=\"30\" height=\"30\" \/> <\/strong><\/p>\n","protected":false},"excerpt":{"rendered":"<h6><strong>Bits\u0171r\u0171s\u00e9g:320 kb\/s<\/strong><br \/>\n<strong>Hossz: 02:55<\/strong><br \/>\n<strong>Vok\u00e1lt tartalmaz: Igen <img loading=\"lazy\" decoding=\"async\" class=\"alignnone size-full wp-image-466\" src=\"http:\/\/www.sunkaraoke.hu\/wp-content\/uploads\/2022\/07\/choir_1-copy.png\" alt=\"\" width=\"30\" height=\"30\" \/><\/strong><strong style=\"font-size: 16px;\"><br \/>\n<\/strong><\/h6>\n<p>Sunkaraoke mp3 st\u00fadi\u00f3 \/ www.sunkaraoke.hu \/ Inf: Tel: 06 20 4275001<\/p>\n<p>&#8212;Intr\u00f3&#8212;\/\/00:18\/\/<br \/>\n\u00d3\u00f3 ba-ba-bar\u00e1tom, sajn\u00e1lom hogy nem voltam j\u00f3 hozz\u00e1d.<br \/>\nAzt mondom \u00e9jjel a macskak\u00f6ves utakon,<br \/>\nmegl\u00e1ttam egy mulatoz\u00f3 csapatot,<br \/>\n\u00e9s elt\u0171n\u0151dtem azon milyen r\u00e9gen is volt,<br \/>\nhogy \u00fagy \u00e9reztem magam, mint egy gyerek gyerek, gyerek..<br \/>\nGyerekkorom belepi a beton, hisz egy palotai nem v\u00e1r m\u00e1r csod\u00e1t,<br \/>\ncsak egyed\u00fcl bandukol az utakon,m\u00edg nem \u00fct\u00f6tt az utols\u00f3 \u00f3r\u00e1nk.<br \/>\nSohase v\u00e1rhatna eleget, h\u00e1t \u0151 \u00fajra eltemet,<br \/>\nsz\u00e1zegy rossz eml\u00e9ket kiskor\u00e1b\u00f3l.<br \/>\nArc\u00e1ra ragad az a k\u00e9p, ahogy szeretn\u00e9, hogy l\u00e1sd,<br \/>\nde val\u00f3j\u00e1ban soha-soha nem j\u00f6n vissza m\u00e1r.<br \/>\n&#8212;Sz\u00f3l\u00f3&#8212;\/\/01:15\/\/<br \/>\n\u00d3\u00f3 ba-ba-bar\u00e1tom, sajn\u00e1lom hogy nem voltam j\u00f3 hozz\u00e1d.<br \/>\nAzt mondom \u00e9jjel a macskak\u00f6ves utakon,<br \/>\nmegl\u00e1ttam egy mulatoz\u00f3 csapatot,<br \/>\n\u00e9s elt\u0171n\u0151dtem azon milyen r\u00e9gen is volt,<br \/>\nhogy \u00fagy \u00e9reztem magam, mint egy gyerek gyerek, gyerek..<br \/>\nGyerekkorom belepi a beton, hisz egy palotai nem v\u00e1r m\u00e1r csod\u00e1t,<br \/>\ncsak egyed\u00fcl bandukol az utakon,m\u00edg nem \u00fct\u00f6tt az utols\u00f3 \u00f3r\u00e1nk<br \/>\nSohase v\u00e1rhatna eleget, h\u00e1t \u0151 \u00fajra eltemet,<br \/>\nsz\u00e1zegy rossz eml\u00e9ket kiskor\u00e1b\u00f3l.<br \/>\nArc\u00e1ra ragad az a k\u00e9p, ahogy szeretn\u00e9, hogy l\u00e1sd,<br \/>\nde val\u00f3j\u00e1ban soha-soha nem j\u00f6n vissza m\u00e1r.<br \/>\n&#8212;Sz\u00f3l\u00f3&#8212;\/\/02:12\/\/<br \/>\nAzt mondom \u00e9jjel a macskak\u00f6ves utakon,<br \/>\nmegl\u00e1ttam egy mulatoz\u00f3 csapatot,<br \/>\n\u00e9s elt\u0171n\u0151dtem azon milyen r\u00e9gen is volt,<br \/>\nhogy \u00fagy \u00e9reztem magam, mint egy gyerek gyerek, gyerek..<br \/>\nGyerekkorom belepi a beton, hisz egy palotai nem v\u00e1r m\u00e1r csod\u00e1t,<br \/>\ncsak egyed\u00fcl bandukol az utakon,m\u00edg nem \u00fct\u00f6tt az utols\u00f3 \u00f3r\u00e1nk.<br \/>\nSohase v\u00e1rhatna eleget, h\u00e1t \u0151 \u00fajra eltemet,<br \/>\nsz\u00e1zegy rossz eml\u00e9ket kiskor\u00e1b\u00f3l.<br \/>\nArc\u00e1ra ragad az a k\u00e9p, ahogy szeretn\u00e9, hogy l\u00e1sd,<br \/>\nde val\u00f3j\u00e1ban soha-soha nem j\u00f6n vissza m\u00e1r.<br \/>\n&#8212;V\u00e9ge&#8212;<\/p>\n","protected":false},"featured_media":721,"template":"","meta":{"site-sidebar-layout":"default","site-content-layout":"default","ast-site-content-layout":"default","site-content-style":"default","site-sidebar-style":"default","ast-global-header-display":"","ast-banner-title-visibility":"","ast-main-header-display":"","ast-hfb-above-header-display":"","ast-hfb-below-header-display":"","ast-hfb-mobile-header-display":"","site-post-title":"","ast-breadcrumbs-content":"","ast-featured-img":"","footer-sml-layout":"","theme-transparent-header-meta":"default","adv-header-id-meta":"","stick-header-meta":"","header-above-stick-meta":"","header-main-stick-meta":"","header-below-stick-meta":"","astra-migrate-meta-layouts":"set","ast-page-background-enabled":"default","ast-page-background-meta":{"desktop":{"background-color":"var(--ast-global-color-4)","background-image":"","background-repeat":"repeat","background-position":"center center","background-size":"auto","background-attachment":"scroll","background-type":"","background-media":"","overlay-type":"","overlay-color":"","overlay-opacity":"","overlay-gradient":""},"tablet":{"background-color":"","background-image":"","background-repeat":"repeat","background-position":"center center","background-size":"auto","background-attachment":"scroll","background-type":"","background-media":"","overlay-type":"","overlay-color":"","overlay-opacity":"","overlay-gradient":""},"mobile":{"background-color":"","background-image":"","background-repeat":"repeat","background-position":"center center","background-size":"auto","background-attachment":"scroll","background-type":"","background-media":"","overlay-type":"","overlay-color":"","overlay-opacity":"","overlay-gradient":""}},"ast-content-background-meta":{"desktop":{"background-color":"var(--ast-global-color-5)","background-image":"","background-repeat":"repeat","background-position":"center center","background-size":"auto","background-attachment":"scroll","background-type":"","background-media":"","overlay-type":"","overlay-color":"","overlay-opacity":"","overlay-gradient":""},"tablet":{"background-color":"var(--ast-global-color-5)","background-image":"","background-repeat":"repeat","background-position":"center center","background-size":"auto","background-attachment":"scroll","background-type":"","background-media":"","overlay-type":"","overlay-color":"","overlay-opacity":"","overlay-gradient":""},"mobile":{"background-color":"var(--ast-global-color-5)","background-image":"","background-repeat":"repeat","background-position":"center center","background-size":"auto","background-attachment":"scroll","background-type":"","background-media":"","overlay-type":"","overlay-color":"","overlay-opacity":"","overlay-gradient":""}}},"product_cat":[46],"product_tag":[],"class_list":["post-11753","product","type-product","status-publish","has-post-thumbnail","hentry","product_cat-eredeti-karaoke-dalok","desktop-align-left","tablet-align-left","mobile-align-left"],"_links":{"self":[{"href":"https:\/\/www.sunkaraoke.hu\/index.php\/wp-json\/wp\/v2\/product\/11753","targetHints":{"allow":["GET"]}}],"collection":[{"href":"https:\/\/www.sunkaraoke.hu\/index.php\/wp-json\/wp\/v2\/product"}],"about":[{"href":"https:\/\/www.sunkaraoke.hu\/index.php\/wp-json\/wp\/v2\/types\/product"}],"wp:featuredmedia":[{"embeddable":true,"href":"https:\/\/www.sunkaraoke.hu\/index.php\/wp-json\/wp\/v2\/media\/721"}],"wp:attachment":[{"href":"https:\/\/www.sunkaraoke.hu\/index.php\/wp-json\/wp\/v2\/media?parent=11753"}],"wp:term":[{"taxonomy":"product_cat","embeddable":true,"href":"https:\/\/www.sunkaraoke.hu\/index.php\/wp-json\/wp\/v2\/product_cat?post=11753"},{"taxonomy":"product_tag","embeddable":true,"href":"https:\/\/www.sunkaraoke.hu\/index.php\/wp-json\/wp\/v2\/product_tag?post=11753"}],"curies":[{"name":"wp","href":"https:\/\/api.w.org\/{rel}","templated":true}]}}