{"id":11655,"date":"2023-08-14T15:34:10","date_gmt":"2023-08-14T15:34:10","guid":{"rendered":"https:\/\/www.sunkaraoke.hu\/?post_type=product&#038;p=11655"},"modified":"2025-04-05T15:26:34","modified_gmt":"2025-04-05T15:26:34","slug":"farao-legyek-jo-masolat","status":"publish","type":"product","link":"https:\/\/www.sunkaraoke.hu\/index.php\/termek\/farao-legyek-jo-masolat\/","title":{"rendered":"<div class=\"wcmp-player-container product-11655\"><audio controlslist=\"nodownload\" data-product=\"11655\"  volume=\"1\"  preload=\"none\" data-lazyloading=\"none\" class=\"wcmp-player track mejs-classic\" data-duration=\"0:32\" data-estimated_duration=\"4\"><source src=\"https:\/\/www.sunkaraoke.hu\/wp-content\/uploads\/2023\/08\/Lehetek-en-is-trsz_demo.mp3\" type=\"audio\/mp3\" \/><\/audio><\/div>F\u00e1ra\u00f3 &#8211; Lehetek \u00e9n is (Original)"},"content":{"rendered":"<p><strong>03:41 \/ <img decoding=\"async\" src=\"https:\/\/www.sunkaraoke.hu\/wp-content\/uploads\/2022\/07\/choir_2-copy.webp\" \/> \/ <img decoding=\"async\" src=\"https:\/\/www.sunkaraoke.hu\/wp-content\/uploads\/2022\/07\/transzponalas.webp\" \/> -2\/<\/strong><\/p>\n","protected":false},"excerpt":{"rendered":"<h5><strong>Bits\u0171r\u0171s\u00e9g: 320kb\/s<\/strong><br \/>\n<strong>Hossz: 03:42<\/strong><br \/>\n<strong>Vok\u00e1lt tartalmaz: Nem\u00a0 \u00a0<\/strong><\/h5>\n<h5><strong>Transzpon\u00e1l\u00e1s :\u00a0 <img decoding=\"async\" src=\"https:\/\/www.sunkaraoke.hu\/wp-content\/uploads\/2022\/07\/transzponalas.png\" \/>\u00a0 \/\/-2\/\/<\/strong><\/h5>\n<p>Sunkaraoke mp3 st\u00fadi\u00f3 \/ www.sunkaraoke.hu \/ Inf: Tel: 06 20 4275001<\/p>\n<p>&#8212;Intr\u00f3&#8212;<br \/>\nF\u00e1sultan v\u00e1r, v\u00e9gtelen sorban \u00e1ll,\u00e9n vagyok.<br \/>\nHajnalban indul, s a munk\u00e1ra gondol,\u00e9n vagyok.<br \/>\nEgy k\u00f3rh\u00e1zi \u00e1gyb\u00f3l a plafonra b\u00e1mul,<br \/>\nvigaszt rem\u00e9lve a poh\u00e1r ut\u00e1n ny\u00fal,<br \/>\nvakon keresg\u00e9l, ahogy te is kerest\u00e9l,\u00e9n vagyok.<\/p>\n<p>Plak\u00e1tokon mas\u00edroznak az igazi h\u0151s\u00f6k,<br \/>\nvagy elk\u00e9pzelt lovakon v\u00e1gtatnak az ismer\u0151s\u00f6k.<br \/>\nNekem te vagy a h\u0151s\u00f6m, kire fel kell hogy n\u00e9zzek,<br \/>\nmilli\u00f3kkal egy\u00fctt l\u00e9legzel, tudom \u00e9rzed,<br \/>\nlehetn\u00e9l Te is, lehetek \u00e9n is az az egy,<br \/>\naz az egy,az az egy.<\/p>\n<p>Lehetek \u00e9n is, lehetek \u00e9n is az egyetlen,<br \/>\nkinek sz\u00edve eddig m\u00e9g soha nem tapasztalt m\u00e9rt\u00e9kben.<br \/>\nKorl\u00e1tok n\u00e9lk\u00fcl n\u00f6vekszik egyre,<br \/>\na sztratoszf\u00e9r\u00e1n \u00e1t t\u00f6r a v\u00e9gtelenbe,<br \/>\nlehetek \u00e9n is, lehetek \u00e9n is az az egy,az az egy.<br \/>\n&#8212;Sz\u00f3l\u00f3&#8212;<br \/>\nEgy p\u00e9ldabesz\u00e9d\u0151l egy arc a t\u00f6megb\u0151l a t\u00f6bbiek el\u0151tt halad,<br \/>\nszentj\u00e1nosbog\u00e1rk\u00e9nt f\u00e9nyt visz a h\u00e1t\u00e1n, \u00edgy mutatva utat.<br \/>\n\u00c9n biztatn\u00e1m azt, aki kil\u00e9p a sorb\u00f3l, \u00e9s b\u00e1tran el\u0151ttem megy,<br \/>\nmert tudom, hogy j\u00f6hetsz m\u00e9g te is a f\u00e9nnyel,<br \/>\nlehetek \u00e9n is az az egy, az az egy.<\/p>\n<p>Lehetek \u00e9n is, lehetek \u00e9n is az egyetlen,<br \/>\nkinek sz\u00edve eddig m\u00e9g soha nem tapasztalt m\u00e9rt\u00e9kben.<br \/>\nKorl\u00e1tok n\u00e9lk\u00fcl n\u00f6vekszik egyre,<br \/>\na sztratoszf\u00e9r\u00e1n \u00e1t t\u00f6r a v\u00e9gtelenbe,<br \/>\nlehetek \u00e9n is, lehetek \u00e9n is az az egy,az az egy.<\/p>\n<p>Lehetek \u00e9n is, lehetek \u00e9n is az egyetlen,<br \/>\nkinek sz\u00edve eddig m\u00e9g soha nem tapasztalt m\u00e9rt\u00e9kben.<br \/>\nFolyton csak \u00e9rez, s a ti\u00e9ddel dobban,<br \/>\nkiv\u00e9rzik lassan \u00edgy, ebben a dalban,<br \/>\nlehetek \u00e9n is, lehetek \u00e9n is az az egy,az az egy.<br \/>\n&#8212;V\u00e9ge&#8212;<\/p>\n","protected":false},"featured_media":9691,"template":"","meta":{"site-sidebar-layout":"default","site-content-layout":"default","ast-site-content-layout":"default","site-content-style":"default","site-sidebar-style":"default","ast-global-header-display":"","ast-banner-title-visibility":"","ast-main-header-display":"","ast-hfb-above-header-display":"","ast-hfb-below-header-display":"","ast-hfb-mobile-header-display":"","site-post-title":"","ast-breadcrumbs-content":"","ast-featured-img":"","footer-sml-layout":"","theme-transparent-header-meta":"default","adv-header-id-meta":"","stick-header-meta":"","header-above-stick-meta":"","header-main-stick-meta":"","header-below-stick-meta":"","astra-migrate-meta-layouts":"set","ast-page-background-enabled":"default","ast-page-background-meta":{"desktop":{"background-color":"var(--ast-global-color-4)","background-image":"","background-repeat":"repeat","background-position":"center center","background-size":"auto","background-attachment":"scroll","background-type":"","background-media":"","overlay-type":"","overlay-color":"","overlay-opacity":"","overlay-gradient":""},"tablet":{"background-color":"","background-image":"","background-repeat":"repeat","background-position":"center center","background-size":"auto","background-attachment":"scroll","background-type":"","background-media":"","overlay-type":"","overlay-color":"","overlay-opacity":"","overlay-gradient":""},"mobile":{"background-color":"","background-image":"","background-repeat":"repeat","background-position":"center center","background-size":"auto","background-attachment":"scroll","background-type":"","background-media":"","overlay-type":"","overlay-color":"","overlay-opacity":"","overlay-gradient":""}},"ast-content-background-meta":{"desktop":{"background-color":"var(--ast-global-color-5)","background-image":"","background-repeat":"repeat","background-position":"center center","background-size":"auto","background-attachment":"scroll","background-type":"","background-media":"","overlay-type":"","overlay-color":"","overlay-opacity":"","overlay-gradient":""},"tablet":{"background-color":"var(--ast-global-color-5)","background-image":"","background-repeat":"repeat","background-position":"center center","background-size":"auto","background-attachment":"scroll","background-type":"","background-media":"","overlay-type":"","overlay-color":"","overlay-opacity":"","overlay-gradient":""},"mobile":{"background-color":"var(--ast-global-color-5)","background-image":"","background-repeat":"repeat","background-position":"center center","background-size":"auto","background-attachment":"scroll","background-type":"","background-media":"","overlay-type":"","overlay-color":"","overlay-opacity":"","overlay-gradient":""}}},"product_cat":[48],"product_tag":[],"class_list":["post-11655","product","type-product","status-publish","has-post-thumbnail","hentry","product_cat-sunkaraoke-dalok","desktop-align-left","tablet-align-left","mobile-align-left"],"_links":{"self":[{"href":"https:\/\/www.sunkaraoke.hu\/index.php\/wp-json\/wp\/v2\/product\/11655","targetHints":{"allow":["GET"]}}],"collection":[{"href":"https:\/\/www.sunkaraoke.hu\/index.php\/wp-json\/wp\/v2\/product"}],"about":[{"href":"https:\/\/www.sunkaraoke.hu\/index.php\/wp-json\/wp\/v2\/types\/product"}],"wp:featuredmedia":[{"embeddable":true,"href":"https:\/\/www.sunkaraoke.hu\/index.php\/wp-json\/wp\/v2\/media\/9691"}],"wp:attachment":[{"href":"https:\/\/www.sunkaraoke.hu\/index.php\/wp-json\/wp\/v2\/media?parent=11655"}],"wp:term":[{"taxonomy":"product_cat","embeddable":true,"href":"https:\/\/www.sunkaraoke.hu\/index.php\/wp-json\/wp\/v2\/product_cat?post=11655"},{"taxonomy":"product_tag","embeddable":true,"href":"https:\/\/www.sunkaraoke.hu\/index.php\/wp-json\/wp\/v2\/product_tag?post=11655"}],"curies":[{"name":"wp","href":"https:\/\/api.w.org\/{rel}","templated":true}]}}