{"id":11516,"date":"2023-07-15T08:09:27","date_gmt":"2023-07-15T08:09:27","guid":{"rendered":"https:\/\/www.sunkaraoke.hu\/?post_type=product&#038;p=11516"},"modified":"2025-04-26T05:57:56","modified_gmt":"2025-04-26T05:57:56","slug":"betli-duo-erzsike-2023","status":"publish","type":"product","link":"https:\/\/www.sunkaraoke.hu\/index.php\/termek\/betli-duo-erzsike-2023\/","title":{"rendered":"<div class=\"wcmp-player-container product-11516\"><audio controlslist=\"nodownload\" data-product=\"11516\"  volume=\"1\"  preload=\"none\" data-lazyloading=\"none\" class=\"wcmp-player track mejs-classic\" data-duration=\"0:34\" data-estimated_duration=\"4\"><source src=\"https:\/\/www.sunkaraoke.hu\/wp-content\/uploads\/2023\/07\/Eerzsike-2023.-_demo.mp3\" type=\"audio\/mp3\" \/><\/audio><\/div>Betli Duo &#8211; Erzsike (Original PB. Edition)"},"content":{"rendered":"<p><strong>05:01<\/strong>\u00a0| <strong><img loading=\"lazy\" decoding=\"async\" class=\"alignnone size-full wp-image-467\" src=\"https:\/\/www.sunkaraoke.hu\/wp-content\/uploads\/2022\/07\/choir_2-copy.webp\" alt=\"\" width=\"30\" height=\"30\" \/> <\/strong><\/p>\n","protected":false},"excerpt":{"rendered":"<h6><strong>Bits\u0171r\u0171s\u00e9g: 320kb\/s<\/strong><br \/>\n<strong>Hossz:05:01<\/strong><\/h6>\n<h6><strong>Vok\u00e1lt tartalmaz: Nem <img loading=\"lazy\" decoding=\"async\" class=\"alignnone size-full wp-image-467\" src=\"http:\/\/www.sunkaraoke.hu\/wp-content\/uploads\/2022\/07\/choir_2-copy.png\" alt=\"\" width=\"30\" height=\"30\" \/><\/strong><\/h6>\n<p>Sunkaraoke mp3 st\u00fadi\u00f3 \/ www.sunkaraoke.hu \/ Inf: Tel: 06 20 4275001<\/p>\n<p>&#8212;Intr\u00f3&#8212;<br \/>\nEln\u00e9mult a nagy k\u00f6r\u00fati l\u00e1rma,<br \/>\nsiv\u00e1r csend borult a kis szob\u00e1mra.<br \/>\nA kandall\u00f3 mellett \u00fcld\u00f6g\u00e9ltem,<br \/>\n\u00e9s egy kisl\u00e1ny, f\u00e9nyk\u00e9p\u00e9t eln\u00e9ztem.<br \/>\nKinn az utc\u00e1n h\u00f3pehely fic\u00e1nkolt,<br \/>\naz \u00e9n sz\u00edvem, b\u00e1natosan l\u00e1ngolt.<br \/>\nEszembe jut, milyen ifj\u00fa voltam,<br \/>\negy kisl\u00e1nynak halkan \u00edgy daloltam.<\/p>\n<p>Erzsike, szeretem mag\u00e1t!<br \/>\nPiros ajk\u00e1t, feh\u00e9r homlok\u00e1t.<br \/>\nL\u00e1ba el\u00e9 sz\u00f3rn\u00e9k, minden ny\u00edl\u00f3 r\u00f3zs\u00e1t,<br \/>\nszeretem a b\u00e1jos mosoly\u00e1t!<\/p>\n<p>Azt\u00e1n j\u00f6tt egy k\u00f6d\u00f6s \u0151szi reggel,<br \/>\na kisl\u00e1ny a szob\u00e1mb\u00f3l s\u00edrva ment el.<br \/>\nMint vadgalamb a f\u00e9szk\u00e9b\u0151l szak\u00edtva,<br \/>\na templomban m\u00e1snak lett a p\u00e1rja.<br \/>\n\u00c9n a templom szeglet\u00e9ben \u00e1lltam,<br \/>\nversenyt zokogtam az orgon\u00e1val.<br \/>\n\u0150 r\u00e1m n\u00e9zett \u00e9n meg f\u00e9lig halkan,<br \/>\na mirtusz fel\u00e9 csendben \u00edgy daloltam.<\/p>\n<p>Erzsike, szeretem mag\u00e1t!<br \/>\nPiros ajk\u00e1t, feh\u00e9r homlok\u00e1t.<br \/>\nL\u00e1ba el\u00e9 sz\u00f3rn\u00e9k minden ny\u00edl\u00f3 r\u00f3zs\u00e1t,<br \/>\nszeretem a b\u00e1jos mosoly\u00e1t!<br \/>\n&#8212;Sz\u00f3l\u00f3&#8212;<br \/>\nSok \u00e9v m\u00falva mindent elfeledve,<br \/>\ntal\u00e1lkoztunk, \u00fajra mind a ketten.<br \/>\nElz\u00fcll\u00f6tten mulattam egy b\u00e1rban,<br \/>\ns Erzsik\u00e9re \u00fajra r\u00e1tal\u00e1ltam.<\/p>\n<p>Sz\u00e1ja festett, arca kiss\u00e9 r\u00e1ncos,<br \/>\nfelki\u00e1ltott:\u201dNosza, \u00fajra l\u00e1tsz most!\u201d<br \/>\nKacagott a csal\u00f3dott le\u00e1nyka,<br \/>\na cig\u00e1ny meg halkan muzsik\u00e1lta.<\/p>\n<p>Erzsike, l\u00e1tja milyen k\u00e1r!<br \/>\n\u00dat sz\u00e9l\u00e9n egy hervadt r\u00f3zsasz\u00e1l.<br \/>\nErzsike dr\u00e1ga, sz\u00edvem vir\u00e1ga!<br \/>\nMi\u00e9rt nem lett akkor az eny\u00e9m.<br \/>\n&#8212;V\u00e9ge&#8212;<\/p>\n","protected":false},"featured_media":9025,"template":"","meta":{"site-sidebar-layout":"default","site-content-layout":"default","ast-site-content-layout":"default","site-content-style":"default","site-sidebar-style":"default","ast-global-header-display":"","ast-banner-title-visibility":"","ast-main-header-display":"","ast-hfb-above-header-display":"","ast-hfb-below-header-display":"","ast-hfb-mobile-header-display":"","site-post-title":"","ast-breadcrumbs-content":"","ast-featured-img":"","footer-sml-layout":"","theme-transparent-header-meta":"default","adv-header-id-meta":"","stick-header-meta":"","header-above-stick-meta":"","header-main-stick-meta":"","header-below-stick-meta":"","astra-migrate-meta-layouts":"set","ast-page-background-enabled":"default","ast-page-background-meta":{"desktop":{"background-color":"var(--ast-global-color-4)","background-image":"","background-repeat":"repeat","background-position":"center center","background-size":"auto","background-attachment":"scroll","background-type":"","background-media":"","overlay-type":"","overlay-color":"","overlay-opacity":"","overlay-gradient":""},"tablet":{"background-color":"","background-image":"","background-repeat":"repeat","background-position":"center center","background-size":"auto","background-attachment":"scroll","background-type":"","background-media":"","overlay-type":"","overlay-color":"","overlay-opacity":"","overlay-gradient":""},"mobile":{"background-color":"","background-image":"","background-repeat":"repeat","background-position":"center center","background-size":"auto","background-attachment":"scroll","background-type":"","background-media":"","overlay-type":"","overlay-color":"","overlay-opacity":"","overlay-gradient":""}},"ast-content-background-meta":{"desktop":{"background-color":"var(--ast-global-color-5)","background-image":"","background-repeat":"repeat","background-position":"center center","background-size":"auto","background-attachment":"scroll","background-type":"","background-media":"","overlay-type":"","overlay-color":"","overlay-opacity":"","overlay-gradient":""},"tablet":{"background-color":"var(--ast-global-color-5)","background-image":"","background-repeat":"repeat","background-position":"center center","background-size":"auto","background-attachment":"scroll","background-type":"","background-media":"","overlay-type":"","overlay-color":"","overlay-opacity":"","overlay-gradient":""},"mobile":{"background-color":"var(--ast-global-color-5)","background-image":"","background-repeat":"repeat","background-position":"center center","background-size":"auto","background-attachment":"scroll","background-type":"","background-media":"","overlay-type":"","overlay-color":"","overlay-opacity":"","overlay-gradient":""}}},"product_cat":[48],"product_tag":[],"class_list":["post-11516","product","type-product","status-publish","has-post-thumbnail","hentry","product_cat-sunkaraoke-dalok","desktop-align-left","tablet-align-left","mobile-align-left"],"_links":{"self":[{"href":"https:\/\/www.sunkaraoke.hu\/index.php\/wp-json\/wp\/v2\/product\/11516","targetHints":{"allow":["GET"]}}],"collection":[{"href":"https:\/\/www.sunkaraoke.hu\/index.php\/wp-json\/wp\/v2\/product"}],"about":[{"href":"https:\/\/www.sunkaraoke.hu\/index.php\/wp-json\/wp\/v2\/types\/product"}],"wp:featuredmedia":[{"embeddable":true,"href":"https:\/\/www.sunkaraoke.hu\/index.php\/wp-json\/wp\/v2\/media\/9025"}],"wp:attachment":[{"href":"https:\/\/www.sunkaraoke.hu\/index.php\/wp-json\/wp\/v2\/media?parent=11516"}],"wp:term":[{"taxonomy":"product_cat","embeddable":true,"href":"https:\/\/www.sunkaraoke.hu\/index.php\/wp-json\/wp\/v2\/product_cat?post=11516"},{"taxonomy":"product_tag","embeddable":true,"href":"https:\/\/www.sunkaraoke.hu\/index.php\/wp-json\/wp\/v2\/product_tag?post=11516"}],"curies":[{"name":"wp","href":"https:\/\/api.w.org\/{rel}","templated":true}]}}