{"id":11337,"date":"2023-05-31T15:29:41","date_gmt":"2023-05-31T15:29:41","guid":{"rendered":"https:\/\/www.sunkaraoke.hu\/?post_type=product&#038;p=11337"},"modified":"2025-04-07T15:21:44","modified_gmt":"2025-04-07T15:21:44","slug":"piros-bela-piros-mulatos-70-mix","status":"publish","type":"product","link":"https:\/\/www.sunkaraoke.hu\/index.php\/termek\/piros-bela-piros-mulatos-70-mix\/","title":{"rendered":"<div class=\"wcmp-player-container product-11337\"><audio controlslist=\"nodownload\" data-product=\"11337\"  volume=\"1\"  preload=\"none\" data-lazyloading=\"none\" class=\"wcmp-player track mejs-classic\" data-duration=\"0:33\" data-estimated_duration=\"4\"><source src=\"https:\/\/www.sunkaraoke.hu\/wp-content\/uploads\/2023\/05\/Piros-mulatos-mix-70_demo.mp3\" type=\"audio\/mp3\" \/><\/audio><\/div>Piros B\u00e9la -Piros Mulat\u00f3s 70. Mix. (Original)"},"content":{"rendered":"<p><b>13:43<\/b>| <strong><img loading=\"lazy\" decoding=\"async\" class=\"alignnone size-full wp-image-467\" src=\"https:\/\/www.sunkaraoke.hu\/wp-content\/uploads\/2022\/07\/choir_2-copy.webp\" alt=\"\" width=\"30\" height=\"30\" \/> <\/strong><\/p>\n","protected":false},"excerpt":{"rendered":"<h6><strong>Bits\u0171r\u0171s\u00e9g: 320kb\/s<\/strong><br \/>\n<strong>Hossz: 13:43<\/strong><br \/>\n<strong>Vok\u00e1lt tartalmaz: Nem <img loading=\"lazy\" decoding=\"async\" class=\"alignnone size-full wp-image-467\" src=\"http:\/\/www.sunkaraoke.hu\/wp-content\/uploads\/2022\/07\/choir_2-copy.png\" alt=\"\" width=\"30\" height=\"30\" \/><\/strong><strong style=\"font-size: 16px;\"><br \/>\n<\/strong><\/h6>\n<p>Sunkaraoke mp3 st\u00fadi\u00f3 \/ www.sunkaraoke.hu \/ Inf: Tel: 06 20 4275001<\/p>\n<p>&#8212;Intr\u00f3&#8212;\/\/00:40\/\/<br \/>\nEste van m\u00e1r, k\u00e9s\u0151 este, kilencet \u00fct az \u00f3ra.<br \/>\nEz a kisl\u00e1ny barna kisl\u00e1ny, ki\u00e1llott a kapuba.<br \/>\n\u00c1lom \u00e1lom mi\u00e9rt nem j\u00f6ssz, mi\u00e9rt nem j\u00f6ssz a kacsingat\u00f3 szememre,<br \/>\nmindig az a csalfa, mindig az a barna leg\u00e9ny j\u00e1r az eszembe.<br \/>\n\u00c1lom \u00e1lom mi\u00e9rt nem j\u00f6ssz, mi\u00e9rt nem j\u00f6ssz a kacsingat\u00f3 szememre,<br \/>\nmindig az a csalfa, mindig az a barna leg\u00e9ny j\u00e1r az eszembe.<br \/>\nEste van m\u00e1r, k\u00e9s\u0151 este, kilencet \u00fct az \u00f3ra.<br \/>\nAz \u00e9n kedves kis angyalom, m\u00e9gsem j\u00f6n el a fon\u00f3ba.<br \/>\nVagy haragszik, vagy beteg, vagy tal\u00e1n nem is szeret,<br \/>\n\u00edgy h\u00e1t kedves kis angyalom, m\u00e9gsem leszek \u00e9n a tied.<br \/>\nVagy haragszik, vagy beteg, vagy tal\u00e1n nem is szeret,<br \/>\n\u00edgy h\u00e1t kedves kis angyalom, m\u00e9gsem leszek \u00e9n a tied.<br \/>\nA panyolai templom tornya, jaj, de messzire l\u00e1tszik.<br \/>\nK\u00f6zep\u00e9be&#8217;, a n\u00e9gy sark\u00e1ba&#8217;, k\u00e9t rozmaring vir\u00e1gzik.<br \/>\nEgyik hajlik a v\u00e1llamra, m\u00e1sik a bab\u00e1m\u00e9ra,<br \/>\nlehajtom a b\u00fas fejemet ,r\u00f3zs\u00e1m \u00f6lel\u0151 karj\u00e1ba.<br \/>\nEgyik hajlik a v\u00e1llamra, m\u00e1sik a bab\u00e1m\u00e9ra,<br \/>\nlehajtom a b\u00fas fejemet ,r\u00f3zs\u00e1m \u00f6lel\u0151 karj\u00e1ba.<br \/>\n&#8212;Sz\u00f3l\u00f3&#8212;\/\/03:08\/\/<br \/>\nEste van m\u00e1r, k\u00e9s\u0151 este, kilencet \u00fct az \u00f3ra.<br \/>\nEz a kisl\u00e1ny barna kisl\u00e1ny, ki\u00e1llott a kapuba.<br \/>\n\u00c1lom \u00e1lom mi\u00e9rt nem j\u00f6ssz, mi\u00e9rt nem j\u00f6ssz a kacsingat\u00f3 szememre,<br \/>\nmindig az a csalfa, mindig az a barna leg\u00e9ny j\u00e1r az eszembe.<br \/>\n\u00c1lom \u00e1lom mi\u00e9rt nem j\u00f6ssz, mi\u00e9rt nem j\u00f6ssz a kacsingat\u00f3 szememre,<br \/>\nmindig az a csalfa, mindig az a barna leg\u00e9ny j\u00e1r az eszembe.<br \/>\nEste van m\u00e1r, k\u00e9s\u0151 este, kilencet \u00fct az \u00f3ra.<br \/>\nAz \u00e9n kedves kis angyalom, m\u00e9gsem j\u00f6n el a fon\u00f3ba.<br \/>\nVagy haragszik, vagy beteg, vagy tal\u00e1n nem is szeret,<br \/>\n\u00edgy h\u00e1t kedves kis angyalom, m\u00e9gsem leszek a tied.<br \/>\nVagy haragszik, vagy beteg, vagy tal\u00e1n nem is szeret,<br \/>\n\u00edgy h\u00e1t kedves kis angyalom, m\u00e9gsem leszek a tied<br \/>\nVagy haragszik, vagy beteg, vagy tal\u00e1n nem is szeret,<br \/>\n\u00edgy h\u00e1t kedves kisangyalom, m\u00e9gsem leszek a tied.<br \/>\nA panyolai templom tornya, jaj, de messzire ell\u00e1tszik.<br \/>\nK\u00f6zep\u00e9be&#8217;, a n\u00e9gy sark\u00e1ba&#8217;, k\u00e9t rozmaring vir\u00e1gzik.<br \/>\nEgyik hajlik a v\u00e1llamra, m\u00e1sik a bab\u00e1m\u00e9ra,<br \/>\nlehajtom a b\u00fas fejemet ,r\u00f3zs\u00e1m \u00f6lel\u0151 karj\u00e1ba.<br \/>\nEgyik hajlik a v\u00e1llamra, m\u00e1sik a bab\u00e1m\u00e9ra,<br \/>\nlehajtom a b\u00fas fejemet , r\u00f3zs\u00e1m \u00f6lel\u0151 karj\u00e1ba.<br \/>\n&#8212;Sz\u00f3l\u00f3&#8212;\/\/05:34\/\/<br \/>\nUdvarom,udvarom,sz\u00e9p,kerek udvarom,<br \/>\nnem s\u00f6p\u00f6r m\u00e1r t\u00f6bbet az \u00e9n gy\u00f6nge karom.<br \/>\nS\u00f6p\u00f6rtem eleget,s\u00f6p\u00f6rj\u00f6n m\u00e1r m\u00e1s is,<br \/>\n\u00f6leltem a bab\u00e1m,\u00f6lelje m\u00e1r m\u00e1s is!<br \/>\nS\u00f6p\u00f6rtem eleget,s\u00f6p\u00f6rj\u00f6n m\u00e1r m\u00e1s is,<br \/>\n\u00f6leltem a bab\u00e1m,\u00f6lelje m\u00e1r m\u00e1s is!<br \/>\nCsillagok,csillagok,sz\u00e9pen ragyogjatok,<br \/>\n,a szeg\u00e9nyleg\u00e9nynek utat mutassatok!<br \/>\nMutassatok utat a szeg\u00e9nyleg\u00e9nynek!<br \/>\nNem tal\u00e1lja h\u00e1z\u00e1t a szeret\u0151j\u00e9nek.<br \/>\nMutassatok utat a szeg\u00e9nyleg\u00e9nynek!<br \/>\nNem tal\u00e1lja h\u00e1z\u00e1t a szeret\u0151j\u00e9nek.<br \/>\n&#8212;Sz\u00f3l\u00f3&#8212;\/\/06:59\/\/<br \/>\nEste van,este van,de nem minden l\u00e1nynak,<br \/>\ncsak annak,akihez a leg\u00e9nyek j\u00e1rnak.<br \/>\nHozz\u00e1m nem j\u00e1r senki,n\u00e9kem nincs is este,<br \/>\nvil\u00e1gos az \u00e9gbolt,feh\u00e9rre van festve.<br \/>\nHozz\u00e1m nem j\u00e1r senki,n\u00e9kem nincs is este,<br \/>\nvil\u00e1gos az \u00e9gbolt,feh\u00e9rre van festve.<br \/>\n&#8212;Sz\u00f3l\u00f3&#8212;\/\/07:57\/\/<br \/>\n\u00c1lmos vagyok, az \u00e9jjel nem aludtam,<br \/>\nkivil\u00e1gos virradatig mulattam.<br \/>\nJ\u00f3 bor mellett barna kisl\u00e1ny \u00f6l\u00e9ben,<br \/>\nnem j\u00f6n \u00e1lom a mulat\u00f3s k\u00e9t szememre.<br \/>\nJ\u00f3 bor mellett barna kisl\u00e1ny \u00f6l\u00e9ben ,<br \/>\nnem j\u00f6n \u00e1lom a mulat\u00f3s k\u00e9t szememre.<br \/>\nH\u00fazd r\u00e1, cig\u00e1ny, szakadjon el a h\u00farod!<br \/>\nM\u00e1r \u00e9nn\u00e9kem \u00fagysem sok\u00e1ig h\u00fazod.<br \/>\nMajd elh\u00fazza a Ferenc J\u00f3ska rezesband\u00e1ja,<br \/>\nsiralmas lesz annak a hallgat\u00e1sa.<br \/>\nMajd elh\u00fazza a Ferenc J\u00f3ska rezesband\u00e1ja,<br \/>\nsiralmas lesz annak a hallgat\u00e1sa.<br \/>\n&#8212;Sz\u00f3l\u00f3&#8212;\/\/09:28\/\/<br \/>\n\u00c9letemnek van egy s\u00f6t\u00e9t pontja, hogy a n\u0151knek vagyok a bolondja<br \/>\nEl\u0151l h\u00e1tul vizit\u00e1lom \u0151ket, mert szeretem \u00e9n a csinos n\u0151ket.<br \/>\nTisztelem a r\u00e9gi szeret\u0151met.<br \/>\nEl\u0151l h\u00e1tul vizit\u00e1lom \u0151ket, mert szeretem \u00e9n a csinos n\u0151ket.<br \/>\nTisztelem a r\u00e9gi szeret\u0151met.<br \/>\nSzombat este a f\u0151 utc\u00e1n mentem, egy b\u0171b\u00e1jos n\u0151 j\u00f6tt velem szemben,<br \/>\nAz orc\u00e1j\u00e1t f\u00e1tyol bor\u00edtotta, a sz\u00edvemet megbolond\u00edtotta,<br \/>\n\u00e1ll\u00edt\u00f3lag meg is h\u00f3d\u00edtotta.<br \/>\nAz orc\u00e1j\u00e1t f\u00e1tyol bor\u00edtotta, a sz\u00edvemet megbolond\u00edtotta,<br \/>\n\u00e1ll\u00edt\u00f3lag meg is h\u00f3d\u00edtotta.<br \/>\nMint egy kutyus loholtam ut\u00e1na,a ligetbe \u00e9rt\u00fcnk nemsok\u00e1ra,<br \/>\nOtt a dr\u00e1ga lecs\u00fccs\u00fclt egy padra,\u00e9s \u00e9n azzal karj\u00e1t megragadva,<br \/>\nmell\u00e9 \u00fcltem \u00e9s f\u0171zni kezdtem nyomban.<br \/>\nOtt a dr\u00e1ga lecs\u00fccs\u00fclt egy padra,\u00e9s \u00e9n azzal karj\u00e1t megragadva,<br \/>\nmell\u00e9 \u00fcltem \u00e9s f\u0171zni kezdtem nyomban.<br \/>\n&#8212;Sz\u00f3l\u00f3&#8212;\/\/11:29\/\/<br \/>\nHogy \u00e9n ott a legjav\u00e1ban f\u0171ztem,ott termett az \u00e9n kis feles\u00e9gem,<br \/>\nnem sz\u00f3lt \u0151 egy \u00e1rva sz\u00f3t se n\u00e9kem, hanem k\u00e9tszer \u00fagy megv\u00e1gott k\u00e9pen,<br \/>\nhogy az eget nagyb\u0151g\u0151nek n\u00e9ztem.<br \/>\nNem sz\u00f3lt \u0151 egy \u00e1rva sz\u00f3t se n\u00e9kem, hanem k\u00e9tszer \u00fagy megv\u00e1gott k\u00e9pen,<br \/>\nhogy az eget nagyb\u0151g\u0151nek n\u00e9ztem.<br \/>\n\u00c9n m\u00e9rgemben majdnem megpukkadtam,mert a pofont \u00e1rtatlanul kaptam,<br \/>\nMert az a n\u0151 akit sz\u00e9pnek v\u00e9ltem,a f\u00e1tyol\u00e1t felhajtotta n\u00e9kem,<br \/>\nk\u00e9pzelj\u00e9k el az any\u00f3som volt \u00e9ppen.<br \/>\nMert az a n\u0151 akit sz\u00e9pnek v\u00e9ltem,a f\u00e1tyol\u00e1t felhajtotta n\u00e9kem,<br \/>\nk\u00e9pzelj\u00e9k el az any\u00f3som volt \u00e9ppen.<br \/>\n&#8212;V\u00e9ge&#8212;<\/p>\n","protected":false},"featured_media":12989,"template":"","meta":{"site-sidebar-layout":"default","site-content-layout":"default","ast-site-content-layout":"default","site-content-style":"default","site-sidebar-style":"default","ast-global-header-display":"","ast-banner-title-visibility":"","ast-main-header-display":"","ast-hfb-above-header-display":"","ast-hfb-below-header-display":"","ast-hfb-mobile-header-display":"","site-post-title":"","ast-breadcrumbs-content":"","ast-featured-img":"","footer-sml-layout":"","theme-transparent-header-meta":"default","adv-header-id-meta":"","stick-header-meta":"","header-above-stick-meta":"","header-main-stick-meta":"","header-below-stick-meta":"","astra-migrate-meta-layouts":"set","ast-page-background-enabled":"default","ast-page-background-meta":{"desktop":{"background-color":"var(--ast-global-color-4)","background-image":"","background-repeat":"repeat","background-position":"center center","background-size":"auto","background-attachment":"scroll","background-type":"","background-media":"","overlay-type":"","overlay-color":"","overlay-opacity":"","overlay-gradient":""},"tablet":{"background-color":"","background-image":"","background-repeat":"repeat","background-position":"center center","background-size":"auto","background-attachment":"scroll","background-type":"","background-media":"","overlay-type":"","overlay-color":"","overlay-opacity":"","overlay-gradient":""},"mobile":{"background-color":"","background-image":"","background-repeat":"repeat","background-position":"center center","background-size":"auto","background-attachment":"scroll","background-type":"","background-media":"","overlay-type":"","overlay-color":"","overlay-opacity":"","overlay-gradient":""}},"ast-content-background-meta":{"desktop":{"background-color":"var(--ast-global-color-5)","background-image":"","background-repeat":"repeat","background-position":"center center","background-size":"auto","background-attachment":"scroll","background-type":"","background-media":"","overlay-type":"","overlay-color":"","overlay-opacity":"","overlay-gradient":""},"tablet":{"background-color":"var(--ast-global-color-5)","background-image":"","background-repeat":"repeat","background-position":"center center","background-size":"auto","background-attachment":"scroll","background-type":"","background-media":"","overlay-type":"","overlay-color":"","overlay-opacity":"","overlay-gradient":""},"mobile":{"background-color":"var(--ast-global-color-5)","background-image":"","background-repeat":"repeat","background-position":"center center","background-size":"auto","background-attachment":"scroll","background-type":"","background-media":"","overlay-type":"","overlay-color":"","overlay-opacity":"","overlay-gradient":""}}},"product_cat":[48],"product_tag":[],"class_list":["post-11337","product","type-product","status-publish","has-post-thumbnail","hentry","product_cat-sunkaraoke-dalok","desktop-align-left","tablet-align-left","mobile-align-left"],"_links":{"self":[{"href":"https:\/\/www.sunkaraoke.hu\/index.php\/wp-json\/wp\/v2\/product\/11337","targetHints":{"allow":["GET"]}}],"collection":[{"href":"https:\/\/www.sunkaraoke.hu\/index.php\/wp-json\/wp\/v2\/product"}],"about":[{"href":"https:\/\/www.sunkaraoke.hu\/index.php\/wp-json\/wp\/v2\/types\/product"}],"wp:featuredmedia":[{"embeddable":true,"href":"https:\/\/www.sunkaraoke.hu\/index.php\/wp-json\/wp\/v2\/media\/12989"}],"wp:attachment":[{"href":"https:\/\/www.sunkaraoke.hu\/index.php\/wp-json\/wp\/v2\/media?parent=11337"}],"wp:term":[{"taxonomy":"product_cat","embeddable":true,"href":"https:\/\/www.sunkaraoke.hu\/index.php\/wp-json\/wp\/v2\/product_cat?post=11337"},{"taxonomy":"product_tag","embeddable":true,"href":"https:\/\/www.sunkaraoke.hu\/index.php\/wp-json\/wp\/v2\/product_tag?post=11337"}],"curies":[{"name":"wp","href":"https:\/\/api.w.org\/{rel}","templated":true}]}}

<div class="wcmp-player-container product-11337"><audio controlslist="nodownload" data-product="11337"  volume="1"  preload="none" data-lazyloading="none" class="wcmp-player track mejs-classic" data-duration="0:33" data-estimated_duration="4"><source src="https://www.sunkaraoke.hu/wp-content/uploads/2023/05/Piros-mulatos-mix-70_demo.mp3" type="audio/mp3" /></audio></div>Piros Béla -Piros Mulatós 70. Mix. (Original)

<h6><strong>Bitsűrűség: 320kb/s</strong><br />
<strong>Hossz: 13:43</strong><br />
<strong>Vokált tartalmaz: Nem <img loading="lazy" decoding="async" class="alignnone size-full wp-image-467" src="http://www.sunkaraoke.hu/wp-content/uploads/2022/07/choir_2-copy.png" alt="" width="30" height="30" /></strong><strong style="font-size: 16px;"><br />
</strong></h6>
<p>Sunkaraoke mp3 stúdió / www.sunkaraoke.hu / Inf: Tel: 06 20 4275001</p>
<p>&#8212;Intró&#8212;//00:40//<br />
Este van már, késő este, kilencet üt az óra.<br />
Ez a kislány barna kislány, kiállott a kapuba.<br />
Álom álom miért nem jössz, miért nem jössz a kacsingató szememre,<br />
mindig az a csalfa, mindig az a barna legény jár az eszembe.<br />
Álom álom miért nem jössz, miért nem jössz a kacsingató szememre,<br />
mindig az a csalfa, mindig az a barna legény jár az eszembe.<br />
Este van már, késő este, kilencet üt az óra.<br />
Az én kedves kis angyalom, mégsem jön el a fonóba.<br />
Vagy haragszik, vagy beteg, vagy talán nem is szeret,<br />
így hát kedves kis angyalom, mégsem leszek én a tied.<br />
Vagy haragszik, vagy beteg, vagy talán nem is szeret,<br />
így hát kedves kis angyalom, mégsem leszek én a tied.<br />
A panyolai templom tornya, jaj, de messzire látszik.<br />
Közepébe&#8217;, a négy sarkába&#8217;, két rozmaring virágzik.<br />
Egyik hajlik a vállamra, másik a babáméra,<br />
lehajtom a bús fejemet ,rózsám ölelő karjába.<br />
Egyik hajlik a vállamra, másik a babáméra,<br />
lehajtom a bús fejemet ,rózsám ölelő karjába.<br />
&#8212;Szóló&#8212;//03:08//<br />
Este van már, késő este, kilencet üt az óra.<br />
Ez a kislány barna kislány, kiállott a kapuba.<br />
Álom álom miért nem jössz, miért nem jössz a kacsingató szememre,<br />
mindig az a csalfa, mindig az a barna legény jár az eszembe.<br />
Álom álom miért nem jössz, miért nem jössz a kacsingató szememre,<br />
mindig az a csalfa, mindig az a barna legény jár az eszembe.<br />
Este van már, késő este, kilencet üt az óra.<br />
Az én kedves kis angyalom, mégsem jön el a fonóba.<br />
Vagy haragszik, vagy beteg, vagy talán nem is szeret,<br />
így hát kedves kis angyalom, mégsem leszek a tied.<br />
Vagy haragszik, vagy beteg, vagy talán nem is szeret,<br />
így hát kedves kis angyalom, mégsem leszek a tied<br />
Vagy haragszik, vagy beteg, vagy talán nem is szeret,<br />
így hát kedves kisangyalom, mégsem leszek a tied.<br />
A panyolai templom tornya, jaj, de messzire ellátszik.<br />
Közepébe&#8217;, a négy sarkába&#8217;, két rozmaring virágzik.<br />
Egyik hajlik a vállamra, másik a babáméra,<br />
lehajtom a bús fejemet ,rózsám ölelő karjába.<br />
Egyik hajlik a vállamra, másik a babáméra,<br />
lehajtom a bús fejemet , rózsám ölelő karjába.<br />
&#8212;Szóló&#8212;//05:34//<br />
Udvarom,udvarom,szép,kerek udvarom,<br />
nem söpör már többet az én gyönge karom.<br />
Söpörtem eleget,söpörjön már más is,<br />
öleltem a babám,ölelje már más is!<br />
Söpörtem eleget,söpörjön már más is,<br />
öleltem a babám,ölelje már más is!<br />
Csillagok,csillagok,szépen ragyogjatok,<br />
,a szegénylegénynek utat mutassatok!<br />
Mutassatok utat a szegénylegénynek!<br />
Nem találja házát a szeretőjének.<br />
Mutassatok utat a szegénylegénynek!<br />
Nem találja házát a szeretőjének.<br />
&#8212;Szóló&#8212;//06:59//<br />
Este van,este van,de nem minden lánynak,<br />
csak annak,akihez a legények járnak.<br />
Hozzám nem jár senki,nékem nincs is este,<br />
világos az égbolt,fehérre van festve.<br />
Hozzám nem jár senki,nékem nincs is este,<br />
világos az égbolt,fehérre van festve.<br />
&#8212;Szóló&#8212;//07:57//<br />
Álmos vagyok, az éjjel nem aludtam,<br />
kivilágos virradatig mulattam.<br />
Jó bor mellett barna kislány ölében,<br />
nem jön álom a mulatós két szememre.<br />
Jó bor mellett barna kislány ölében ,<br />
nem jön álom a mulatós két szememre.<br />
Húzd rá, cigány, szakadjon el a húrod!<br />
Már énnékem úgysem sokáig húzod.<br />
Majd elhúzza a Ferenc Jóska rezesbandája,<br />
siralmas lesz annak a hallgatása.<br />
Majd elhúzza a Ferenc Jóska rezesbandája,<br />
siralmas lesz annak a hallgatása.<br />
&#8212;Szóló&#8212;//09:28//<br />
Életemnek van egy sötét pontja, hogy a nőknek vagyok a bolondja<br />
Elől hátul vizitálom őket, mert szeretem én a csinos nőket.<br />
Tisztelem a régi szeretőmet.<br />
Elől hátul vizitálom őket, mert szeretem én a csinos nőket.<br />
Tisztelem a régi szeretőmet.<br />
Szombat este a fő utcán mentem, egy bűbájos nő jött velem szemben,<br />
Az orcáját fátyol borította, a szívemet megbolondította,<br />
állítólag meg is hódította.<br />
Az orcáját fátyol borította, a szívemet megbolondította,<br />
állítólag meg is hódította.<br />
Mint egy kutyus loholtam utána,a ligetbe értünk nemsokára,<br />
Ott a drága lecsücsült egy padra,és én azzal karját megragadva,<br />
mellé ültem és fűzni kezdtem nyomban.<br />
Ott a drága lecsücsült egy padra,és én azzal karját megragadva,<br />
mellé ültem és fűzni kezdtem nyomban.<br />
&#8212;Szóló&#8212;//11:29//<br />
Hogy én ott a legjavában fűztem,ott termett az én kis feleségem,<br />
nem szólt ő egy árva szót se nékem, hanem kétszer úgy megvágott képen,<br />
hogy az eget nagybőgőnek néztem.<br />
Nem szólt ő egy árva szót se nékem, hanem kétszer úgy megvágott képen,<br />
hogy az eget nagybőgőnek néztem.<br />
Én mérgemben majdnem megpukkadtam,mert a pofont ártatlanul kaptam,<br />
Mert az a nő akit szépnek véltem,a fátyolát felhajtotta nékem,<br />
képzeljék el az anyósom volt éppen.<br />
Mert az a nő akit szépnek véltem,a fátyolát felhajtotta nékem,<br />
képzeljék el az anyósom volt éppen.<br />
&#8212;Vége&#8212;</p>
