{"id":11169,"date":"2023-04-17T12:45:20","date_gmt":"2023-04-17T12:45:20","guid":{"rendered":"https:\/\/www.sunkaraoke.hu\/?post_type=product&#038;p=11169"},"modified":"2025-04-07T15:19:52","modified_gmt":"2025-04-07T15:19:52","slug":"piros-bela-piros-mulatos-65-mix","status":"publish","type":"product","link":"https:\/\/www.sunkaraoke.hu\/index.php\/termek\/piros-bela-piros-mulatos-65-mix\/","title":{"rendered":"<div class=\"wcmp-player-container product-11169\"><audio controlslist=\"nodownload\" data-product=\"11169\"  volume=\"1\"  preload=\"none\" data-lazyloading=\"none\" class=\"wcmp-player track mejs-classic\" data-duration=\"0:33\" data-estimated_duration=\"4\"><source src=\"https:\/\/www.sunkaraoke.hu\/wp-content\/uploads\/2023\/04\/Piros-mulatos-65-Mix_demo.mp3\" type=\"audio\/mp3\" \/><\/audio><\/div>Piros B\u00e9la -Piros Mulat\u00f3s 65 Mix. (Original)"},"content":{"rendered":"<p><b>10:33<\/b>| <strong><img loading=\"lazy\" decoding=\"async\" class=\"alignnone size-full wp-image-467\" src=\"https:\/\/www.sunkaraoke.hu\/wp-content\/uploads\/2022\/07\/choir_2-copy.webp\" alt=\"\" width=\"30\" height=\"30\" \/> <\/strong><\/p>\n","protected":false},"excerpt":{"rendered":"<h6><strong>Bits\u0171r\u0171s\u00e9g: 320kb\/s<\/strong><br \/>\n<strong>Hossz: 10:33<\/strong><br \/>\n<strong>Vok\u00e1lt tartalmaz: Nem <img loading=\"lazy\" decoding=\"async\" class=\"alignnone size-full wp-image-467\" src=\"http:\/\/www.sunkaraoke.hu\/wp-content\/uploads\/2022\/07\/choir_2-copy.png\" alt=\"\" width=\"30\" height=\"30\" \/><\/strong><strong style=\"font-size: 16px;\"><br \/>\n<\/strong><\/h6>\n<p>Sunkaraoke mp3 st\u00fadi\u00f3 \/ www.sunkaraoke.hu \/ Inf: Tel: 06 20 4275001<\/p>\n<p>&#8212;Intr\u00f3&#8212;<br \/>\nV\u00e9letlen\u00fcl este, felment\u00fcnk a hegyre,<br \/>\nut\u00e1na egy kocsma, j\u00f3 be lett\u00fcnk r\u00fagva.<br \/>\nMit k\u00e9ne most tenni, haza k\u00e9ne menni,<br \/>\nh\u00e1t vigyen ez a k\u00e9t l\u00f3, a szek\u00e9ren oly j\u00f3.<\/p>\n<p>Ma este k\u00e9t pej l\u00f3val megy\u00fcnk haza,<br \/>\nmert ber\u00fagott a sof\u0151r, eke taliga.<br \/>\nA j\u00f3 kedv\u00fcnkkel sz\u00e1lljon a dal,<br \/>\na t\u00f6bbi nem is sz\u00e1m\u00edt , ja, da, da ,da ,daj!<br \/>\nMa este k\u00e9t pej l\u00f3val megy\u00fcnk haza,<br \/>\nmert ber\u00fagott a sof\u0151r, eke taliga.<br \/>\nA j\u00f3 kedv\u00fcnkkel sz\u00e1lljon a dal,<br \/>\na t\u00f6bbi nem is sz\u00e1m\u00edt , ja, da, da ,da ,daj!<\/p>\n<p>A l\u00f3nak a farka, lel\u00f3g az aszfaltra,<br \/>\nbe k\u00e9ne csak fonni, h\u00e1t de nem meri senki.<br \/>\nH\u00e1t mit k\u00e9ne most tenni, este hazamenni,<br \/>\ntudok m\u00e9g egy kocsm\u00e1t, iszunk m\u00e9g egy szilv\u00e1t.<\/p>\n<p>Ma este k\u00e9t pej l\u00f3val megy\u00fcnk haza,<br \/>\nmert ber\u00fagott a sof\u0151r, eke taliga.<br \/>\nA j\u00f3 kedv\u00fcnkkel sz\u00e1lljon a dal,<br \/>\na t\u00f6bbi nem is sz\u00e1m\u00edt , ja, da, da ,da ,daj!<br \/>\nMa este k\u00e9t pej l\u00f3val megy\u00fcnk haza,<br \/>\nmert ber\u00fagott a sof\u0151r, eke taliga.<br \/>\nA j\u00f3 kedv\u00fcnkkel sz\u00e1lljon a dal,<br \/>\na t\u00f6bbi nem is sz\u00e1m\u00edt, ja, da, da ,da ,daj!<br \/>\n&#8212;Sz\u00f3l\u00f3&#8212;<br \/>\nMa este k\u00e9t pej l\u00f3val megy\u00fcnk haza,<br \/>\nmert ber\u00fagott a sof\u0151r, eke taliga.<br \/>\nA j\u00f3 kedv\u00fcnkkel sz\u00e1lljon a dal,<br \/>\na t\u00f6bbi nem is sz\u00e1m\u00edt , ja, da, da ,da ,daj!<br \/>\nMa este k\u00e9t pej l\u00f3val megy\u00fcnk haza,<br \/>\nmert ber\u00fagott a sof\u0151r, eke taliga.<br \/>\nA j\u00f3 kedv\u00fcnkkel sz\u00e1lljon a dal,<br \/>\na t\u00f6bbi nem is sz\u00e1m\u00edt, ja, da, da ,da ,daj!<br \/>\n&#8212;Sz\u00f3l\u00f3&#8212;<br \/>\nZavaros a Tisza vize,nem lehet hal\u00e1szni,<br \/>\n\u00edgy h\u00e1t kedves kis angyalom,r\u00e1d fogok vigy\u00e1zni.<br \/>\nNem kell \u00e9nr\u00e1m m\u00e1r vigy\u00e1zni,nem f\u00e1j n\u00e9kem semmi,<br \/>\ncsak az f\u00e1j,hogy nem tudtalak igaz\u00e1n szeretni.<br \/>\nNem kell \u00e9nr\u00e1m m\u00e1r vigy\u00e1zni,nem f\u00e1j n\u00e9kem semmi,<br \/>\ncsak az f\u00e1j,hogy nem tudtalak igaz\u00e1n szeretni.<\/p>\n<p>Haragszanak r\u00e1m a l\u00e1nyok,hogy \u00e9n hozz\u00e1d j\u00e1rok,<br \/>\nhogy \u00e9n a te k\u00e9k szemedn\u00e9l szebbet nem tal\u00e1lok.<br \/>\nK\u00e9t sz\u00e9p szemed,a piros ajkad minden boldogs\u00e1gom,<br \/>\nnem szerettem \u00edgy m\u00e9g senkit ezen a vil\u00e1gon.<br \/>\nK\u00e9t sz\u00e9p szemed,a piros ajkad minden boldogs\u00e1gom,<br \/>\nnem szerettem \u00edgy m\u00e9g senkit ezen a vil\u00e1gon.<\/p>\n<p>Kimegyek a temet\u0151be,besz\u00e9lek a cs\u0151sszel,<br \/>\n\u00e1ssa meg az \u00e9n s\u00edromat m\u00e9g az id\u00e9n \u0151sszel!<br \/>\nEgy s\u00edr helyett kett\u0151t \u00e1sson,mert egy kev\u00e9s n\u00e9kem,<br \/>\nEgyik kell a szeret\u0151mnek,a m\u00e1sik meg n\u00e9kem.<br \/>\nEgy s\u00edr helyett kett\u0151t \u00e1sson,mert egy kev\u00e9s n\u00e9kem,<br \/>\nEgyik kell a szeret\u0151mnek,a m\u00e1sik meg n\u00e9kem.<br \/>\n&#8212;Sz\u00f3l\u00f3&#8212;<br \/>\n\u00c1rad a Duna vize,elfolyik a Fekete-tengerbe,<br \/>\nfurcsa egy nyavalya,ha zajlik a szerelem az emberben.<br \/>\n\u00c1rad is,zajlik is,f\u00e1zik is,melege is van t\u0151le,<br \/>\nOtt benn,a sz\u00edve k\u00f6r\u00fcl sz\u00e1z fokot mutat a h\u0151m\u00e9r\u0151je.<br \/>\n\u00c1rad is,zajlik is,f\u00e1zik is,melege is van t\u0151le,<br \/>\nOtt benn,a sz\u00edve k\u00f6r\u00fcl sz\u00e1z fokot mutat a h\u0151m\u00e9r\u0151je.<\/p>\n<p>D\u00f6rm\u00f6g az \u00f6regap\u00e1nk,szidja is a bolondos n\u00e9ps\u00e9get.<br \/>\nEgyszer t\u00e1n esz\u00e9re t\u00e9r,s v\u00e9ge lesz a fura betegs\u00e9gnek.<br \/>\n\u00c9szre t\u00e9r,v\u00e9get \u00e9r,elfogy a szerelem az emberb\u0151l,<br \/>\nmajd,ha a Duna vize visszaj\u00f6n a Fekete-tengerb\u0151l.<br \/>\n\u00c9szre t\u00e9r,v\u00e9get \u00e9r,elfogy a szerelem az emberb\u0151l,<br \/>\nmajd,ha a Duna vize visszaj\u00f6n a Fekete-tengerb\u0151l.<br \/>\n&#8212;Sz\u00f3l\u00f3&#8212;<br \/>\nSej Panyol\u00e1ra k\u00e9t \u00faton kell bemenni.De szeretn\u00e9k a r\u00f3zs\u00e1mmal besz\u00e9lni!<br \/>\nT\u00e9len-ny\u00e1ron rozmaringos az ablaka,jaj,de sokat \u00e1ztam-f\u00e1ztam alatta..<br \/>\nT\u00e9len-ny\u00e1ron rozmaringos az ablaka,jaj,de sokat \u00e1ztam-f\u00e1ztam alatta..<\/p>\n<p>\u00c9desany\u00e1m,eresszen el a b\u00e1lba k\u00f6t\u00e9ny n\u00e9lk\u00fcl a r\u00f3zsasz\u00edn ruh\u00e1mban!<br \/>\nGy\u00e1sz m\u00e1r n\u00e9kem a r\u00f3zsasz\u00edn ruh\u00e1m is,\u00e1rva vagyok,elhagyott a bab\u00e1m is.<br \/>\nGy\u00e1sz m\u00e1r n\u00e9kem a r\u00f3zsasz\u00edn ruh\u00e1m is,\u00e1rva vagyok,elhagyott a bab\u00e1m is.<\/p>\n<p>K\u00e9k a k\u00f6k\u00e9ny,ha meg\u00e9rik,fekete,nem leszek \u00e9n panyolai menyecske.<br \/>\nK\u00e1r volna m\u00e9g engemet f\u00e9rjhez adni,r\u00f3zsa helyett bimb\u00f3t leszak\u00edtani.<br \/>\nK\u00e1r volna m\u00e9g engemet f\u00e9rjhez adni,r\u00f3zsa helyett bimb\u00f3t leszak\u00edtani.<br \/>\n&#8212;Sz\u00f3l\u00f3&#8212;<br \/>\nTegnap \u00e9jjel \u00e1lmomban \u00fajra leg\u00e9ny voltam.<br \/>\nSzabadon, mint a mad\u00e1r, boldogan daloltam.<br \/>\nBety\u00e1ros kis kalapom a fejemre t\u00e9ve,<br \/>\nKi\u00e1lltam a kapuba a h\u00e1zunk el\u00e9be.<br \/>\nBety\u00e1ros kis kalapom a fejemre t\u00e9ve,<br \/>\nKi\u00e1lltam a kapuba a h\u00e1zunk el\u00e9be.<\/p>\n<p>Arra j\u00e1rt a szeret\u0151m, a sok k\u00f6z\u00fcl egyik.<br \/>\nEgy cs\u00f3k ut\u00e1n tov\u00e1bb ment, azt\u00e1n j\u00f6tt a m\u00e1sik.<br \/>\nElj\u00f6tt volna mind a sz\u00e1z, de m\u00e1r \u00e9bren voltam.<br \/>\nHol volt n\u00e9kem az eszem, hogy megh\u00e1zasodtam?<br \/>\nElj\u00f6tt volna mind a sz\u00e1z, de m\u00e1r \u00e9bren voltam.<br \/>\nHol volt n\u00e9kem az eszem, hogy megh\u00e1zasodtam?<br \/>\n&#8212;V\u00e9ge&#8212;<\/p>\n<p>&nbsp;<\/p>\n<p>&nbsp;<\/p>\n<p>&nbsp;<\/p>\n<p>&nbsp;<\/p>\n<p>&nbsp;<\/p>\n<p>&nbsp;<\/p>\n<p>&nbsp;<\/p>\n<p>&nbsp;<\/p>\n<p>&nbsp;<\/p>\n<p>&nbsp;<\/p>\n<p>&nbsp;<\/p>\n<p>&nbsp;<\/p>\n","protected":false},"featured_media":12989,"template":"","meta":{"site-sidebar-layout":"default","site-content-layout":"default","ast-site-content-layout":"default","site-content-style":"default","site-sidebar-style":"default","ast-global-header-display":"","ast-banner-title-visibility":"","ast-main-header-display":"","ast-hfb-above-header-display":"","ast-hfb-below-header-display":"","ast-hfb-mobile-header-display":"","site-post-title":"","ast-breadcrumbs-content":"","ast-featured-img":"","footer-sml-layout":"","theme-transparent-header-meta":"default","adv-header-id-meta":"","stick-header-meta":"","header-above-stick-meta":"","header-main-stick-meta":"","header-below-stick-meta":"","astra-migrate-meta-layouts":"set","ast-page-background-enabled":"default","ast-page-background-meta":{"desktop":{"background-color":"var(--ast-global-color-4)","background-image":"","background-repeat":"repeat","background-position":"center center","background-size":"auto","background-attachment":"scroll","background-type":"","background-media":"","overlay-type":"","overlay-color":"","overlay-opacity":"","overlay-gradient":""},"tablet":{"background-color":"","background-image":"","background-repeat":"repeat","background-position":"center center","background-size":"auto","background-attachment":"scroll","background-type":"","background-media":"","overlay-type":"","overlay-color":"","overlay-opacity":"","overlay-gradient":""},"mobile":{"background-color":"","background-image":"","background-repeat":"repeat","background-position":"center center","background-size":"auto","background-attachment":"scroll","background-type":"","background-media":"","overlay-type":"","overlay-color":"","overlay-opacity":"","overlay-gradient":""}},"ast-content-background-meta":{"desktop":{"background-color":"var(--ast-global-color-5)","background-image":"","background-repeat":"repeat","background-position":"center center","background-size":"auto","background-attachment":"scroll","background-type":"","background-media":"","overlay-type":"","overlay-color":"","overlay-opacity":"","overlay-gradient":""},"tablet":{"background-color":"var(--ast-global-color-5)","background-image":"","background-repeat":"repeat","background-position":"center center","background-size":"auto","background-attachment":"scroll","background-type":"","background-media":"","overlay-type":"","overlay-color":"","overlay-opacity":"","overlay-gradient":""},"mobile":{"background-color":"var(--ast-global-color-5)","background-image":"","background-repeat":"repeat","background-position":"center center","background-size":"auto","background-attachment":"scroll","background-type":"","background-media":"","overlay-type":"","overlay-color":"","overlay-opacity":"","overlay-gradient":""}}},"product_cat":[48],"product_tag":[],"class_list":["post-11169","product","type-product","status-publish","has-post-thumbnail","hentry","product_cat-sunkaraoke-dalok","desktop-align-left","tablet-align-left","mobile-align-left"],"_links":{"self":[{"href":"https:\/\/www.sunkaraoke.hu\/index.php\/wp-json\/wp\/v2\/product\/11169","targetHints":{"allow":["GET"]}}],"collection":[{"href":"https:\/\/www.sunkaraoke.hu\/index.php\/wp-json\/wp\/v2\/product"}],"about":[{"href":"https:\/\/www.sunkaraoke.hu\/index.php\/wp-json\/wp\/v2\/types\/product"}],"wp:featuredmedia":[{"embeddable":true,"href":"https:\/\/www.sunkaraoke.hu\/index.php\/wp-json\/wp\/v2\/media\/12989"}],"wp:attachment":[{"href":"https:\/\/www.sunkaraoke.hu\/index.php\/wp-json\/wp\/v2\/media?parent=11169"}],"wp:term":[{"taxonomy":"product_cat","embeddable":true,"href":"https:\/\/www.sunkaraoke.hu\/index.php\/wp-json\/wp\/v2\/product_cat?post=11169"},{"taxonomy":"product_tag","embeddable":true,"href":"https:\/\/www.sunkaraoke.hu\/index.php\/wp-json\/wp\/v2\/product_tag?post=11169"}],"curies":[{"name":"wp","href":"https:\/\/api.w.org\/{rel}","templated":true}]}}