{"id":11083,"date":"2023-04-03T07:41:04","date_gmt":"2023-04-03T07:41:04","guid":{"rendered":"https:\/\/www.sunkaraoke.hu\/?post_type=product&#038;p=11083"},"modified":"2025-04-14T05:25:43","modified_gmt":"2025-04-14T05:25:43","slug":"piros-bela-nyitva-van-a-szazados-2023-mix","status":"publish","type":"product","link":"https:\/\/www.sunkaraoke.hu\/index.php\/termek\/piros-bela-nyitva-van-a-szazados-2023-mix\/","title":{"rendered":"<div class=\"wcmp-player-container product-11083\"><audio controlslist=\"nodownload\" data-product=\"11083\"  volume=\"1\"  preload=\"none\" data-lazyloading=\"none\" class=\"wcmp-player track mejs-classic\" data-duration=\"0:31\" data-estimated_duration=\"4\"><source src=\"https:\/\/www.sunkaraoke.hu\/wp-content\/uploads\/2023\/04\/Nyitva-van-szazados-Mix_demo.mp3\" type=\"audio\/mp3\" \/><\/audio><\/div>Piros B\u00e9la &#8211; Nyitva van a sz\u00e1zados 2023. MIX. (Original)"},"content":{"rendered":"<p><b>03:34<\/b>| <strong><img loading=\"lazy\" decoding=\"async\" class=\"alignnone size-full wp-image-467\" src=\"https:\/\/www.sunkaraoke.hu\/wp-content\/uploads\/2022\/07\/choir_2-copy.webp\" alt=\"\" width=\"30\" height=\"30\" \/> <\/strong><\/p>\n","protected":false},"excerpt":{"rendered":"<h6><strong>Bits\u0171r\u0171s\u00e9g: 320kb\/s<\/strong><br \/>\n<strong>Hossz: 03:34<\/strong><br \/>\n<strong>Vok\u00e1lt tartalmaz: Nem <img loading=\"lazy\" decoding=\"async\" class=\"alignnone size-full wp-image-467\" src=\"http:\/\/www.sunkaraoke.hu\/wp-content\/uploads\/2022\/07\/choir_2-copy.png\" alt=\"\" width=\"30\" height=\"30\" \/><\/strong><strong style=\"font-size: 16px;\"><br \/>\n<\/strong><\/h6>\n<p>Sunkaraoke mp3 st\u00fadi\u00f3 \/ www.sunkaraoke.hu \/ Inf: Tel: 06 20 4275001<\/p>\n<p>&#8212;Intr\u00f3&#8212;<br \/>\nNyitva van a sz\u00e1zados \u00far ablaka,<br \/>\nbarna kisl\u00e1ny s\u00edrva s\u00e9t\u00e1l alatta.<br \/>\n\u00c1llj meg, kisl\u00e1ny, barna kisl\u00e1ny egy sz\u00f3ra,<br \/>\n\u00e9n leszek a sz\u00edved vigasztal\u00f3ja.<br \/>\n\u00c1llj meg, kisl\u00e1ny, barna kisl\u00e1ny egy sz\u00f3ra,<br \/>\n\u00e9n leszek a sz\u00edved vigasztal\u00f3ja.<\/p>\n<p>Nem \u00e1llok meg a sz\u00e1zados \u00far szav\u00e1ra,<br \/>\nnem leszek a sz\u00e1zados \u00far bab\u00e1ja.<br \/>\nVan m\u00e1r n\u00e9kem a sz\u00e1zadj\u00e1ban egy k\u00f6zleg\u00e9ny,<br \/>\nkit nem adn\u00e9k sz\u00e1zados \u00far mag\u00e1\u00e9rt.<br \/>\nVan m\u00e1r n\u00e9kem a sz\u00e1zadj\u00e1ban egy k\u00f6zleg\u00e9ny,<br \/>\nkit nem adn\u00e9k sz\u00e1zados \u00far mag\u00e1\u00e9rt.<\/p>\n<p>A k\u00f6zleg\u00e9ny elesik a csat\u00e1ban,<br \/>\nki borul a barna kisl\u00e1ny v\u00e1ll\u00e1ra<br \/>\nHa elesik, sz\u00e1lljon \u00e1ld\u00e1s a por\u00e1ra,<br \/>\nm\u00e9gse leszek a sz\u00e1zados \u00far bab\u00e1ja.<br \/>\nHa elesik, sz\u00e1lljon \u00e1ld\u00e1s a por\u00e1ra,<br \/>\nm\u00e9gse leszek a sz\u00e1zados \u00far bab\u00e1ja.<br \/>\n&#8212;Sz\u00f3l\u00f3&#8212;<br \/>\nNem vagyok egy j\u00f3 gyerek, de szeretnek az emberek,<br \/>\ncsak a dr\u00e1ga j\u00f3 any\u00e1m, sirat minden \u00e9jszak\u00e1n.<\/p>\n<p>Ne s\u00edrj any\u00e1m megv\u00e1ltozom, egyszer j\u00f3 leszek,<br \/>\na vil\u00e1gon egyed\u00fcl m\u00e1r csak benned hiszek.<br \/>\nT\u00f6nkretettek a sz\u00e9p l\u00e1nyok, csak az\u00e9rt iszom,<br \/>\na sz\u00edvemet \u00e9n m\u00e1r m\u00e1sra, t\u00f6bb\u00e9 nem b\u00edzom.<\/p>\n<p>Meg\u00edg\u00e9rtem megteszem, megv\u00e1ltozom teljesen,<br \/>\nmikor azt m\u00e9g nem tudom, j\u00f3 Istenem r\u00e1d b\u00edzom.<\/p>\n<p>Ne s\u00edrj any\u00e1m megv\u00e1ltozom, egyszer j\u00f3 leszek,<br \/>\na vil\u00e1gon egyed\u00fcl m\u00e1r csak benned hiszek.<br \/>\nT\u00f6nkretettek a sz\u00e9p l\u00e1nyok, csak az\u00e9rt iszom,<br \/>\na sz\u00edvemet \u00e9n m\u00e1r m\u00e1sra, t\u00f6bb\u00e9 nem b\u00edzom.<\/p>\n<p>Ne s\u00edrj any\u00e1m megv\u00e1ltozom, egyszer j\u00f3 leszek,<br \/>\na vil\u00e1gon egyed\u00fcl m\u00e1r csak benned hiszek.<br \/>\nT\u00f6nkretettek a sz\u00e9p l\u00e1nyok, csak az\u00e9rt iszom,<br \/>\na sz\u00edvemet \u00e9n m\u00e1r m\u00e1sra, t\u00f6bb\u00e9 nem b\u00edzom.<br \/>\n&#8212;V\u00e9ge&#8212;<\/p>\n","protected":false},"featured_media":12989,"template":"","meta":{"site-sidebar-layout":"default","site-content-layout":"default","ast-site-content-layout":"default","site-content-style":"default","site-sidebar-style":"default","ast-global-header-display":"","ast-banner-title-visibility":"","ast-main-header-display":"","ast-hfb-above-header-display":"","ast-hfb-below-header-display":"","ast-hfb-mobile-header-display":"","site-post-title":"","ast-breadcrumbs-content":"","ast-featured-img":"","footer-sml-layout":"","theme-transparent-header-meta":"default","adv-header-id-meta":"","stick-header-meta":"","header-above-stick-meta":"","header-main-stick-meta":"","header-below-stick-meta":"","astra-migrate-meta-layouts":"set","ast-page-background-enabled":"default","ast-page-background-meta":{"desktop":{"background-color":"var(--ast-global-color-4)","background-image":"","background-repeat":"repeat","background-position":"center center","background-size":"auto","background-attachment":"scroll","background-type":"","background-media":"","overlay-type":"","overlay-color":"","overlay-opacity":"","overlay-gradient":""},"tablet":{"background-color":"","background-image":"","background-repeat":"repeat","background-position":"center center","background-size":"auto","background-attachment":"scroll","background-type":"","background-media":"","overlay-type":"","overlay-color":"","overlay-opacity":"","overlay-gradient":""},"mobile":{"background-color":"","background-image":"","background-repeat":"repeat","background-position":"center center","background-size":"auto","background-attachment":"scroll","background-type":"","background-media":"","overlay-type":"","overlay-color":"","overlay-opacity":"","overlay-gradient":""}},"ast-content-background-meta":{"desktop":{"background-color":"var(--ast-global-color-5)","background-image":"","background-repeat":"repeat","background-position":"center center","background-size":"auto","background-attachment":"scroll","background-type":"","background-media":"","overlay-type":"","overlay-color":"","overlay-opacity":"","overlay-gradient":""},"tablet":{"background-color":"var(--ast-global-color-5)","background-image":"","background-repeat":"repeat","background-position":"center center","background-size":"auto","background-attachment":"scroll","background-type":"","background-media":"","overlay-type":"","overlay-color":"","overlay-opacity":"","overlay-gradient":""},"mobile":{"background-color":"var(--ast-global-color-5)","background-image":"","background-repeat":"repeat","background-position":"center center","background-size":"auto","background-attachment":"scroll","background-type":"","background-media":"","overlay-type":"","overlay-color":"","overlay-opacity":"","overlay-gradient":""}}},"product_cat":[48],"product_tag":[],"class_list":["post-11083","product","type-product","status-publish","has-post-thumbnail","hentry","product_cat-sunkaraoke-dalok","desktop-align-left","tablet-align-left","mobile-align-left"],"_links":{"self":[{"href":"https:\/\/www.sunkaraoke.hu\/index.php\/wp-json\/wp\/v2\/product\/11083","targetHints":{"allow":["GET"]}}],"collection":[{"href":"https:\/\/www.sunkaraoke.hu\/index.php\/wp-json\/wp\/v2\/product"}],"about":[{"href":"https:\/\/www.sunkaraoke.hu\/index.php\/wp-json\/wp\/v2\/types\/product"}],"wp:featuredmedia":[{"embeddable":true,"href":"https:\/\/www.sunkaraoke.hu\/index.php\/wp-json\/wp\/v2\/media\/12989"}],"wp:attachment":[{"href":"https:\/\/www.sunkaraoke.hu\/index.php\/wp-json\/wp\/v2\/media?parent=11083"}],"wp:term":[{"taxonomy":"product_cat","embeddable":true,"href":"https:\/\/www.sunkaraoke.hu\/index.php\/wp-json\/wp\/v2\/product_cat?post=11083"},{"taxonomy":"product_tag","embeddable":true,"href":"https:\/\/www.sunkaraoke.hu\/index.php\/wp-json\/wp\/v2\/product_tag?post=11083"}],"curies":[{"name":"wp","href":"https:\/\/api.w.org\/{rel}","templated":true}]}}