{"id":11065,"date":"2023-04-01T07:39:07","date_gmt":"2023-04-01T07:39:07","guid":{"rendered":"https:\/\/www.sunkaraoke.hu\/?post_type=product&#038;p=11065"},"modified":"2025-04-14T05:28:04","modified_gmt":"2025-04-14T05:28:04","slug":"bitto-duo-ma-este-csokolj-meg-2023","status":"publish","type":"product","link":"https:\/\/www.sunkaraoke.hu\/index.php\/termek\/bitto-duo-ma-este-csokolj-meg-2023\/","title":{"rendered":"<div class=\"wcmp-player-container product-11065\"><audio controlslist=\"nodownload\" data-product=\"11065\"  volume=\"1\"  preload=\"none\" data-lazyloading=\"none\" class=\"wcmp-player track mejs-classic\" data-duration=\"0:32\" data-estimated_duration=\"4\"><source src=\"https:\/\/www.sunkaraoke.hu\/wp-content\/uploads\/2023\/04\/Ma-este-csokolj-Bitto-2023-_demo-1.mp3\" type=\"audio\/mp3\" \/><\/audio><\/div>Bitt\u00f3 Du\u00f3 &#8211; Ma este cs\u00f3kolj m\u00e9g (Original PB Edition)"},"content":{"rendered":"<p><strong>03:28<\/strong>\u00a0| <strong><img loading=\"lazy\" decoding=\"async\" class=\"alignnone size-full wp-image-467\" src=\"https:\/\/www.sunkaraoke.hu\/wp-content\/uploads\/2022\/07\/choir_2-copy.webp\" alt=\"\" width=\"30\" height=\"30\" \/> <\/strong><\/p>\n","protected":false},"excerpt":{"rendered":"<p><strong>Bits\u0171r\u0171s\u00e9g: 320kb\/s<\/strong><br \/>\n<strong>Hossz: 03:28<\/strong><br \/>\n<strong>Vok\u00e1lt tartalmaz: Nem <img loading=\"lazy\" decoding=\"async\" class=\"alignnone size-full wp-image-467\" src=\"http:\/\/www.sunkaraoke.hu\/wp-content\/uploads\/2022\/07\/choir_2-copy.png\" alt=\"\" width=\"30\" height=\"30\" \/><\/strong><strong style=\"font-size: 16px;\"><br \/>\n<\/strong><\/p>\n<p>Sunkaraoke mp3 st\u00fadi\u00f3 \/ www.sunkaraoke.hu \/ Inf: Tel: 06 20 4275001<\/p>\n<p>&#8212;Intr\u00f3&#8212;<br \/>\nMa este cs\u00f3kolj m\u00e9g, \u00f6lelj \u00e1t \u00fagy mint r\u00e9g,<br \/>\n\u00f6lelj \u00e1t engem \u00fagy ahogy r\u00e9g,mikor m\u00e9g szerett\u00e9l.<br \/>\nA sz\u00edved forr\u00f3 ny\u00e1r,mindig csak t\u00e9ged v\u00e1r,<br \/>\nf\u00fcledbe s\u00fagom \u00f3 Sossanna, \u00f6r\u00f6kre a rabod vagyok m\u00e1r.<\/p>\n<p>Halv\u00e1ny r\u00f3zsasz\u00e1l, mondd el, hogy \u0151, hol j\u00e1r!<br \/>\nKivel t\u00e1ncol, kivel j\u00e1r, \u00e1rva sz\u00edvem csak \u0151 re\u00e1d v\u00e1r.<\/p>\n<p>Te vagy a val\u00f3s\u00e1g, \u00e9s minden k\u00e9pzelet,<br \/>\nmit \u00e9rne n\u00e9kem ez az \u00e9let, ha nem lenn\u00e9l \u00e9nvelem.<\/p>\n<p>Te itt vagy \u00e9nvelem,\u00e9s fogod a k\u00e9t kezem,<br \/>\nt\u00e1ncolj most nekem kedvesem, l\u00e9gy az \u00e9n szerelmem.<\/p>\n<p>A napf\u00e9nye r\u00e1nk ragyogott, t\u00e1ncolt vel\u00fcnk a hold,<br \/>\nmi\u00e9nk az \u00e9jjel cig\u00e1ny le\u00e1ny, a sz\u00edvem ti\u00e9d m\u00e1r.<\/p>\n<p>Ma este cs\u00f3kolj m\u00e9g, \u00f6lelj \u00e1t \u00fagy mint r\u00e9g,<br \/>\n\u00f6lelj \u00e1t engem \u00fagy ahogy r\u00e9g,mikor m\u00e9g szerett\u00e9l.<br \/>\nA sz\u00edved forr\u00f3 ny\u00e1r,mindig csak t\u00e9ged v\u00e1r,<br \/>\nte volt\u00e1l n\u00e9kem \u00d3 Sossanna, te volt\u00e1l az igazi t\u00e1rs!<br \/>\n&#8212;Sz\u00f3l\u00f3&#8212;<br \/>\nTe vagy a val\u00f3s\u00e1g, \u00e9s minden k\u00e9pzelet,<br \/>\nmit \u00e9rne n\u00e9kem ez az \u00e9let, ha nem lenn\u00e9l \u00e9nvelem.<\/p>\n<p>Te itt vagy \u00e9nvelem,\u00e9s fogod a k\u00e9t kezem,<br \/>\nt\u00e1ncolj most nekem kedvesem, l\u00e9gy az \u00e9n szerelmem.<\/p>\n<p>Ma este cs\u00f3kolj m\u00e9g, \u00f6lelj \u00e1t \u00fagy mint r\u00e9g,<br \/>\n\u00f6lelj \u00e1t engem \u00fagy ahogy r\u00e9g,mikor m\u00e9g szerett\u00e9l.<\/p>\n<p>A sz\u00edved forr\u00f3 ny\u00e1r, mindig csak t\u00e9ged v\u00e1r,<br \/>\nte volt\u00e1l n\u00e9kem \u00d3 Sossanna, te volt\u00e1l az igazi t\u00e1rs!<br \/>\n&#8212;V\u00e9ge&#8212;<\/p>\n","protected":false},"featured_media":8718,"template":"","meta":{"site-sidebar-layout":"default","site-content-layout":"default","ast-site-content-layout":"default","site-content-style":"default","site-sidebar-style":"default","ast-global-header-display":"","ast-banner-title-visibility":"","ast-main-header-display":"","ast-hfb-above-header-display":"","ast-hfb-below-header-display":"","ast-hfb-mobile-header-display":"","site-post-title":"","ast-breadcrumbs-content":"","ast-featured-img":"","footer-sml-layout":"","theme-transparent-header-meta":"default","adv-header-id-meta":"","stick-header-meta":"","header-above-stick-meta":"","header-main-stick-meta":"","header-below-stick-meta":"","astra-migrate-meta-layouts":"set","ast-page-background-enabled":"default","ast-page-background-meta":{"desktop":{"background-color":"var(--ast-global-color-4)","background-image":"","background-repeat":"repeat","background-position":"center center","background-size":"auto","background-attachment":"scroll","background-type":"","background-media":"","overlay-type":"","overlay-color":"","overlay-opacity":"","overlay-gradient":""},"tablet":{"background-color":"","background-image":"","background-repeat":"repeat","background-position":"center center","background-size":"auto","background-attachment":"scroll","background-type":"","background-media":"","overlay-type":"","overlay-color":"","overlay-opacity":"","overlay-gradient":""},"mobile":{"background-color":"","background-image":"","background-repeat":"repeat","background-position":"center center","background-size":"auto","background-attachment":"scroll","background-type":"","background-media":"","overlay-type":"","overlay-color":"","overlay-opacity":"","overlay-gradient":""}},"ast-content-background-meta":{"desktop":{"background-color":"var(--ast-global-color-5)","background-image":"","background-repeat":"repeat","background-position":"center center","background-size":"auto","background-attachment":"scroll","background-type":"","background-media":"","overlay-type":"","overlay-color":"","overlay-opacity":"","overlay-gradient":""},"tablet":{"background-color":"var(--ast-global-color-5)","background-image":"","background-repeat":"repeat","background-position":"center center","background-size":"auto","background-attachment":"scroll","background-type":"","background-media":"","overlay-type":"","overlay-color":"","overlay-opacity":"","overlay-gradient":""},"mobile":{"background-color":"var(--ast-global-color-5)","background-image":"","background-repeat":"repeat","background-position":"center center","background-size":"auto","background-attachment":"scroll","background-type":"","background-media":"","overlay-type":"","overlay-color":"","overlay-opacity":"","overlay-gradient":""}}},"product_cat":[48],"product_tag":[],"class_list":["post-11065","product","type-product","status-publish","has-post-thumbnail","hentry","product_cat-sunkaraoke-dalok","desktop-align-left","tablet-align-left","mobile-align-left"],"_links":{"self":[{"href":"https:\/\/www.sunkaraoke.hu\/index.php\/wp-json\/wp\/v2\/product\/11065","targetHints":{"allow":["GET"]}}],"collection":[{"href":"https:\/\/www.sunkaraoke.hu\/index.php\/wp-json\/wp\/v2\/product"}],"about":[{"href":"https:\/\/www.sunkaraoke.hu\/index.php\/wp-json\/wp\/v2\/types\/product"}],"wp:featuredmedia":[{"embeddable":true,"href":"https:\/\/www.sunkaraoke.hu\/index.php\/wp-json\/wp\/v2\/media\/8718"}],"wp:attachment":[{"href":"https:\/\/www.sunkaraoke.hu\/index.php\/wp-json\/wp\/v2\/media?parent=11065"}],"wp:term":[{"taxonomy":"product_cat","embeddable":true,"href":"https:\/\/www.sunkaraoke.hu\/index.php\/wp-json\/wp\/v2\/product_cat?post=11065"},{"taxonomy":"product_tag","embeddable":true,"href":"https:\/\/www.sunkaraoke.hu\/index.php\/wp-json\/wp\/v2\/product_tag?post=11065"}],"curies":[{"name":"wp","href":"https:\/\/api.w.org\/{rel}","templated":true}]}}