{"id":11051,"date":"2023-03-29T07:31:52","date_gmt":"2023-03-29T07:31:52","guid":{"rendered":"https:\/\/www.sunkaraoke.hu\/?post_type=product&#038;p=11051"},"modified":"2025-04-14T05:26:45","modified_gmt":"2025-04-14T05:26:45","slug":"jerzsele-zoltan-jerzsele-mulatos-mix-15-2","status":"publish","type":"product","link":"https:\/\/www.sunkaraoke.hu\/index.php\/termek\/jerzsele-zoltan-jerzsele-mulatos-mix-15-2\/","title":{"rendered":"<div class=\"wcmp-player-container product-11051\"><audio controlslist=\"nodownload\" data-product=\"11051\"  volume=\"1\"  preload=\"none\" data-lazyloading=\"none\" class=\"wcmp-player track mejs-classic\" data-duration=\"0:36\" data-estimated_duration=\"4\"><source src=\"https:\/\/www.sunkaraoke.hu\/wp-content\/uploads\/2023\/03\/Jerzsele-mulatos-15_demo.mp3\" type=\"audio\/mp3\" \/><\/audio><\/div>Jerzsele Zolt\u00e1n- Jerzsele mulat\u00f3s mix 15.(Original)"},"content":{"rendered":"<p><b>05:46<\/b>| <strong><img loading=\"lazy\" decoding=\"async\" class=\"alignnone size-full wp-image-467\" src=\"https:\/\/www.sunkaraoke.hu\/wp-content\/uploads\/2022\/07\/choir_2-copy.webp\" alt=\"\" width=\"30\" height=\"30\" \/> <\/strong><\/p>\n","protected":false},"excerpt":{"rendered":"<h6><strong>Bits\u0171r\u0171s\u00e9g: 320 kb\/s<\/strong><br \/>\n<strong>Hossz: 05:46<\/strong><\/h6>\n<h6><strong>Vok\u00e1lt tartalmaz: Nem<\/strong> <img loading=\"lazy\" decoding=\"async\" class=\"alignnone size-full wp-image-467\" src=\"http:\/\/www.sunkaraoke.hu\/wp-content\/uploads\/2022\/07\/choir_2-copy.png\" alt=\"\" width=\"30\" height=\"30\" \/><strong style=\"font-size: 16px;\"><br \/>\n<\/strong><\/h6>\n<p>Sunkaraoke mp3 st\u00fadi\u00f3 \/ www.sunkaraoke.hu \/ Inf: Tel: 06 20 4275001<\/p>\n<p>&#8212;Intro&#8212;Fm&#8212;Dm&#8212;\u00c9nek!&#8212;<br \/>\nMegyek haza a kocsm\u00e1b\u00f3l,<br \/>\na feles\u00e9gem n\u00e9z a h\u00e1zb\u00f3l.<br \/>\nMegismer a j\u00e1r\u00e1somr\u00f3l,<br \/>\na fekete g\u00f6nd\u00f6r hajamr\u00f3l.<br \/>\nMegismer a j\u00e1r\u00e1somr\u00f3l,<br \/>\na fekete g\u00f6nd\u00f6r hajamr\u00f3l&#8230;<br \/>\nCoki asszony ki a h\u00e1zb\u00f3l,<br \/>\nmost j\u00f6v\u00f6k a k\u00e1v\u00e9h\u00e1zb\u00f3l.<br \/>\nFeles\u00e9gem dr\u00e1ga kincsem,<br \/>\na vil\u00e1gon p\u00e1rja nincsen.<br \/>\nFeles\u00e9gem dr\u00e1ga kincsem,<br \/>\na vil\u00e1gon p\u00e1rja nincsen&#8230;<br \/>\n&#8216;oszt&#8217; Eladom a b\u0151rkab\u00e1tom,<br \/>\nsz\u00e9jjel sz\u00f3rom a csal\u00e1dom.<br \/>\nVisszaveszem a kab\u00e1tom,<br \/>\n&#8216;oszt&#8217; \u00f6sszeszedem a csal\u00e1dom.<br \/>\nVisszaveszem a kab\u00e1tom,<br \/>\n&#8216;oszt&#8217; \u00f6sszeszedem a csal\u00e1dom.<br \/>\n&#8212;Cimbalom Solo&#8212;<br \/>\nMegyek haza a kocsm\u00e1b\u00f3l,<br \/>\na feles\u00e9gem n\u00e9z a h\u00e1zb\u00f3l.<br \/>\nMegismer a j\u00e1r\u00e1somr\u00f3l,<br \/>\na fekete g\u00f6nd\u00f6r hajamr\u00f3l.<br \/>\nMegismer a j\u00e1r\u00e1somr\u00f3l,<br \/>\na fekete g\u00f6nd\u00f6r hajamr\u00f3l&#8230;<br \/>\nCoki asszony ki a h\u00e1zb\u00f3l,<br \/>\nmost j\u00f6v\u00f6k a k\u00e1v\u00e9h\u00e1zb\u00f3l.<br \/>\nFeles\u00e9gem dr\u00e1ga kincsem,<br \/>\na vil\u00e1gon p\u00e1rja nincsen.<br \/>\nFeles\u00e9gem dr\u00e1ga kincsem,<br \/>\na vil\u00e1gon p\u00e1rja nincsen!<br \/>\n&#8212;Modul\u00e1l\u00e1s &#8211; Dmoll-ra!&#8212;<br \/>\nErd\u0151 sz\u00e9l\u00e9n s\u00e1toroznak<br \/>\naz ol\u00e1h cig\u00e1nyok. A jegenyefa tetej\u00e9r\u0151l<br \/>\na rig\u00f3 f\u00fcty\u00fcl r\u00e1juk. A jegenyefa tetej\u00e9r\u0151l<br \/>\na rig\u00f3 f\u00fcty\u00fcl r\u00e1juk&#8230;<br \/>\nAzt f\u00fcty\u00fcli az a rig\u00f3 odafenn az \u00e1gon.<br \/>\nHogy Dabas-S\u00e1ri l\u00e1nynak nincsen p\u00e1rja<br \/>\nezen a nagy vil\u00e1gon. Hogy Dabas-S\u00e1ri l\u00e1nynak<br \/>\nnincsen p\u00e1rja ezen a nagy vil\u00e1gon.<br \/>\n&#8212;Szaxi Solo&#8212;<br \/>\n\u00d6sszeszedi a sz\u00e9n\u00e1t, zabot,<br \/>\na f\u00e9lszem\u0171 lov\u00e1nak. A kertek alatt<br \/>\na d\u00f6gl\u00f6tt ty\u00fakot az apr\u00f3 csal\u00e1dj\u00e1nak.<br \/>\nA kertek alatt a d\u00f6gl\u00f6tt ty\u00fakot<br \/>\naz apr\u00f3 csal\u00e1dj\u00e1nak&#8230;<br \/>\nAz emberek az erd\u0151be<br \/>\nmind a tekn\u0151t v\u00e1jj\u00e1k. Az asszonyok<br \/>\na faluba a cig\u00e1ny k\u00e1rty\u00e1t h\u00e1nyj\u00e1k.<br \/>\nAz asszonyok a faluba<br \/>\na cig\u00e1ny k\u00e1rty\u00e1t h\u00e1nyj\u00e1k!<br \/>\nDe \u00fagy szeretem a r\u00e1nyimat<br \/>\nlev\u00e1gatom a hajamat.<br \/>\nS\u00e1 n\u00e1jn\u00e1, n\u00e1n\u00e1 n\u00e1jn\u00e1 n\u00e1n\u00e1j n\u00e1n\u00e1.<br \/>\n\u00dagy szeretlek, \u00fagy szeretlek,<br \/>\nvakulj\u00e1l meg \u00fagy szeretlek.<br \/>\nS\u00e1 n\u00e1jn\u00e1, n\u00e1n\u00e1 n\u00e1jn\u00e1 n\u00e1n\u00e1j n\u00e1n\u00e1.<br \/>\n\u00dagy szeretlek, \u00fagy szeretlek,<br \/>\nvakulj\u00e1l meg \u00fagy szeretlek.<br \/>\nS\u00e1 n\u00e1jn\u00e1, n\u00e1n\u00e1 n\u00e1jn\u00e1 n\u00e1n\u00e1j n\u00e1n\u00e1&#8230;<br \/>\nKiny\u00fajtom a jobb karomat,<br \/>\nmeg\u00f6lelem a romnyimat.<br \/>\nS\u00e1 n\u00e1jn\u00e1, n\u00e1n\u00e1 n\u00e1jn\u00e1 n\u00e1n\u00e1j n\u00e1n\u00e1.<br \/>\n\u00dagy szeretlek, \u00fagy szeretlek,<br \/>\nvakulj\u00e1l meg \u00fagy szeretlek.<br \/>\nS\u00e1 n\u00e1jn\u00e1, n\u00e1n\u00e1 n\u00e1jn\u00e1 n\u00e1n\u00e1j n\u00e1n\u00e1.<br \/>\n\u00dagy szeretlek, \u00fagy szeretlek,<br \/>\nvakulj\u00e1l meg \u00fagy szeretlek.<br \/>\nS\u00e1 n\u00e1jn\u00e1, n\u00e1n\u00e1 n\u00e1jn\u00e1 n\u00e1n\u00e1j n\u00e1n\u00e1.<br \/>\n&#8212;Git\u00e1r Solo&#8212;<br \/>\nNe mozgasd a l\u00e1bad sz\u00e1r\u00e1t,<br \/>\ntudom a farod j\u00e1r\u00e1s\u00e1t.<br \/>\nS\u00e1 n\u00e1jn\u00e1, n\u00e1n\u00e1 n\u00e1jn\u00e1 n\u00e1n\u00e1j n\u00e1n\u00e1.<br \/>\nM\u00e1ma ettem h\u00f3&#8217;nap nem,<br \/>\nmert az asszony nem szeret.<br \/>\nS\u00e1 n\u00e1jn\u00e1, n\u00e1n\u00e1 n\u00e1jn\u00e1 n\u00e1n\u00e1j n\u00e1n\u00e1.<br \/>\nM\u00e1ma ettem h\u00f3&#8217;nap nem,<br \/>\nmert az asszony nem szeret.<br \/>\nS\u00e1 n\u00e1jn\u00e1, n\u00e1n\u00e1 n\u00e1jn\u00e1 n\u00e1n\u00e1j n\u00e1n\u00e1.<br \/>\n&#8212;Klarin\u00e9t Solo&#8212;<br \/>\nLev\u00e1gatom a hajamat,<br \/>\nmegp\u00f6dr\u00f6m a bajuszomat.<br \/>\nS\u00e1 n\u00e1jn\u00e1, n\u00e1n\u00e1 n\u00e1jn\u00e1 n\u00e1n\u00e1j n\u00e1n\u00e1.<br \/>\nNincsen n\u00e9kem: se p\u00e9nzem,<br \/>\nse asztalom, se sz\u00e9kem.<br \/>\nElhagyott a dr\u00e1ga kis feles\u00e9gem.<br \/>\nNincsen n\u00e9kem: se p\u00e9nzem,<br \/>\nse asztalom, se sz\u00e9kem.<br \/>\nElhagyott a dr\u00e1ga kis feles\u00e9gem!<br \/>\n&#8212;Jer\u00f3 Music &#8211; 2023.&#8212;<\/p>\n","protected":false},"featured_media":9772,"template":"","meta":{"site-sidebar-layout":"default","site-content-layout":"default","ast-site-content-layout":"default","site-content-style":"default","site-sidebar-style":"default","ast-global-header-display":"","ast-banner-title-visibility":"","ast-main-header-display":"","ast-hfb-above-header-display":"","ast-hfb-below-header-display":"","ast-hfb-mobile-header-display":"","site-post-title":"","ast-breadcrumbs-content":"","ast-featured-img":"","footer-sml-layout":"","theme-transparent-header-meta":"default","adv-header-id-meta":"","stick-header-meta":"","header-above-stick-meta":"","header-main-stick-meta":"","header-below-stick-meta":"","astra-migrate-meta-layouts":"set","ast-page-background-enabled":"default","ast-page-background-meta":{"desktop":{"background-color":"var(--ast-global-color-4)","background-image":"","background-repeat":"repeat","background-position":"center center","background-size":"auto","background-attachment":"scroll","background-type":"","background-media":"","overlay-type":"","overlay-color":"","overlay-opacity":"","overlay-gradient":""},"tablet":{"background-color":"","background-image":"","background-repeat":"repeat","background-position":"center center","background-size":"auto","background-attachment":"scroll","background-type":"","background-media":"","overlay-type":"","overlay-color":"","overlay-opacity":"","overlay-gradient":""},"mobile":{"background-color":"","background-image":"","background-repeat":"repeat","background-position":"center center","background-size":"auto","background-attachment":"scroll","background-type":"","background-media":"","overlay-type":"","overlay-color":"","overlay-opacity":"","overlay-gradient":""}},"ast-content-background-meta":{"desktop":{"background-color":"var(--ast-global-color-5)","background-image":"","background-repeat":"repeat","background-position":"center center","background-size":"auto","background-attachment":"scroll","background-type":"","background-media":"","overlay-type":"","overlay-color":"","overlay-opacity":"","overlay-gradient":""},"tablet":{"background-color":"var(--ast-global-color-5)","background-image":"","background-repeat":"repeat","background-position":"center center","background-size":"auto","background-attachment":"scroll","background-type":"","background-media":"","overlay-type":"","overlay-color":"","overlay-opacity":"","overlay-gradient":""},"mobile":{"background-color":"var(--ast-global-color-5)","background-image":"","background-repeat":"repeat","background-position":"center center","background-size":"auto","background-attachment":"scroll","background-type":"","background-media":"","overlay-type":"","overlay-color":"","overlay-opacity":"","overlay-gradient":""}}},"product_cat":[75],"product_tag":[],"class_list":["post-11051","product","type-product","status-publish","has-post-thumbnail","hentry","product_cat-jerzsele-zoltan","desktop-align-left","tablet-align-left","mobile-align-left"],"_links":{"self":[{"href":"https:\/\/www.sunkaraoke.hu\/index.php\/wp-json\/wp\/v2\/product\/11051","targetHints":{"allow":["GET"]}}],"collection":[{"href":"https:\/\/www.sunkaraoke.hu\/index.php\/wp-json\/wp\/v2\/product"}],"about":[{"href":"https:\/\/www.sunkaraoke.hu\/index.php\/wp-json\/wp\/v2\/types\/product"}],"wp:featuredmedia":[{"embeddable":true,"href":"https:\/\/www.sunkaraoke.hu\/index.php\/wp-json\/wp\/v2\/media\/9772"}],"wp:attachment":[{"href":"https:\/\/www.sunkaraoke.hu\/index.php\/wp-json\/wp\/v2\/media?parent=11051"}],"wp:term":[{"taxonomy":"product_cat","embeddable":true,"href":"https:\/\/www.sunkaraoke.hu\/index.php\/wp-json\/wp\/v2\/product_cat?post=11051"},{"taxonomy":"product_tag","embeddable":true,"href":"https:\/\/www.sunkaraoke.hu\/index.php\/wp-json\/wp\/v2\/product_tag?post=11051"}],"curies":[{"name":"wp","href":"https:\/\/api.w.org\/{rel}","templated":true}]}}