{"id":10862,"date":"2023-03-01T12:16:09","date_gmt":"2023-03-01T12:16:09","guid":{"rendered":"https:\/\/www.sunkaraoke.hu\/?post_type=product&#038;p=10862"},"modified":"2025-04-14T05:17:53","modified_gmt":"2025-04-14T05:17:53","slug":"galamb-jozsef-szurke-eniko-en-voltam-a-legboldogabb","status":"publish","type":"product","link":"https:\/\/www.sunkaraoke.hu\/index.php\/termek\/galamb-jozsef-szurke-eniko-en-voltam-a-legboldogabb\/","title":{"rendered":"<div class=\"wcmp-player-container product-10862\"><audio controlslist=\"nodownload\" data-product=\"10862\"  volume=\"1\"  preload=\"none\" data-lazyloading=\"none\" class=\"wcmp-player track mejs-classic\" data-duration=\"0:31\" data-estimated_duration=\"4\"><source src=\"https:\/\/www.sunkaraoke.hu\/wp-content\/uploads\/2023\/03\/En-voltam-a-legboldogabb_demo.mp3\" type=\"audio\/mp3\" \/><\/audio><\/div>Galamb J\u00f3zsef &#038; Sz\u00fcrke Enik\u0151 &#8211; \u00c9n voltam a legboldogabb (Original)"},"content":{"rendered":"<p><b>03:28<\/b>| <strong><img loading=\"lazy\" decoding=\"async\" class=\"alignnone size-full wp-image-466\" src=\"https:\/\/www.sunkaraoke.hu\/wp-content\/uploads\/2022\/07\/choir_1-copy.webp\" alt=\"\" width=\"30\" height=\"30\" \/> <\/strong><\/p>\n","protected":false},"excerpt":{"rendered":"<h5><strong>Bits\u0171r\u0171s\u00e9g: 320 kb\/s<\/strong><br \/>\n<strong>Hossz: 03:28<\/strong><br \/>\n<strong>Vok\u00e1lt tartalmaz: Igen <img loading=\"lazy\" decoding=\"async\" class=\"alignnone size-full wp-image-466\" src=\"http:\/\/www.sunkaraoke.hu\/wp-content\/uploads\/2022\/07\/choir_1-copy.png\" alt=\"\" width=\"30\" height=\"30\" \/><\/strong><strong style=\"font-size: 16px;\"><br \/>\n<\/strong><\/h5>\n<p>Sunkaraoke mp3 st\u00fadi\u00f3 \/ www.sunkaraoke.hu \/ Inf: Tel: 06 20 4275001<\/p>\n<p>\u00c9n voltam a legboldogabb &#8211; B<\/p>\n<p>\u00c9n voltam a legboldogabb asszony<br \/>\nN\u00e1dfedeles kicsi h\u00e1z, mi v\u00e1rt<br \/>\nGyermekeim \u00e9des hangjait\u00f3l<br \/>\nAz \u00e9n sz\u00edvem megnyugv\u00e1st tal\u00e1lt<\/p>\n<p>\u00c9n voltam a legboldogabb asszony<br \/>\nAz a kis h\u00e1z ma is hazav\u00e1r<br \/>\nHa v\u00e9gig megyek sokszor a szob\u00e1in<br \/>\nA sok sz\u00e9p eml\u00e9k \u00fajra r\u00e1m tal\u00e1l<\/p>\n<p>Nagyon r\u00e9g volt, hogy szerelmes voltam<br \/>\nAz\u00f3ta a sz\u00edvem az \u00f6v\u00e9<br \/>\nNagyon r\u00e9gen, fiatalok voltunk<br \/>\nHamar elrep\u00fclt a sok sok \u00e9v<\/p>\n<p>De \u00e9n voltam a legboldogabb asszony<br \/>\nMert szeretet \u00e9s boldogs\u00e1g v\u00e1rt r\u00e1m<br \/>\nHa s\u00edrtam is, vagy b\u00e1nat j\u00e1rta sz\u00edvem<br \/>\nA kis csal\u00e1dom velem s\u00edrt tov\u00e1bb<\/p>\n<p>&gt;SOLO&lt;<\/p>\n<p>&gt;SOLO&lt;<\/p>\n<p>Nagyon r\u00e9g volt, hogy szerelmes voltam<br \/>\nAz\u00f3ta a sz\u00edvem az \u00f6v\u00e9<br \/>\nNagyon r\u00e9gen, fiatalok voltunk<br \/>\nHamar elrep\u00fclt a sok sok \u00e9v<\/p>\n<p>De \u00e9n voltam a legboldogabb asszony<br \/>\nMert szeretet \u00e9s boldogs\u00e1g v\u00e1rt r\u00e1m<br \/>\nHa s\u00edrtam is, vagy b\u00e1nat j\u00e1rta sz\u00edvem<br \/>\nA kis csal\u00e1dom velem s\u00edrt tov\u00e1bb<\/p>\n<p>A kis csal\u00e1dom velem s\u00edrt tov\u00e1bb!<\/p>\n<p>&nbsp;<\/p>\n","protected":false},"featured_media":6363,"template":"","meta":{"site-sidebar-layout":"default","site-content-layout":"default","ast-site-content-layout":"default","site-content-style":"default","site-sidebar-style":"default","ast-global-header-display":"","ast-banner-title-visibility":"","ast-main-header-display":"","ast-hfb-above-header-display":"","ast-hfb-below-header-display":"","ast-hfb-mobile-header-display":"","site-post-title":"","ast-breadcrumbs-content":"","ast-featured-img":"","footer-sml-layout":"","theme-transparent-header-meta":"default","adv-header-id-meta":"","stick-header-meta":"","header-above-stick-meta":"","header-main-stick-meta":"","header-below-stick-meta":"","astra-migrate-meta-layouts":"set","ast-page-background-enabled":"default","ast-page-background-meta":{"desktop":{"background-color":"var(--ast-global-color-4)","background-image":"","background-repeat":"repeat","background-position":"center center","background-size":"auto","background-attachment":"scroll","background-type":"","background-media":"","overlay-type":"","overlay-color":"","overlay-opacity":"","overlay-gradient":""},"tablet":{"background-color":"","background-image":"","background-repeat":"repeat","background-position":"center center","background-size":"auto","background-attachment":"scroll","background-type":"","background-media":"","overlay-type":"","overlay-color":"","overlay-opacity":"","overlay-gradient":""},"mobile":{"background-color":"","background-image":"","background-repeat":"repeat","background-position":"center center","background-size":"auto","background-attachment":"scroll","background-type":"","background-media":"","overlay-type":"","overlay-color":"","overlay-opacity":"","overlay-gradient":""}},"ast-content-background-meta":{"desktop":{"background-color":"var(--ast-global-color-5)","background-image":"","background-repeat":"repeat","background-position":"center center","background-size":"auto","background-attachment":"scroll","background-type":"","background-media":"","overlay-type":"","overlay-color":"","overlay-opacity":"","overlay-gradient":""},"tablet":{"background-color":"var(--ast-global-color-5)","background-image":"","background-repeat":"repeat","background-position":"center center","background-size":"auto","background-attachment":"scroll","background-type":"","background-media":"","overlay-type":"","overlay-color":"","overlay-opacity":"","overlay-gradient":""},"mobile":{"background-color":"var(--ast-global-color-5)","background-image":"","background-repeat":"repeat","background-position":"center center","background-size":"auto","background-attachment":"scroll","background-type":"","background-media":"","overlay-type":"","overlay-color":"","overlay-opacity":"","overlay-gradient":""}}},"product_cat":[69],"product_tag":[],"class_list":["post-10862","product","type-product","status-publish","has-post-thumbnail","hentry","product_cat-galamb-joci","desktop-align-left","tablet-align-left","mobile-align-left"],"_links":{"self":[{"href":"https:\/\/www.sunkaraoke.hu\/index.php\/wp-json\/wp\/v2\/product\/10862","targetHints":{"allow":["GET"]}}],"collection":[{"href":"https:\/\/www.sunkaraoke.hu\/index.php\/wp-json\/wp\/v2\/product"}],"about":[{"href":"https:\/\/www.sunkaraoke.hu\/index.php\/wp-json\/wp\/v2\/types\/product"}],"wp:featuredmedia":[{"embeddable":true,"href":"https:\/\/www.sunkaraoke.hu\/index.php\/wp-json\/wp\/v2\/media\/6363"}],"wp:attachment":[{"href":"https:\/\/www.sunkaraoke.hu\/index.php\/wp-json\/wp\/v2\/media?parent=10862"}],"wp:term":[{"taxonomy":"product_cat","embeddable":true,"href":"https:\/\/www.sunkaraoke.hu\/index.php\/wp-json\/wp\/v2\/product_cat?post=10862"},{"taxonomy":"product_tag","embeddable":true,"href":"https:\/\/www.sunkaraoke.hu\/index.php\/wp-json\/wp\/v2\/product_tag?post=10862"}],"curies":[{"name":"wp","href":"https:\/\/api.w.org\/{rel}","templated":true}]}}