{"id":10665,"date":"2023-01-31T14:42:56","date_gmt":"2023-01-31T14:42:56","guid":{"rendered":"https:\/\/www.sunkaraoke.hu\/?post_type=product&#038;p=10665"},"modified":"2025-07-06T10:51:57","modified_gmt":"2025-07-06T08:51:57","slug":"dj-deka-feat-miss-chrisstyn-cory-aka-happy-gang-orult-szenvedely","status":"publish","type":"product","link":"https:\/\/www.sunkaraoke.hu\/index.php\/termek\/dj-deka-feat-miss-chrisstyn-cory-aka-happy-gang-orult-szenvedely\/","title":{"rendered":"<div class=\"wcmp-player-container product-10665\"><audio controlslist=\"nodownload\" data-product=\"10665\"  volume=\"1\"  preload=\"none\" data-lazyloading=\"none\" class=\"wcmp-player track mejs-classic\" data-duration=\"0:31\" data-estimated_duration=\"4\"><source src=\"https:\/\/www.sunkaraoke.hu\/wp-content\/uploads\/2023\/01\/Orult-szenvedely_demo-1.mp3\" type=\"audio\/mp3\" \/><\/audio><\/div>DJ Deka Feat. Miss Chrisstyn &#038; CORY aka Happy Gang &#8211; \u0150r\u00fclt szenved\u00e9ly (Original)"},"content":{"rendered":"<p><strong>03:10<\/strong>\u00a0| <strong><img loading=\"lazy\" decoding=\"async\" class=\"alignnone size-full wp-image-467\" src=\"https:\/\/www.sunkaraoke.hu\/wp-content\/uploads\/2022\/07\/choir_2-copy.webp\" alt=\"\" width=\"30\" height=\"30\" \/> <\/strong><\/p>\n","protected":false},"excerpt":{"rendered":"<h6>Bits\u0171r\u0171s\u00e9g: 320kb\/s<br \/>\nHossz: 03:10<br \/>\nVok\u00e1lt tartalmaz: Nem <img loading=\"lazy\" decoding=\"async\" class=\"alignnone size-full wp-image-467\" src=\"http:\/\/www.sunkaraoke.hu\/wp-content\/uploads\/2022\/07\/choir_2-copy.png\" alt=\"\" width=\"30\" height=\"30\" \/><strong style=\"font-size: 16px;\"><br \/>\n<\/strong><\/h6>\n<h1 class=\"style-scope ytd-watch-metadata\"><\/h1>\n<p>Sunkaraoke mp3 st\u00fadi\u00f3 \/ www.sunkaraoke.hu \/ Inf: Tel: 06 20 4275001<\/p>\n<p>&#8212;Intr\u00f3&#8212;<br \/>\nSzeretek a l\u00e9ted rabja lenni,<br \/>\nv\u00e1gyak tenger\u00e9n t\u00fal messze menni.<br \/>\nV\u00e9gid\u0151kig v\u00e9tkezni a karodba b\u00fajni,<br \/>\n\u0151r\u00fclt szenved\u00e9lybe veszni.<br \/>\nSzeretek a l\u00e9ted rabja lenni,<br \/>\nv\u00e1gyak tenger\u00e9n t\u00fal messze menni.<br \/>\nV\u00e9gid\u0151kig v\u00e9tkezni a karodba b\u00fajni,<br \/>\n\u0151r\u00fclt szenved\u00e9lybe veszni.<\/p>\n<p>B\u00f6rt\u00f6n\u00f6dbe z\u00e1rsz, t\u00fal vad nekem a t\u00e1nc,<br \/>\n\u0151r\u00fclt szenved\u00e9llyel megtal\u00e1lsz.<br \/>\nElragad a l\u00e1z, az \u00e9rint\u00e9sed f\u00e1j,<br \/>\nt\u00f6r\u00f6tt sz\u00edvem darabjain j\u00e1rsz.<\/p>\n<p>Na gyere kapcsold fel bennem a villanyt<br \/>\nA tegnapi csaj m\u00e1r \u00fagyis elillant ja<br \/>\nNem az \u00e9sz az er\u00e9ny de a testedt\u0151l be be beindul a f\u00e9ny<br \/>\nRabababamba bep\u00f6r\u00f6g a sz\u00edv az is bek\u00e1bul ki semmit se sz\u00edv<br \/>\nK\u00f6zt\u00fcnk \u00fagyis berobban a bomba, caramba&#8230;.<\/p>\n<p>Szeretek a l\u00e9ted rabja lenni,<br \/>\nv\u00e1gyak tenger\u00e9n t\u00fal messze menni.<br \/>\nV\u00e9gid\u0151kig v\u00e9tkezni a karodba b\u00fajni,<br \/>\n\u0151r\u00fclt szenved\u00e9lybe veszni.<br \/>\n&#8212;Sz\u00f3l\u00f3&#8212;<br \/>\nEzer \u00e9j ut\u00e1n ha nem maradna m\u00e1s,<br \/>\ntudom hogy te mit k\u00edv\u00e1nsz.<br \/>\nAkarom , hogy j\u00e1tssz a sz\u00f3 megbabon\u00e1z,<br \/>\n\u0151r\u00fclt szenved\u00e9lybe veled r\u00e1nt.<\/p>\n<p>Gyere gyere kapaszkodj\u00e1l bel\u00e9m<br \/>\nA legszebb arcod ford\u00edtsd fel\u00e9m<br \/>\nT\u0151led felmegy bennem a pumpa<br \/>\n\u00c9rzem belenyalok nem csak a rumba Mint egy form\u00e1s szikla<br \/>\nEz m\u00e1r t\u0171zij\u00e1t\u00e9k nem szikra Mi favorito mamasita<\/p>\n<p>Szeretek a l\u00e9ted rabja lenni,<br \/>\nv\u00e1gyak tenger\u00e9n t\u00fal messze menni.<br \/>\nV\u00e9gid\u0151kig v\u00e9tkezni a karodba b\u00fajni,<br \/>\n\u0151r\u00fclt szenved\u00e9lybe veszni.<br \/>\nSzeretek a l\u00e9ted rabja lenni,<br \/>\nv\u00e1gyak tenger\u00e9n t\u00fal messze menni.<br \/>\nV\u00e9gid\u0151kig v\u00e9tkezni a karodba b\u00fajni,<br \/>\n\u0151r\u00fclt szenved\u00e9lybe veszni.<br \/>\n&#8212;V\u00e9ge&#8212;-<\/p>\n<p>&nbsp;<\/p>\n<p>&nbsp;<\/p>\n","protected":false},"featured_media":10666,"template":"","meta":{"site-sidebar-layout":"default","site-content-layout":"default","ast-site-content-layout":"default","site-content-style":"default","site-sidebar-style":"default","ast-global-header-display":"","ast-banner-title-visibility":"","ast-main-header-display":"","ast-hfb-above-header-display":"","ast-hfb-below-header-display":"","ast-hfb-mobile-header-display":"","site-post-title":"","ast-breadcrumbs-content":"","ast-featured-img":"","footer-sml-layout":"","theme-transparent-header-meta":"default","adv-header-id-meta":"","stick-header-meta":"","header-above-stick-meta":"","header-main-stick-meta":"","header-below-stick-meta":"","astra-migrate-meta-layouts":"set","ast-page-background-enabled":"default","ast-page-background-meta":{"desktop":{"background-color":"var(--ast-global-color-4)","background-image":"","background-repeat":"repeat","background-position":"center center","background-size":"auto","background-attachment":"scroll","background-type":"","background-media":"","overlay-type":"","overlay-color":"","overlay-opacity":"","overlay-gradient":""},"tablet":{"background-color":"","background-image":"","background-repeat":"repeat","background-position":"center center","background-size":"auto","background-attachment":"scroll","background-type":"","background-media":"","overlay-type":"","overlay-color":"","overlay-opacity":"","overlay-gradient":""},"mobile":{"background-color":"","background-image":"","background-repeat":"repeat","background-position":"center center","background-size":"auto","background-attachment":"scroll","background-type":"","background-media":"","overlay-type":"","overlay-color":"","overlay-opacity":"","overlay-gradient":""}},"ast-content-background-meta":{"desktop":{"background-color":"var(--ast-global-color-5)","background-image":"","background-repeat":"repeat","background-position":"center center","background-size":"auto","background-attachment":"scroll","background-type":"","background-media":"","overlay-type":"","overlay-color":"","overlay-opacity":"","overlay-gradient":""},"tablet":{"background-color":"var(--ast-global-color-5)","background-image":"","background-repeat":"repeat","background-position":"center center","background-size":"auto","background-attachment":"scroll","background-type":"","background-media":"","overlay-type":"","overlay-color":"","overlay-opacity":"","overlay-gradient":""},"mobile":{"background-color":"var(--ast-global-color-5)","background-image":"","background-repeat":"repeat","background-position":"center center","background-size":"auto","background-attachment":"scroll","background-type":"","background-media":"","overlay-type":"","overlay-color":"","overlay-opacity":"","overlay-gradient":""}}},"product_cat":[46],"product_tag":[],"class_list":["post-10665","product","type-product","status-publish","has-post-thumbnail","hentry","product_cat-eredeti-karaoke-dalok","desktop-align-left","tablet-align-left","mobile-align-left"],"_links":{"self":[{"href":"https:\/\/www.sunkaraoke.hu\/index.php\/wp-json\/wp\/v2\/product\/10665","targetHints":{"allow":["GET"]}}],"collection":[{"href":"https:\/\/www.sunkaraoke.hu\/index.php\/wp-json\/wp\/v2\/product"}],"about":[{"href":"https:\/\/www.sunkaraoke.hu\/index.php\/wp-json\/wp\/v2\/types\/product"}],"wp:featuredmedia":[{"embeddable":true,"href":"https:\/\/www.sunkaraoke.hu\/index.php\/wp-json\/wp\/v2\/media\/10666"}],"wp:attachment":[{"href":"https:\/\/www.sunkaraoke.hu\/index.php\/wp-json\/wp\/v2\/media?parent=10665"}],"wp:term":[{"taxonomy":"product_cat","embeddable":true,"href":"https:\/\/www.sunkaraoke.hu\/index.php\/wp-json\/wp\/v2\/product_cat?post=10665"},{"taxonomy":"product_tag","embeddable":true,"href":"https:\/\/www.sunkaraoke.hu\/index.php\/wp-json\/wp\/v2\/product_tag?post=10665"}],"curies":[{"name":"wp","href":"https:\/\/api.w.org\/{rel}","templated":true}]}}