{"id":10106,"date":"2022-12-07T15:36:23","date_gmt":"2022-12-07T15:36:23","guid":{"rendered":"https:\/\/www.sunkaraoke.hu\/?post_type=product&#038;p=10106"},"modified":"2025-07-06T10:51:57","modified_gmt":"2025-07-06T08:51:57","slug":"jerzsele-zoltan-nyilhat-meg-szazszinu-virag-masolat","status":"publish","type":"product","link":"https:\/\/www.sunkaraoke.hu\/index.php\/termek\/jerzsele-zoltan-nyilhat-meg-szazszinu-virag-masolat\/","title":{"rendered":"<div class=\"wcmp-player-container product-10106\"><audio controlslist=\"nodownload\" data-product=\"10106\"  volume=\"1\"  preload=\"none\" data-lazyloading=\"none\" class=\"wcmp-player track mejs-classic\" data-duration=\"0:31\" data-estimated_duration=\"4\"><source src=\"https:\/\/www.sunkaraoke.hu\/wp-content\/uploads\/2022\/12\/Egy-dunaparti-csonakhazban-_demo.mp3\" type=\"audio\/mp3\" \/><\/audio><\/div>Jerzsele Zolt\u00e1n-Egy dunaparti cs\u00f3nakh\u00e1zban (Original)"},"content":{"rendered":"<p><b>03:40 \/<\/b><\/p>\n","protected":false},"excerpt":{"rendered":"<h6><strong>Bits\u0171r\u0171s\u00e9g: 320 kb\/s<\/strong><br \/>\n<strong>Hossz: 03:40<\/strong><\/h6>\n<h6><strong>Vok\u00e1lt tartalmaz: Nem<\/strong><strong style=\"font-size: 16px;\"><br \/>\n<\/strong><\/h6>\n<p>Sunkaraoke mp3 st\u00fadi\u00f3 \/ www.sunkaraoke.hu \/ Inf: Tel: 06 20 4275001<\/p>\n<p>&#8212;Intro&#8212;Bb&#8212;<br \/>\nSz\u00e9p az id\u0151, 100 evez\u0151,<br \/>\ncsattan a v\u00edzben m\u00e1r.<br \/>\nMagasra sz\u00e1rnyal a dal,<br \/>\n100 fiatal \u00e9neke v\u00edgan sz\u00e1ll.<br \/>\n1 dunaparti cs\u00f3nakh\u00e1zban,<br \/>\nnagy a j\u00f3kedv minden nap.<br \/>\n\u00daszik az ember a boldogs\u00e1gban,<br \/>\n\u00e9s a j\u00f3 Duna v\u00edz simogat.<br \/>\nNapozunk \u00f3r\u00e1k hosszat l\u00e1zban,<br \/>\n\u00e9s a cs\u00f3kb\u00f3l csattan 100.<br \/>\nMilyen sz\u00e9p a Dun\u00e1n,<br \/>\nilyen ny\u00e1ri d\u00e9lut\u00e1n,<br \/>\nde vid\u00e1m ez a cs\u00f3nakh\u00e1z.<br \/>\n&#8212;F\u00fav\u00f3s&#8212;Refr\u00e9n&#8212;<br \/>\nSz\u00e9p az id\u0151, 100 evez\u0151,<br \/>\ncsattan a v\u00edzben m\u00e1r.<br \/>\nMagasra sz\u00e1rnyal a dal,<br \/>\n100 fiatal \u00e9neke v\u00edgan sz\u00e1ll.<br \/>\n1 dunaparti cs\u00f3nakh\u00e1zban,<br \/>\nnagy a j\u00f3kedv minden nap.<br \/>\n\u00daszik az ember a boldogs\u00e1gban,<br \/>\n\u00e9s a j\u00f3 Duna v\u00edz simogat.<br \/>\nNapozunk \u00f3r\u00e1k hosszat l\u00e1zban,<br \/>\n\u00e9s a cs\u00f3kb\u00f3l csattan 100.<br \/>\nMilyen sz\u00e9p a Dun\u00e1n,<br \/>\nilyen ny\u00e1ri d\u00e9lut\u00e1n,<br \/>\nde vid\u00e1m ez a cs\u00f3nakh\u00e1z.<br \/>\n&#8212;F\u00fav\u00f3s&#8212;Refr\u00e9n&#8212;<br \/>\nSz\u00e9p az id\u0151, 100 evez\u0151,<br \/>\ncsattan a v\u00edzben m\u00e1r.<br \/>\nMagasra sz\u00e1rnyal a dal,<br \/>\n100 fiatal \u00e9neke v\u00edgan sz\u00e1ll.<br \/>\n1 dunaparti cs\u00f3nakh\u00e1zban,<br \/>\nnagy a j\u00f3kedv minden nap.<br \/>\n\u00daszik az ember a boldogs\u00e1gban,<br \/>\n\u00e9s a j\u00f3 Duna v\u00edz simogat.<br \/>\nNapozunk \u00f3r\u00e1k hosszat l\u00e1zban,<br \/>\n\u00e9s a cs\u00f3kb\u00f3l csattan 100.<br \/>\nMilyen sz\u00e9p a Dun\u00e1n,<br \/>\nilyen ny\u00e1ri d\u00e9lut\u00e1n,<br \/>\nde vid\u00e1m ez a cs\u00f3nakh\u00e1z!<br \/>\n&#8212;F\u00fav\u00f3s&#8212;Refr\u00e9n&#8212;!!!Megh\u00fazza!!!<br \/>\n&#8212;V\u00e9ge&#8212;<br \/>\n&#8212;Jer\u00f3 Music &#8211; 2022.&#8212;<\/p>\n<p>&nbsp;<\/p>\n","protected":false},"featured_media":9772,"template":"","meta":{"site-sidebar-layout":"default","site-content-layout":"default","ast-site-content-layout":"default","site-content-style":"default","site-sidebar-style":"default","ast-global-header-display":"","ast-banner-title-visibility":"","ast-main-header-display":"","ast-hfb-above-header-display":"","ast-hfb-below-header-display":"","ast-hfb-mobile-header-display":"","site-post-title":"","ast-breadcrumbs-content":"","ast-featured-img":"","footer-sml-layout":"","theme-transparent-header-meta":"default","adv-header-id-meta":"","stick-header-meta":"","header-above-stick-meta":"","header-main-stick-meta":"","header-below-stick-meta":"","astra-migrate-meta-layouts":"set","ast-page-background-enabled":"default","ast-page-background-meta":{"desktop":{"background-color":"var(--ast-global-color-4)","background-image":"","background-repeat":"repeat","background-position":"center center","background-size":"auto","background-attachment":"scroll","background-type":"","background-media":"","overlay-type":"","overlay-color":"","overlay-opacity":"","overlay-gradient":""},"tablet":{"background-color":"","background-image":"","background-repeat":"repeat","background-position":"center center","background-size":"auto","background-attachment":"scroll","background-type":"","background-media":"","overlay-type":"","overlay-color":"","overlay-opacity":"","overlay-gradient":""},"mobile":{"background-color":"","background-image":"","background-repeat":"repeat","background-position":"center center","background-size":"auto","background-attachment":"scroll","background-type":"","background-media":"","overlay-type":"","overlay-color":"","overlay-opacity":"","overlay-gradient":""}},"ast-content-background-meta":{"desktop":{"background-color":"var(--ast-global-color-5)","background-image":"","background-repeat":"repeat","background-position":"center center","background-size":"auto","background-attachment":"scroll","background-type":"","background-media":"","overlay-type":"","overlay-color":"","overlay-opacity":"","overlay-gradient":""},"tablet":{"background-color":"var(--ast-global-color-5)","background-image":"","background-repeat":"repeat","background-position":"center center","background-size":"auto","background-attachment":"scroll","background-type":"","background-media":"","overlay-type":"","overlay-color":"","overlay-opacity":"","overlay-gradient":""},"mobile":{"background-color":"var(--ast-global-color-5)","background-image":"","background-repeat":"repeat","background-position":"center center","background-size":"auto","background-attachment":"scroll","background-type":"","background-media":"","overlay-type":"","overlay-color":"","overlay-opacity":"","overlay-gradient":""}}},"product_cat":[75],"product_tag":[],"class_list":["post-10106","product","type-product","status-publish","has-post-thumbnail","hentry","product_cat-jerzsele-zoltan","desktop-align-left","tablet-align-left","mobile-align-left"],"_links":{"self":[{"href":"https:\/\/www.sunkaraoke.hu\/index.php\/wp-json\/wp\/v2\/product\/10106","targetHints":{"allow":["GET"]}}],"collection":[{"href":"https:\/\/www.sunkaraoke.hu\/index.php\/wp-json\/wp\/v2\/product"}],"about":[{"href":"https:\/\/www.sunkaraoke.hu\/index.php\/wp-json\/wp\/v2\/types\/product"}],"wp:featuredmedia":[{"embeddable":true,"href":"https:\/\/www.sunkaraoke.hu\/index.php\/wp-json\/wp\/v2\/media\/9772"}],"wp:attachment":[{"href":"https:\/\/www.sunkaraoke.hu\/index.php\/wp-json\/wp\/v2\/media?parent=10106"}],"wp:term":[{"taxonomy":"product_cat","embeddable":true,"href":"https:\/\/www.sunkaraoke.hu\/index.php\/wp-json\/wp\/v2\/product_cat?post=10106"},{"taxonomy":"product_tag","embeddable":true,"href":"https:\/\/www.sunkaraoke.hu\/index.php\/wp-json\/wp\/v2\/product_tag?post=10106"}],"curies":[{"name":"wp","href":"https:\/\/api.w.org\/{rel}","templated":true}]}}