{"id":10033,"date":"2022-11-29T06:14:31","date_gmt":"2022-11-29T06:14:31","guid":{"rendered":"https:\/\/www.sunkaraoke.hu\/?post_type=product&#038;p=10033"},"modified":"2025-03-28T15:45:14","modified_gmt":"2025-03-28T15:45:14","slug":"tesok-attila-hosszu-az-ejszaka","status":"publish","type":"product","link":"https:\/\/www.sunkaraoke.hu\/index.php\/termek\/tesok-attila-hosszu-az-ejszaka\/","title":{"rendered":"<div class=\"wcmp-player-container product-10033\"><audio controlslist=\"nodownload\" data-product=\"10033\"  volume=\"1\"  preload=\"none\" data-lazyloading=\"none\" class=\"wcmp-player track mejs-classic\" data-duration=\"0:31\" data-estimated_duration=\"4\"><source src=\"https:\/\/www.sunkaraoke.hu\/wp-content\/uploads\/2022\/11\/HOSSZU-AZ-EJSZAKA-_demo.mp3\" type=\"audio\/mp3\" \/><\/audio><\/div>Tes\u00f3k Attila- Hossz\u00fa az \u00e9jszaka (Original)"},"content":{"rendered":"<p><strong>03:11<\/strong>\u00a0| <strong><img loading=\"lazy\" decoding=\"async\" class=\"alignnone size-full wp-image-467\" src=\"https:\/\/www.sunkaraoke.hu\/wp-content\/uploads\/2022\/07\/choir_2-copy.webp\" alt=\"\" width=\"30\" height=\"30\" \/> \u00a0<\/strong><\/p>\n","protected":false},"excerpt":{"rendered":"<h6><strong>Bits\u0171r\u0171s\u00e9g: 320kb\/s<\/strong><br \/>\n<strong>Hossz: 03:11<\/strong><\/h6>\n<h6><strong>Vok\u00e1lt tartalmaz: Nem <img loading=\"lazy\" decoding=\"async\" class=\"alignnone size-full wp-image-467\" src=\"http:\/\/www.sunkaraoke.hu\/wp-content\/uploads\/2022\/07\/choir_2-copy.png\" alt=\"\" width=\"30\" height=\"30\" \/><\/strong><\/h6>\n<p>Sunkaraoke mp3 st\u00fadi\u00f3 \/ www.sunkaraoke.hu \/ Inf: Tel: 06 20 4275001<\/p>\n<p>&#8212;Intr\u00f3&#8212;<br \/>\nHossz\u00fa az \u00e9jszaka,nem megyek \u00e9n haza, sej haj d\u00e9lig huzatom.<br \/>\nDurv\u00e1n laza leszek, mindenkit megveszek, addig m\u00edg a zene sz\u00f3l.<\/p>\n<p>\u00c9n sem tudom m\u00e9g elhinni,<br \/>\nhogyan tudtam ennyit inni,<br \/>\nhaza fel\u00e9 veszem az ir\u00e1nyt.<br \/>\nDe m\u00e9g vissza k\u00e9ne menni,<br \/>\na fr\u00f6ccs\u00f6ket m\u00e9g meginni,<br \/>\n\u00e9s csod\u00e1lni a sok sz\u00e9p le\u00e1nyt,<br \/>\n\u00e1j j\u00e1j j\u00e1j j\u00e1jj, \u00e1j j\u00e1j j\u00e1 j\u00e1jj&#8230;<\/p>\n<p>Hossz\u00fa az \u00e9jszaka,nem megyek \u00e9n haza,<br \/>\nsej haj d\u00e9lig huzatom.<br \/>\nDurv\u00e1n laza leszek, mindenkit megveszek,<br \/>\naddig m\u00edg a zene sz\u00f3l.<br \/>\nHossz\u00fa az \u00e9jszaka,nem megyek \u00e9n haza,<br \/>\nsej haj d\u00e9lig huzatom.<br \/>\nDurv\u00e1n laza leszek, mindenkit megveszek,<br \/>\naddig m\u00edg a zene sz\u00f3l.<br \/>\n&#8212;Sz\u00f3l\u00f3&#8212;<br \/>\nAzt mondj\u00e1k, hogy tudok \u00e9lni,<br \/>\nneh\u00e9z engem utol\u00e9rni,<br \/>\nha mulatni veszem az ir\u00e1nyt.<br \/>\nVarga, roz\u00e9, viszki k\u00f3la, \u00edgy has\u00edtok \u00e9vek \u00f3ta,<br \/>\naz \u00e9n \u00e9letem nagyon kir\u00e1ly,<br \/>\n\u00e1j\u00e1j\u00e1j j\u00e1j, \u00e1j j\u00e1j j\u00e1j j\u00e1j&#8230;.<\/p>\n<p>Hossz\u00fa az \u00e9jszaka,nem megyek \u00e9n haza,<br \/>\nsej haj d\u00e9lig huzatom.<br \/>\nDurv\u00e1n laza leszek, mindenkit megveszek,<br \/>\naddig m\u00edg a zene sz\u00f3l.<br \/>\nHossz\u00fa az \u00e9jszaka,nem megyek \u00e9n haza,<br \/>\nsej haj d\u00e9lig huzatom.<br \/>\nDurv\u00e1n laza leszek, mindenkit megveszek,<br \/>\naddig m\u00edg a zene sz\u00f3l.<br \/>\n&#8212;Sz\u00f3l\u00f3&#8212;<br \/>\n\u00c9n sem tudom m\u00e9g elhinni,<br \/>\nhogyan tudtam ennyit inni,<br \/>\nhaza fel\u00e9 veszem az ir\u00e1nyt.<br \/>\nde m\u00e9g vissza k\u00e9ne menni,<br \/>\na fr\u00f6ccs\u00f6ket m\u00e9g meginni,<br \/>\n\u00e9s csod\u00e1lni a sok sz\u00e9p le\u00e1nyt.<\/p>\n<p>\u00e1j\u00e1j\u00e1j j\u00e1j, \u00e1j j\u00e1j j\u00e1j j\u00e1j&#8230;.<\/p>\n<p>Hossz\u00fa az \u00e9jszaka,nem megyek \u00e9n haza,<br \/>\nsej haj d\u00e9lig huzatom.<br \/>\nDurv\u00e1n laza leszek, mindenkit megveszek,<br \/>\naddig m\u00edg a zene sz\u00f3l.<br \/>\nHossz\u00fa az \u00e9jszaka,nem megyek \u00e9n haza,<br \/>\nsej haj d\u00e9lig huzatom.<br \/>\nDurv\u00e1n laza leszek, mindenkit megveszek,<br \/>\naddig m\u00edg a zene sz\u00f3l.<br \/>\n&#8212;V\u00e9ge&#8212;<\/p>\n","protected":false},"featured_media":8715,"template":"","meta":{"site-sidebar-layout":"default","site-content-layout":"default","ast-site-content-layout":"default","site-content-style":"default","site-sidebar-style":"default","ast-global-header-display":"","ast-banner-title-visibility":"","ast-main-header-display":"","ast-hfb-above-header-display":"","ast-hfb-below-header-display":"","ast-hfb-mobile-header-display":"","site-post-title":"","ast-breadcrumbs-content":"","ast-featured-img":"","footer-sml-layout":"","theme-transparent-header-meta":"default","adv-header-id-meta":"","stick-header-meta":"","header-above-stick-meta":"","header-main-stick-meta":"","header-below-stick-meta":"","astra-migrate-meta-layouts":"set","ast-page-background-enabled":"default","ast-page-background-meta":{"desktop":{"background-color":"var(--ast-global-color-4)","background-image":"","background-repeat":"repeat","background-position":"center center","background-size":"auto","background-attachment":"scroll","background-type":"","background-media":"","overlay-type":"","overlay-color":"","overlay-opacity":"","overlay-gradient":""},"tablet":{"background-color":"","background-image":"","background-repeat":"repeat","background-position":"center center","background-size":"auto","background-attachment":"scroll","background-type":"","background-media":"","overlay-type":"","overlay-color":"","overlay-opacity":"","overlay-gradient":""},"mobile":{"background-color":"","background-image":"","background-repeat":"repeat","background-position":"center center","background-size":"auto","background-attachment":"scroll","background-type":"","background-media":"","overlay-type":"","overlay-color":"","overlay-opacity":"","overlay-gradient":""}},"ast-content-background-meta":{"desktop":{"background-color":"var(--ast-global-color-5)","background-image":"","background-repeat":"repeat","background-position":"center center","background-size":"auto","background-attachment":"scroll","background-type":"","background-media":"","overlay-type":"","overlay-color":"","overlay-opacity":"","overlay-gradient":""},"tablet":{"background-color":"var(--ast-global-color-5)","background-image":"","background-repeat":"repeat","background-position":"center center","background-size":"auto","background-attachment":"scroll","background-type":"","background-media":"","overlay-type":"","overlay-color":"","overlay-opacity":"","overlay-gradient":""},"mobile":{"background-color":"var(--ast-global-color-5)","background-image":"","background-repeat":"repeat","background-position":"center center","background-size":"auto","background-attachment":"scroll","background-type":"","background-media":"","overlay-type":"","overlay-color":"","overlay-opacity":"","overlay-gradient":""}}},"product_cat":[48],"product_tag":[94,93,92],"class_list":["post-10033","product","type-product","status-publish","has-post-thumbnail","hentry","product_cat-sunkaraoke-dalok","product_tag-hosszu-az-ejszaka-karaoke","product_tag-karaoke","product_tag-tesok-attila","desktop-align-left","tablet-align-left","mobile-align-left"],"_links":{"self":[{"href":"https:\/\/www.sunkaraoke.hu\/index.php\/wp-json\/wp\/v2\/product\/10033","targetHints":{"allow":["GET"]}}],"collection":[{"href":"https:\/\/www.sunkaraoke.hu\/index.php\/wp-json\/wp\/v2\/product"}],"about":[{"href":"https:\/\/www.sunkaraoke.hu\/index.php\/wp-json\/wp\/v2\/types\/product"}],"wp:featuredmedia":[{"embeddable":true,"href":"https:\/\/www.sunkaraoke.hu\/index.php\/wp-json\/wp\/v2\/media\/8715"}],"wp:attachment":[{"href":"https:\/\/www.sunkaraoke.hu\/index.php\/wp-json\/wp\/v2\/media?parent=10033"}],"wp:term":[{"taxonomy":"product_cat","embeddable":true,"href":"https:\/\/www.sunkaraoke.hu\/index.php\/wp-json\/wp\/v2\/product_cat?post=10033"},{"taxonomy":"product_tag","embeddable":true,"href":"https:\/\/www.sunkaraoke.hu\/index.php\/wp-json\/wp\/v2\/product_tag?post=10033"}],"curies":[{"name":"wp","href":"https:\/\/api.w.org\/{rel}","templated":true}]}}